{"id":3432,"date":"2022-05-15T15:59:55","date_gmt":"2022-05-15T13:59:55","guid":{"rendered":"https:\/\/www.helloskola.cz\/zakladni-skola\/?page_id=3432"},"modified":"2026-02-25T21:08:20","modified_gmt":"2026-02-25T20:08:20","slug":"skolni-poradenske-pracoviste","status":"publish","type":"page","link":"https:\/\/www.helloskola.cz\/zakladni-skola\/zivot-skoly-a-trid\/skolni-poradenske-pracoviste\/","title":{"rendered":"\u0160koln\u00ed poradensk\u00e9 pracovi\u0161t\u011b"},"content":{"rendered":"\n<p>\u0160koln\u00ed poradensk\u00e9 pracovi\u0161t\u011b (\u0160PP) poskytuje odborn\u00e9 slu\u017eby ve smyslu vyhl\u00e1\u0161ky \u010d. 197\/2016<br>Sb., kterou se m\u011bn\u00ed vyhl\u00e1\u0161ka \u010d. 72\/2005 Sb., o poskytov\u00e1n\u00ed poradensk\u00fdch slu\u017eeb ve \u0161kol\u00e1ch a<br>\u0161kolsk\u00fdch za\u0159\u00edzen\u00edch ve zn\u011bn\u00ed pozd\u011bj\u0161\u00edch p\u0159edpis\u016f. \u0160PP je pod\u0159\u00edzeno \u0159editelce \u0161koly.<br>S ve\u0161ker\u00fdmi informacemi poskytnut\u00fdmi v r\u00e1mci \u0160PP je nakl\u00e1d\u00e1no v souladu se z\u00e1konem \u010d.<br>101\/2000 Sb., o ochran\u011b osobn\u00edch \u00fadaj\u016f, ve zn\u011bn\u00ed pozd\u011bj\u0161\u00edch p\u0159edpis\u016f.<\/p>\n\n\n\n<p><br>\u0160PP zaji\u0161\u0165uje koordinaci a poskytov\u00e1n\u00ed preventivn\u00edch, poradensk\u00fdch a diagnostick\u00fdch slu\u017eeb<br>p\u0159\u00edmo ve \u0161kole. Pe\u010duje o \u017e\u00e1ky se speci\u00e1ln\u00edmi vzd\u011bl\u00e1vac\u00edmi pot\u0159ebami, v\u00fdchovn\u00fdmi probl\u00e9my<br>\u010di \u017e\u00e1ky nadan\u00fdmi. Podporuje komunikaci mezi \u0161kolou a z\u00e1konn\u00fdmi z\u00e1stupci, poskytuje<br>bezplatn\u00e9 poradenstv\u00ed \u017e\u00e1k\u016fm, student\u016fm, jejich z\u00e1konn\u00fdm z\u00e1stupc\u016fm a pedagogick\u00fdm<br>pracovn\u00edk\u016fm. Podm\u00ednkou poskytnut\u00ed poradensk\u00e9 slu\u017eby je p\u00edsemn\u00fd souhlas zletil\u00e9ho \u017e\u00e1ka nebo<br>z\u00e1konn\u00e9ho z\u00e1stupce nezletil\u00e9ho \u017e\u00e1ka.<\/p>\n\n\n\n<p><strong>\u010clenov\u00e9 \u0160PP:<\/strong><\/p>\n\n\n\n<ul class=\"wp-block-list\">\n<li>V\u00fdchovn\u00fd poradce \u2013 Mgr. Daniela El\u0161\u00edkov\u00e1<\/li>\n\n\n\n<li>Metodik prevence \u2013 Mgr. Sandra Da\u0148helov\u00e1<\/li>\n\n\n\n<li>Koordin\u00e1tor nad\u00e1n\u00ed \u2013 Ing. Hana Hlav\u00e1\u010dkov\u00e1<\/li>\n\n\n\n<li>Speci\u00e1ln\u00ed pedagog, pedagog \u2013 Mgr. Petra Robenkov\u00e1<\/li>\n\n\n\n<li>Kari\u00e9rov\u00fd poradce&nbsp;\u2013 PhDr. Ing. Jana Lehnerov\u00e1<\/li>\n\n\n\n<li>\u0160koln\u00ed psycholo\u017eka &nbsp;\u2013&nbsp;PhDr. Ing. Jana Lehnerov\u00e1<\/li>\n\n\n\n<li>Vedouc\u00ed MS asistenti pedagoga \u2013 Mgr. Daniela El\u0161\u00edkov\u00e1<\/li>\n<\/ul>\n\n\n\n<p><\/p>\n\n\n\n<p><strong>Konzulta\u010dn\u00ed hodiny:<\/strong><\/p>\n\n\n\n<p><strong>V\u00fdchovn\u00fd poradce:<\/strong><\/p>\n\n\n\n<p>POND\u011aL\u00cd&nbsp;&nbsp;&nbsp;&nbsp;&nbsp;&nbsp;&nbsp;&nbsp;&nbsp;&nbsp; 8:50 \u2013 9:50<\/p>\n\n\n\n<p>ST\u0158EDA &nbsp;&nbsp;&nbsp;&nbsp;&nbsp;&nbsp;&nbsp;&nbsp;&nbsp;&nbsp;&nbsp; 12:20 \u2013 13:20<\/p>\n\n\n\n<p>\u010cTVRTEK &nbsp;&nbsp;&nbsp;&nbsp;&nbsp;&nbsp;&nbsp;&nbsp;&nbsp; 14:00 \u2013 16:00 (dle p\u0159edchoz\u00ed domluvy na konkr\u00e9tn\u00ed \u010das)<\/p>\n\n\n\n<p>V&nbsp;jin\u00e9m \u010dase&nbsp;po p\u0159edchoz\u00ed domluv\u011b na&nbsp;<a href=\"mailto:elsikova@helloskola.cz\">elsikova@helloskola.cz<\/a><\/p>\n\n\n\n<p><\/p>\n\n\n\n<p><strong>Metodik prevence:<\/strong><\/p>\n\n\n\n<p>ST\u0158EDA             11:50 &#8211; 12:35<\/p>\n\n\n\n<p>\u010cTVRTEK            8:00 &#8211; 8:45<\/p>\n\n\n\n<p><\/p>\n\n\n\n<p>Po p\u0159edchoz\u00ed domluv\u011b na <a href=\"mailto:danhelova@helloskola.cz\">danhelova@helloskola.cz<\/a><br><\/p>\n\n\n\n<p><strong>Pedagogicko-psychologick\u00e1 poradna<\/strong><\/p>\n\n\n\n<figure class=\"wp-block-table\"><table class=\"has-fixed-layout\"><thead><tr><th><strong>Kontakt<\/strong><\/th><th><strong>Speci\u00e1ln\u00ed pedagog<\/strong><\/th><th><strong>Psycholog<\/strong><\/th><\/tr><\/thead><tbody><tr><td>17. listopadu 1123\/70<br>708 00 Ostrava &#8211; Poruba<br>Tel. 1: 553 810 750,<br>Tel. 2: 553 810 751<br>E-mail:<br>posta-poruba@ppp-ostrava.cz<\/td><td><strong><em>Mgr. M. Pt\u00e1\u010dkov\u00e1 B\u011bl\u00e1kov\u00e1<\/em><\/strong><br>Telefon: 605 397 590, <br>553 810 771,&nbsp;<br>E-mail: <br>martina.belakova@ppp-ostrava.cz<\/td><td><strong><em>Mgr. D. D\u011brgelov\u00e1<\/em><\/strong><br>Tel.: 553 810 770<br>E-mail:<br>dagmar.dergelova@ppp-ostrava.cz<\/td><\/tr><\/tbody><\/table><\/figure>\n\n\n\n<p>U\u017eite\u010dn\u00e9 odkazy:<\/p>\n\n\n\n<ul class=\"wp-block-list\">\n<li>Pedagogicko-psychologick\u00e1 poradna Ostrava-Z\u00e1b\u0159eh: <a href=\"http:\/\/www.ppp-ostrava.cz\">www.ppp-ostrava.cz<\/a><\/li>\n\n\n\n<li>Pedagogicko-psychologick\u00e1 poradna Opava: <a href=\"http:\/\/www.pppopava.cz\">www.pppopava.cz<\/a><\/li>\n\n\n\n<li>St\u0159edisko v\u00fdchovn\u00e9 p\u00e9\u010de Ostrava: <a href=\"http:\/\/www.svp-ostrava.cz\">www.svp-ostrava.cz<\/a><\/li>\n\n\n\n<li>SPC pro vady sluchu: <a href=\"http:\/\/www.deaf-ostrava.cz\">www.deaf-ostrava.cz\/<\/a><\/li>\n\n\n\n<li>SPC pro vady \u0159e\u010di a poruchy autistick\u00e9ho spektra: <a href=\"http:\/\/www.zskptvajdy.cz\/spc\/\">www.zskptvajdy.cz\/spc\/<\/a><\/li>\n\n\n\n<li>SPC pro d\u011bti, \u017e\u00e1ky a studenty s t\u011blesn\u00fdm posti\u017een\u00edm Fr\u00fddek-M\u00edstek: <a href=\"http:\/\/www.ruzovka.eu\">www.ruzovka.eu<\/a><\/li>\n\n\n\n<li>\u00da\u0159ad pr\u00e1ce Ostrava: <a href=\"http:\/\/www.uradprace.cz\">www.uradprace.cz<\/a><\/li>\n<\/ul>\n\n\n\n<p><a href=\"https:\/\/www.helloskola.cz\/zakladni-skola\/wp-content\/uploads\/sites\/6\/2026\/02\/Socialni-site-detem-nezakazujme.pdf\">SOCI\u00c1LN\u00cd S\u00cdT\u011a D\u011aTEM NEZAKAZUJME<\/a><\/p>\n\n\n\n<p><\/p>\n\n\n\n<p><\/p>\n","protected":false},"excerpt":{"rendered":"<p>\u0160koln\u00ed poradensk\u00e9 pracovi\u0161t\u011b (\u0160PP) poskytuje odborn\u00e9 slu\u017eby ve smyslu vyhl\u00e1\u0161ky \u010d. 197\/2016Sb., kterou se m\u011bn\u00ed vyhl\u00e1\u0161ka \u010d. 72\/2005 Sb., o poskytov\u00e1n\u00ed poradensk\u00fdch slu\u017eeb ve \u0161kol\u00e1ch a\u0161kolsk\u00fdch za\u0159\u00edzen\u00edch ve zn\u011bn\u00ed pozd\u011bj\u0161\u00edch p\u0159edpis\u016f. \u0160PP je pod\u0159\u00edzeno \u0159editelce \u0161koly.S ve\u0161ker\u00fdmi informacemi poskytnut\u00fdmi v r\u00e1mci \u0160PP je nakl\u00e1d\u00e1no v souladu se z\u00e1konem \u010d.101\/2000 Sb., o ochran\u011b osobn\u00edch \u00fadaj\u016f, ve [&hellip;]<\/p>\n","protected":false},"author":3,"featured_media":2575,"parent":1670,"menu_order":5,"comment_status":"closed","ping_status":"closed","template":"","meta":{"footnotes":""},"class_list":["post-3432","page","type-page","status-publish","has-post-thumbnail","hentry"],"yoast_head":"<!-- This site is optimized with the Yoast SEO plugin v24.8.1 - https:\/\/yoast.com\/wordpress\/plugins\/seo\/ -->\n<title>\u0160koln\u00ed poradensk\u00e9 pracovi\u0161t\u011b | Z\u00e1kladn\u00ed \u0161kola HELLO<\/title>\n<meta name=\"robots\" content=\"index, follow, max-snippet:-1, max-image-preview:large, max-video-preview:-1\" \/>\n<link rel=\"canonical\" href=\"https:\/\/www.helloskola.cz\/zakladni-skola\/zivot-skoly-a-trid\/skolni-poradenske-pracoviste\/\" \/>\n<meta property=\"og:locale\" content=\"cs_CZ\" \/>\n<meta property=\"og:type\" content=\"article\" \/>\n<meta property=\"og:title\" content=\"\u0160koln\u00ed poradensk\u00e9 pracovi\u0161t\u011b | Z\u00e1kladn\u00ed \u0161kola HELLO\" \/>\n<meta property=\"og:description\" content=\"\u0160koln\u00ed poradensk\u00e9 pracovi\u0161t\u011b (\u0160PP) poskytuje odborn\u00e9 slu\u017eby ve smyslu vyhl\u00e1\u0161ky \u010d. 197\/2016Sb., kterou se m\u011bn\u00ed vyhl\u00e1\u0161ka \u010d. 72\/2005 Sb., o poskytov\u00e1n\u00ed poradensk\u00fdch slu\u017eeb ve \u0161kol\u00e1ch a\u0161kolsk\u00fdch za\u0159\u00edzen\u00edch ve zn\u011bn\u00ed pozd\u011bj\u0161\u00edch p\u0159edpis\u016f. \u0160PP je pod\u0159\u00edzeno \u0159editelce \u0161koly.S ve\u0161ker\u00fdmi informacemi poskytnut\u00fdmi v r\u00e1mci \u0160PP je nakl\u00e1d\u00e1no v souladu se z\u00e1konem \u010d.101\/2000 Sb., o ochran\u011b osobn\u00edch \u00fadaj\u016f, ve [&hellip;]\" \/>\n<meta property=\"og:url\" content=\"https:\/\/www.helloskola.cz\/zakladni-skola\/zivot-skoly-a-trid\/skolni-poradenske-pracoviste\/\" \/>\n<meta property=\"og:site_name\" content=\"Z\u00e1kladn\u00ed \u0161kola HELLO\" \/>\n<meta property=\"article:modified_time\" content=\"2026-02-25T20:08:20+00:00\" \/>\n<meta name=\"twitter:card\" content=\"summary_large_image\" \/>\n<meta name=\"twitter:label1\" content=\"Odhadovan\u00e1 doba \u010dten\u00ed\" \/>\n\t<meta name=\"twitter:data1\" content=\"2 minuty\" \/>\n<script type=\"application\/ld+json\" class=\"yoast-schema-graph\">{\"@context\":\"https:\/\/schema.org\",\"@graph\":[{\"@type\":\"WebPage\",\"@id\":\"https:\/\/www.helloskola.cz\/zakladni-skola\/zivot-skoly-a-trid\/skolni-poradenske-pracoviste\/\",\"url\":\"https:\/\/www.helloskola.cz\/zakladni-skola\/zivot-skoly-a-trid\/skolni-poradenske-pracoviste\/\",\"name\":\"\u0160koln\u00ed poradensk\u00e9 pracovi\u0161t\u011b | Z\u00e1kladn\u00ed \u0161kola HELLO\",\"isPartOf\":{\"@id\":\"https:\/\/www.helloskola.cz\/zakladni-skola\/#website\"},\"primaryImageOfPage\":{\"@id\":\"https:\/\/www.helloskola.cz\/zakladni-skola\/zivot-skoly-a-trid\/skolni-poradenske-pracoviste\/#primaryimage\"},\"image\":{\"@id\":\"https:\/\/www.helloskola.cz\/zakladni-skola\/zivot-skoly-a-trid\/skolni-poradenske-pracoviste\/#primaryimage\"},\"thumbnailUrl\":\"https:\/\/www.helloskola.cz\/zakladni-skola\/wp-content\/uploads\/sites\/6\/2022\/05\/zakladka-fallback.png\",\"datePublished\":\"2022-05-15T13:59:55+00:00\",\"dateModified\":\"2026-02-25T20:08:20+00:00\",\"breadcrumb\":{\"@id\":\"https:\/\/www.helloskola.cz\/zakladni-skola\/zivot-skoly-a-trid\/skolni-poradenske-pracoviste\/#breadcrumb\"},\"inLanguage\":\"cs\",\"potentialAction\":[{\"@type\":\"ReadAction\",\"target\":[\"https:\/\/www.helloskola.cz\/zakladni-skola\/zivot-skoly-a-trid\/skolni-poradenske-pracoviste\/\"]}]},{\"@type\":\"ImageObject\",\"inLanguage\":\"cs\",\"@id\":\"https:\/\/www.helloskola.cz\/zakladni-skola\/zivot-skoly-a-trid\/skolni-poradenske-pracoviste\/#primaryimage\",\"url\":\"https:\/\/www.helloskola.cz\/zakladni-skola\/wp-content\/uploads\/sites\/6\/2022\/05\/zakladka-fallback.png\",\"contentUrl\":\"https:\/\/www.helloskola.cz\/zakladni-skola\/wp-content\/uploads\/sites\/6\/2022\/05\/zakladka-fallback.png\",\"width\":933,\"height\":700},{\"@type\":\"BreadcrumbList\",\"@id\":\"https:\/\/www.helloskola.cz\/zakladni-skola\/zivot-skoly-a-trid\/skolni-poradenske-pracoviste\/#breadcrumb\",\"itemListElement\":[{\"@type\":\"ListItem\",\"position\":1,\"name\":\"\u00davod\",\"item\":\"https:\/\/www.helloskola.cz\/zakladni-skola\/\"},{\"@type\":\"ListItem\",\"position\":2,\"name\":\"\u017divot \u0161koly\",\"item\":\"https:\/\/www.helloskola.cz\/zakladni-skola\/zivot-skoly-a-trid\/\"},{\"@type\":\"ListItem\",\"position\":3,\"name\":\"\u0160koln\u00ed poradensk\u00e9 pracovi\u0161t\u011b\"}]},{\"@type\":\"WebSite\",\"@id\":\"https:\/\/www.helloskola.cz\/zakladni-skola\/#website\",\"url\":\"https:\/\/www.helloskola.cz\/zakladni-skola\/\",\"name\":\"Z\u00e1kladn\u00ed \u0161kola HELLO\",\"description\":\"\u010desko-anglick\u00e1 z\u00e1kladn\u00ed \u0161kola, Ostrava Poruba\",\"publisher\":{\"@id\":\"https:\/\/www.helloskola.cz\/zakladni-skola\/#organization\"},\"potentialAction\":[{\"@type\":\"SearchAction\",\"target\":{\"@type\":\"EntryPoint\",\"urlTemplate\":\"https:\/\/www.helloskola.cz\/zakladni-skola\/?s={search_term_string}\"},\"query-input\":{\"@type\":\"PropertyValueSpecification\",\"valueRequired\":true,\"valueName\":\"search_term_string\"}}],\"inLanguage\":\"cs\"},{\"@type\":\"Organization\",\"@id\":\"https:\/\/www.helloskola.cz\/zakladni-skola\/#organization\",\"name\":\"Z\u00e1kladn\u00ed \u0161kola Hello\",\"url\":\"https:\/\/www.helloskola.cz\/zakladni-skola\/\",\"logo\":{\"@type\":\"ImageObject\",\"inLanguage\":\"cs\",\"@id\":\"https:\/\/www.helloskola.cz\/zakladni-skola\/#\/schema\/logo\/image\/\",\"url\":\"https:\/\/www.helloskola.cz\/zakladni-skola\/wp-content\/uploads\/sites\/6\/2022\/02\/hello_gy_zakladka_logo.svg\",\"contentUrl\":\"https:\/\/www.helloskola.cz\/zakladni-skola\/wp-content\/uploads\/sites\/6\/2022\/02\/hello_gy_zakladka_logo.svg\",\"width\":100,\"height\":100,\"caption\":\"Z\u00e1kladn\u00ed \u0161kola Hello\"},\"image\":{\"@id\":\"https:\/\/www.helloskola.cz\/zakladni-skola\/#\/schema\/logo\/image\/\"}}]}<\/script>\n<!-- \/ Yoast SEO plugin. -->","yoast_head_json":{"title":"\u0160koln\u00ed poradensk\u00e9 pracovi\u0161t\u011b | Z\u00e1kladn\u00ed \u0161kola HELLO","robots":{"index":"index","follow":"follow","max-snippet":"max-snippet:-1","max-image-preview":"max-image-preview:large","max-video-preview":"max-video-preview:-1"},"canonical":"https:\/\/www.helloskola.cz\/zakladni-skola\/zivot-skoly-a-trid\/skolni-poradenske-pracoviste\/","og_locale":"cs_CZ","og_type":"article","og_title":"\u0160koln\u00ed poradensk\u00e9 pracovi\u0161t\u011b | Z\u00e1kladn\u00ed \u0161kola HELLO","og_description":"\u0160koln\u00ed poradensk\u00e9 pracovi\u0161t\u011b (\u0160PP) poskytuje odborn\u00e9 slu\u017eby ve smyslu vyhl\u00e1\u0161ky \u010d. 197\/2016Sb., kterou se m\u011bn\u00ed vyhl\u00e1\u0161ka \u010d. 72\/2005 Sb., o poskytov\u00e1n\u00ed poradensk\u00fdch slu\u017eeb ve \u0161kol\u00e1ch a\u0161kolsk\u00fdch za\u0159\u00edzen\u00edch ve zn\u011bn\u00ed pozd\u011bj\u0161\u00edch p\u0159edpis\u016f. \u0160PP je pod\u0159\u00edzeno \u0159editelce \u0161koly.S ve\u0161ker\u00fdmi informacemi poskytnut\u00fdmi v r\u00e1mci \u0160PP je nakl\u00e1d\u00e1no v souladu se z\u00e1konem \u010d.101\/2000 Sb., o ochran\u011b osobn\u00edch \u00fadaj\u016f, ve [&hellip;]","og_url":"https:\/\/www.helloskola.cz\/zakladni-skola\/zivot-skoly-a-trid\/skolni-poradenske-pracoviste\/","og_site_name":"Z\u00e1kladn\u00ed \u0161kola HELLO","article_modified_time":"2026-02-25T20:08:20+00:00","twitter_card":"summary_large_image","twitter_misc":{"Odhadovan\u00e1 doba \u010dten\u00ed":"2 minuty"},"schema":{"@context":"https:\/\/schema.org","@graph":[{"@type":"WebPage","@id":"https:\/\/www.helloskola.cz\/zakladni-skola\/zivot-skoly-a-trid\/skolni-poradenske-pracoviste\/","url":"https:\/\/www.helloskola.cz\/zakladni-skola\/zivot-skoly-a-trid\/skolni-poradenske-pracoviste\/","name":"\u0160koln\u00ed poradensk\u00e9 pracovi\u0161t\u011b | Z\u00e1kladn\u00ed \u0161kola HELLO","isPartOf":{"@id":"https:\/\/www.helloskola.cz\/zakladni-skola\/#website"},"primaryImageOfPage":{"@id":"https:\/\/www.helloskola.cz\/zakladni-skola\/zivot-skoly-a-trid\/skolni-poradenske-pracoviste\/#primaryimage"},"image":{"@id":"https:\/\/www.helloskola.cz\/zakladni-skola\/zivot-skoly-a-trid\/skolni-poradenske-pracoviste\/#primaryimage"},"thumbnailUrl":"https:\/\/www.helloskola.cz\/zakladni-skola\/wp-content\/uploads\/sites\/6\/2022\/05\/zakladka-fallback.png","datePublished":"2022-05-15T13:59:55+00:00","dateModified":"2026-02-25T20:08:20+00:00","breadcrumb":{"@id":"https:\/\/www.helloskola.cz\/zakladni-skola\/zivot-skoly-a-trid\/skolni-poradenske-pracoviste\/#breadcrumb"},"inLanguage":"cs","potentialAction":[{"@type":"ReadAction","target":["https:\/\/www.helloskola.cz\/zakladni-skola\/zivot-skoly-a-trid\/skolni-poradenske-pracoviste\/"]}]},{"@type":"ImageObject","inLanguage":"cs","@id":"https:\/\/www.helloskola.cz\/zakladni-skola\/zivot-skoly-a-trid\/skolni-poradenske-pracoviste\/#primaryimage","url":"https:\/\/www.helloskola.cz\/zakladni-skola\/wp-content\/uploads\/sites\/6\/2022\/05\/zakladka-fallback.png","contentUrl":"https:\/\/www.helloskola.cz\/zakladni-skola\/wp-content\/uploads\/sites\/6\/2022\/05\/zakladka-fallback.png","width":933,"height":700},{"@type":"BreadcrumbList","@id":"https:\/\/www.helloskola.cz\/zakladni-skola\/zivot-skoly-a-trid\/skolni-poradenske-pracoviste\/#breadcrumb","itemListElement":[{"@type":"ListItem","position":1,"name":"\u00davod","item":"https:\/\/www.helloskola.cz\/zakladni-skola\/"},{"@type":"ListItem","position":2,"name":"\u017divot \u0161koly","item":"https:\/\/www.helloskola.cz\/zakladni-skola\/zivot-skoly-a-trid\/"},{"@type":"ListItem","position":3,"name":"\u0160koln\u00ed poradensk\u00e9 pracovi\u0161t\u011b"}]},{"@type":"WebSite","@id":"https:\/\/www.helloskola.cz\/zakladni-skola\/#website","url":"https:\/\/www.helloskola.cz\/zakladni-skola\/","name":"Z\u00e1kladn\u00ed \u0161kola HELLO","description":"\u010desko-anglick\u00e1 z\u00e1kladn\u00ed \u0161kola, Ostrava Poruba","publisher":{"@id":"https:\/\/www.helloskola.cz\/zakladni-skola\/#organization"},"potentialAction":[{"@type":"SearchAction","target":{"@type":"EntryPoint","urlTemplate":"https:\/\/www.helloskola.cz\/zakladni-skola\/?s={search_term_string}"},"query-input":{"@type":"PropertyValueSpecification","valueRequired":true,"valueName":"search_term_string"}}],"inLanguage":"cs"},{"@type":"Organization","@id":"https:\/\/www.helloskola.cz\/zakladni-skola\/#organization","name":"Z\u00e1kladn\u00ed \u0161kola Hello","url":"https:\/\/www.helloskola.cz\/zakladni-skola\/","logo":{"@type":"ImageObject","inLanguage":"cs","@id":"https:\/\/www.helloskola.cz\/zakladni-skola\/#\/schema\/logo\/image\/","url":"https:\/\/www.helloskola.cz\/zakladni-skola\/wp-content\/uploads\/sites\/6\/2022\/02\/hello_gy_zakladka_logo.svg","contentUrl":"https:\/\/www.helloskola.cz\/zakladni-skola\/wp-content\/uploads\/sites\/6\/2022\/02\/hello_gy_zakladka_logo.svg","width":100,"height":100,"caption":"Z\u00e1kladn\u00ed \u0161kola Hello"},"image":{"@id":"https:\/\/www.helloskola.cz\/zakladni-skola\/#\/schema\/logo\/image\/"}}]}},"_links":{"self":[{"href":"https:\/\/www.helloskola.cz\/zakladni-skola\/wp-json\/wp\/v2\/pages\/3432","targetHints":{"allow":["GET"]}}],"collection":[{"href":"https:\/\/www.helloskola.cz\/zakladni-skola\/wp-json\/wp\/v2\/pages"}],"about":[{"href":"https:\/\/www.helloskola.cz\/zakladni-skola\/wp-json\/wp\/v2\/types\/page"}],"author":[{"embeddable":true,"href":"https:\/\/www.helloskola.cz\/zakladni-skola\/wp-json\/wp\/v2\/users\/3"}],"replies":[{"embeddable":true,"href":"https:\/\/www.helloskola.cz\/zakladni-skola\/wp-json\/wp\/v2\/comments?post=3432"}],"version-history":[{"count":17,"href":"https:\/\/www.helloskola.cz\/zakladni-skola\/wp-json\/wp\/v2\/pages\/3432\/revisions"}],"predecessor-version":[{"id":7403,"href":"https:\/\/www.helloskola.cz\/zakladni-skola\/wp-json\/wp\/v2\/pages\/3432\/revisions\/7403"}],"up":[{"embeddable":true,"href":"https:\/\/www.helloskola.cz\/zakladni-skola\/wp-json\/wp\/v2\/pages\/1670"}],"wp:featuredmedia":[{"embeddable":true,"href":"https:\/\/www.helloskola.cz\/zakladni-skola\/wp-json\/wp\/v2\/media\/2575"}],"wp:attachment":[{"href":"https:\/\/www.helloskola.cz\/zakladni-skola\/wp-json\/wp\/v2\/media?parent=3432"}],"curies":[{"name":"wp","href":"https:\/\/api.w.org\/{rel}","templated":true}]}}