{"id":2124,"date":"2022-04-03T13:40:47","date_gmt":"2022-04-03T11:40:47","guid":{"rendered":"https:\/\/www.helloskola.cz\/zakladni-skola\/?page_id=2124"},"modified":"2025-08-31T19:15:47","modified_gmt":"2025-08-31T17:15:47","slug":"nadani-zaci","status":"publish","type":"page","link":"https:\/\/www.helloskola.cz\/zakladni-skola\/zivot-skoly-a-trid\/nadani-zaci\/","title":{"rendered":"Nadan\u00ed \u017e\u00e1ci"},"content":{"rendered":"\n<h3 class=\"wp-block-heading\">PR\u00c1CE S&nbsp;NADAN\u00ddMI NA NA\u0160\u00cd \u0160KOLE<\/h3>\n\n\n\n<p>Ka\u017ed\u00e9mu d\u00edt\u011bti se sna\u017e\u00edme vytvo\u0159it ty nejlep\u0161\u00ed podm\u00ednky pro jeho rozvoj. Nemysl\u00edme si rozhodn\u011b, \u017ee podporu pot\u0159ebuj\u00ed jen d\u011bti se speci\u00e1ln\u00edmi vzd\u011bl\u00e1vac\u00edmi pot\u0159ebami, ale v\u00edme, \u017ee jin\u00fd p\u0159\u00edstup pot\u0159ebuj\u00ed tak\u00e9 d\u011bti nadan\u00e9, aby je \u0161kola bavila a&nbsp;cht\u011bly d\u00e1l pozn\u00e1vat sv\u011bt. Mal\u00fd po\u010det \u017e\u00e1k\u016f ve t\u0159\u00edd\u011b je pro individu\u00e1ln\u00ed pr\u00e1ci s&nbsp;d\u011btmi z\u00e1kladn\u00edm p\u0159edpokladem. Druh\u00fdm p\u0159edpokladem je v\u011bd\u011bt, jak nadan\u00e9ho \u017e\u00e1ka identifikovat, jak\u00e1 jsou jeho specifika a&nbsp;jak s&nbsp;n\u00edm pracovat. Proto na\u0161i pedagogov\u00e9 absolvovali vzd\u011bl\u00e1vac\u00ed programy na toto t\u00e9ma (QIIDO akademie, V\u00fdzkumn\u00e9 a&nbsp;rozvojov\u00e9 centrum Regio z.\u00fa., Mensa \u010cR) a&nbsp;novinky a&nbsp;rozvoj v&nbsp;t\u00e9to oblasti u&nbsp;n\u00e1s za\u0161ti\u0165uje koordin\u00e1tor nad\u00e1n\u00ed.<\/p>\n\n\n\n<p>V\u00a0Hello v\u011b\u0159\u00edme, \u017ee ka\u017ed\u00e9 zv\u00eddav\u00e9 d\u00edt\u011b\/student, kter\u00e9 m\u00e1 chu\u0165 a odhodl\u00e1n\u00ed posouvat sv\u00e9 hranice, by k\u00a0tomu m\u011blo m\u00edt \u0161anci a prostor. A tak se sna\u017e\u00edme vytv\u00e1\u0159et pro tyto \u201ezv\u00eddavce\u201c r\u016fznorod\u00e9 p\u0159\u00edle\u017eitosti a podm\u00ednky, aby mohli sv\u016fj potenci\u00e1l rozv\u00edjet jak ve \u0161kole, tak mimo \u0161kolu.<\/p>\n\n\n\n<h2 class=\"wp-block-heading\">QUIDO Akademie<\/h2>\n\n\n\n<p>U nejmen\u0161\u00edch d\u011bt\u00ed, kter\u00e9 jsou na za\u010d\u00e1tku objevov\u00e1n\u00ed sv\u011bta a sv\u00fdch z\u00e1jm\u016f, b\u00fdv\u00e1 t\u011b\u017ek\u00e9 je v\u016fbec odhalit, zvolit ten spr\u00e1vn\u00fd p\u0159\u00edstup a naj\u00edt podn\u011btn\u00e9 aktivity. Proto se dal\u0161\u00ed 3 pedago\u017eky 1. stupn\u011b od jara \u00fa\u010dastn\u00ed <a href=\"https:\/\/www.qiido.cz\/o-nas\/\">QIIDO<\/a> AKADEMIE, aby roz\u0161\u00ed\u0159ily svoje obzory v\u00a0t\u00e9to oblasti.\u00a0 Akademie poskytuje pedagog\u016fm know-how i n\u00e1stroje pro identifikaci nadan\u00fdch, podporu jejich emo\u010dn\u00edch a soci\u00e1ln\u00edch pot\u0159eb, k\u00a0metod\u00e1m v\u00fduky, databanku v\u00fdukov\u00fdch materi\u00e1l\u016f a v\u00a0neposledn\u00ed \u0159ad\u011b t\u00e9\u017e mo\u017enost sd\u00edlen\u00ed dobr\u00e9 praxe s\u00a0dal\u0161\u00edmi \u0161kolami.<br><\/p>\n\n\n\n<h2 class=\"wp-block-heading\">Projektov\u00e1 v\u00fduka<\/h2>\n\n\n\n<p>Abychom podpo\u0159ili individualizovanou formu vzd\u011bl\u00e1v\u00e1n\u00ed, za\u0159azujeme od 3. t\u0159\u00eddy pravidelnou&nbsp;<strong>projektovou v\u00fduku<\/strong>. Je to den v t\u00fddnu, kdy d\u011bti obvykle odlo\u017e\u00ed u\u010debnice a t\u0159\u00edda se prom\u011bn\u00ed v centrum Objev\u016f a pokus\u016f, centrum \u010cten\u00ed a Centrum Psan\u00ed a Ateli\u00e9r, kter\u00e9 spojuje jedno t\u00e9ma. Pracuje se v t\u00fdmech, kter\u00e9 postupn\u011b nav\u0161t\u011bvuj\u00ed jednotliv\u00e1 centra. Ka\u017ed\u00e1 skupina m\u00e1 vedouc\u00edho, pom\u016fck\u00e1\u0159e, \u010dasom\u00edru, zapisovatele a jin\u00e9 role. D\u011btem se tak otev\u00edr\u00e1 v\u011bt\u0161\u00ed prostor pro samostatn\u00e9 my\u0161len\u00ed, zkoum\u00e1n\u00ed probl\u00e9mu v souvislostech, u\u010d\u00ed se p\u0159irozen\u011b spolupr\u00e1ci, komunikaci a tak\u00e9 v\u011bt\u0161\u00ed samostatnosti a zodpov\u011bdnosti za sv\u00e9 u\u010den\u00ed.<\/p>\n\n\n\n<p><br>Ve spolupr\u00e1ci s&nbsp;<strong>Mensou<\/strong>&nbsp;pravideln\u011b po\u0159\u00e1d\u00e1me pro na\u0161e \u017e\u00e1ky testov\u00e1n\u00ed IQ, kter\u00e9 poskytuje orienta\u010dn\u00ed informaci o&nbsp;intelektu \u017e\u00e1ka. V\u00fdsledek m\u016f\u017ee b\u00fdt odrazov\u00fdm m\u016fstkem k&nbsp;diskusi mezi \u0161kolou a&nbsp;rodinou o&nbsp;dal\u0161\u00edm postupu p\u0159i vzd\u011bl\u00e1v\u00e1n\u00ed a&nbsp;tak\u00e9 vstupenkou do&nbsp;<strong>Klubu nadan\u00fdch d\u011bt\u00ed<\/strong>, kter\u00fd na na\u0161\u00ed \u0161kole funguje.<\/p>\n\n\n\n<p><strong>Jazykov\u00e9 talenty<\/strong>&nbsp;u&nbsp;n\u00e1s maj\u00ed ka\u017edodenn\u00ed p\u0159\u00edle\u017eitost k&nbsp;rozvoji. D\u00edky kombinaci vy\u0161\u0161\u00edho po\u010dtu hodin angli\u010dtiny ji\u017e od prvn\u00ed t\u0159\u00eddy, pou\u017e\u00edv\u00e1n\u00ed angli\u010dtiny i&nbsp;v&nbsp;nejazykov\u00fdch p\u0159edm\u011btech (nap\u0159. matematika, t\u011blesn\u00e1, v\u00fdtvarn\u00e1 a&nbsp;hudebn\u00ed v\u00fdchova a&nbsp;pozd\u011bji t\u00e9\u017e zem\u011bpis, d\u011bjepis nebo p\u0159\u00edrodopis) a&nbsp;pravideln\u00fdm hodin\u00e1m s&nbsp;rodil\u00fdmi mluv\u010d\u00edmi, dosahuj\u00ed na\u0161i \u017e\u00e1ci nadstandardn\u00ed \u00farove\u0148 angli\u010dtiny. Ve 4. -5. t\u0159\u00edd\u011b zvl\u00e1daj\u00ed Cambridge zkou\u0161ku Movers (kter\u00e1 je na \u00farovni A1 dle Spole\u010dn\u00e9ho evropsk\u00e9ho referen\u010dn\u00edho r\u00e1mce), v&nbsp;6. t\u0159\u00edd\u011b jsou na \u00farovni \u017e\u00e1ka 9. t\u0159\u00eddy b\u011b\u017en\u00e9 z\u00e1kladn\u00ed \u0161koly a&nbsp;v\u00fd\u0161 (\u00farove\u0148 A2+) a&nbsp;p\u0159i odchodu ze z\u00e1kladn\u00ed \u0161koly v\u0161ichni plynn\u011b komunikuj\u00ed a&nbsp;maj\u00ed certifik\u00e1t minim\u00e1ln\u011b na \u00farovni maturity (B1), ale n\u011bkte\u0159\u00ed tak\u00e9 na \u00farovni C1, co\u017e odpov\u00edd\u00e1 vysoko\u0161kolsk\u00e9mu vzd\u011bl\u00e1n\u00ed v&nbsp;oboru anglick\u00fd jazyk. Proto pro mnoh\u00e9 hled\u00e1me nov\u00e9 cesty, jak je posouvat d\u00e1l. Jednou z&nbsp;nich jsou online kurzy&nbsp;<strong>CTM academy<\/strong>.<\/p>\n\n\n\n<p>Ve \u0161koln\u00edm roce 2019\/2020 jsme zah\u00e1jili spolupr\u00e1ci s&nbsp;<strong>Centrem pro talentovanou ml\u00e1de\u017e (CTM)<\/strong>. Na\u0161i \u017e\u00e1ci d\u00edky CTM online kurz\u016fm rozv\u00edj\u00ed svoji angli\u010dtinu a&nbsp;z\u00e1rove\u0148 si roz\u0161i\u0159uj\u00ed okruh znalost\u00ed z&nbsp;oboru, o&nbsp;kter\u00fd projevuj\u00ed z\u00e1jem. Na \u00fakolech pracuj\u00ed \u010d\u00e1ste\u010dn\u011b ve \u0161kole a&nbsp;z&nbsp;velk\u00e9 \u010d\u00e1sti doma. T\u00e9mata kurz\u016f, kter\u00e9 si na\u0161i studenti vybrali jsou r\u016fznorod\u00e1:&nbsp;<strong>Creative writing, Science nebo t\u0159eba Physical Science Honors<\/strong>. Jsme r\u00e1di, \u017ee d\u00edky podpo\u0159e M\u0160MT a&nbsp;Statut\u00e1rn\u00edho m\u011bsta Ostrava a&nbsp;jeho programu Talentmanagement, m\u016f\u017eeme touto flexibiln\u00ed formou poskytnout podporu \u017e\u00e1k\u016fm, kte\u0159\u00ed dlouhodob\u011b vykazuj\u00ed nadpr\u016fm\u011brn\u00e9 v\u00fdsledky v&nbsp;anglick\u00e9m jazyce i&nbsp;dal\u0161\u00edch p\u0159edm\u011btech a&nbsp;maj\u00ed z\u00e1jem na sob\u011b pracovat i&nbsp;mimo \u0161kolu. V\u00edce o&nbsp;programech na:&nbsp;<a href=\"https:\/\/www.ctm-academy.cz\/online\" target=\"_blank\" rel=\"noreferrer noopener\">https:\/\/www.ctm-academy.cz\/online<\/a>.<\/p>\n\n\n\n<h4 class=\"wp-block-heading\">KLUB NADAN\u00ddCH D\u011aT\u00cd<\/h4>\n\n\n\n<p>Ve spolupr\u00e1ci s&nbsp;<strong>D\u011btskou Mensou<\/strong>&nbsp;byl na na\u0161\u00ed \u0161kole v&nbsp;\u00fanoru 2013 z\u0159\u00edzen&nbsp;<strong>klub nadan\u00fdch d\u011bt\u00ed<\/strong> <strong>Zv\u00edd\u00e1lek<\/strong>. N\u00e1\u0161 klub vyv\u00edj\u00ed a&nbsp;nab\u00edz\u00ed aktivity sm\u011b\u0159uj\u00edc\u00ed k&nbsp;uspokojen\u00ed pot\u0159eb nadan\u00fdch a&nbsp;zv\u00eddav\u00fdch d\u011bt\u00ed nejen ze Z\u0160 Hello Ostrava, ale i&nbsp;d\u011btem z&nbsp;ostatn\u00edch \u0161kol Ostravy a&nbsp;okol\u00ed.<br><strong>Klub je ur\u010den d\u011btem od 2. do 6. ro\u010dn\u00edku z\u00e1kladn\u00ed \u0161koly.<\/strong><\/p>\n\n\n\n<p>Sna\u017e\u00edme se, aby i po \u0161kole, v\u00a0r\u00e1mci \u0161koln\u00ed dru\u017einy, m\u011bly d\u011bti na v\u00fdb\u011br, zda cht\u011bj\u00ed relaxovat, sportovat, tvo\u0159it, nebo t\u0159eba d\u00e1l nam\u00e1hat mozkov\u00e9 z\u00e1vity. A tak vedle pestr\u00e9 nab\u00eddky krou\u017ek\u016f \u0161koln\u00ed dru\u017einy a \u0161koln\u00edho klubu, na na\u0161\u00ed \u0161kole po mnoho let fungoval ve spolupr\u00e1ci s\u00a0Mensou Klub nadan\u00fdch d\u011bt\u00ed \u2013 Zv\u00edd\u00e1lek. Od nov\u00e9ho \u0161koln\u00edho roku reagujeme na v\u00fdvoj posledn\u00edch dvou let a m\u00edsto pravideln\u00e9ho klubu pro vybran\u00e9 \u010dleny p\u0159ich\u00e1z\u00edme s\u00a0nov\u00fdm konceptem. <\/p>\n\n\n\n<p>T\u00edm bude 1 akce m\u011bs\u00ed\u010dn\u011b, na kterou se bude moci p\u0159ihl\u00e1sit ka\u017ed\u00fd, koho t\u00e9ma zaujme. Prvn\u00ed akc\u00ed bude\u00a0 26.9. n\u00e1v\u0161t\u011bva <a href=\"https:\/\/www.nocvedcu.cz\/mesto\/ostrava\">Noci v\u011bdc\u016f<\/a> pro z\u00e1jemce ze\u00a0 3.- 5. t\u0159\u00eddy. Bli\u017e\u0161\u00ed informace ji\u017e brzy v\u00a0Edupage.<\/p>\n\n\n\n<h4 class=\"wp-block-heading\">CO D\u011aTI \u010cEK\u00c1<\/h4>\n\n\n\n<p>P\u0159edn\u00e1\u0161ky, workshopy, exkurze, pozn\u00e1vac\u00ed vych\u00e1zky, b\u00e1d\u00e1n\u00ed v&nbsp;laborato\u0159i, hry deskov\u00e9 i&nbsp;hry venku a&nbsp;v&nbsp;neposledn\u00ed \u0159ad\u011b t\u00e9\u017e aktivity pro rozvoj kreativity, sebepozn\u00e1n\u00ed a&nbsp;t\u00fdmov\u00e9 spolupr\u00e1ce. Nespecializujeme se na \u017e\u00e1dnou oblast, zaj\u00edm\u00e1 n\u00e1s ve\u0161ker\u00fd sv\u011bt kolem n\u00e1s.<\/p>\n\n\n\n<h4 class=\"wp-block-heading\">JAK PRACUJEME<\/h4>\n\n\n\n<p>P\u0159ipravujeme dlouhodob\u011bj\u0161\u00ed projekty na \u010dtvrtlet\u00ed nebo pololet\u00ed, kter\u00e9 umo\u017en\u00ed d\u011btem t\u00e9ma prozkoumat z&nbsp;v\u00edce stran a&nbsp;informace propojit a&nbsp;projekt zavr\u0161it n\u011b\u010d\u00edm, co jim t\u00e9ma zhmotn\u00ed, p\u0159ipomene a&nbsp;\u010d\u00edm se mohou pochlubit.<br>Sna\u017e\u00edme se zapojit nejen hlavu, ale tak\u00e9 ruce a&nbsp;v\u0161echny smysly.<\/p>\n\n\n\n<h4 class=\"wp-block-heading\">KDO ZODPOV\u00cdD\u00c1?<\/h4>\n\n\n\n<p><strong>KONTAKTN\u00cd OSOBA<\/strong>\u00a0<strong>Ing. Hana Hlav\u00e1\u010dkov\u00e1<\/strong>, hlavackova@hello.cz &#8211; koordin\u00e1torka 1. stupn\u011b Z\u0160, DOFE, CTM, Quido Akademie, Zv\u00edd\u00e1lka i Projektov\u00e9 v\u00fduky na 1. stupni.<br><br><a href=\"https:\/\/deti.mensa.cz\/index.php?pg=knd&amp;cid=62&amp;op=5\" target=\"_blank\" rel=\"noreferrer noopener\">Fotogalerie<\/a><\/p>\n","protected":false},"excerpt":{"rendered":"<p>PR\u00c1CE S&nbsp;NADAN\u00ddMI NA NA\u0160\u00cd \u0160KOLE Ka\u017ed\u00e9mu d\u00edt\u011bti se sna\u017e\u00edme vytvo\u0159it ty nejlep\u0161\u00ed podm\u00ednky pro jeho rozvoj. Nemysl\u00edme si rozhodn\u011b, \u017ee podporu pot\u0159ebuj\u00ed jen d\u011bti se speci\u00e1ln\u00edmi vzd\u011bl\u00e1vac\u00edmi pot\u0159ebami, ale v\u00edme, \u017ee jin\u00fd p\u0159\u00edstup pot\u0159ebuj\u00ed tak\u00e9 d\u011bti nadan\u00e9, aby je \u0161kola bavila a&nbsp;cht\u011bly d\u00e1l pozn\u00e1vat sv\u011bt. Mal\u00fd po\u010det \u017e\u00e1k\u016f ve t\u0159\u00edd\u011b je pro individu\u00e1ln\u00ed pr\u00e1ci s&nbsp;d\u011btmi [&hellip;]<\/p>\n","protected":false},"author":1,"featured_media":2575,"parent":1670,"menu_order":0,"comment_status":"closed","ping_status":"closed","template":"","meta":{"footnotes":""},"class_list":["post-2124","page","type-page","status-publish","has-post-thumbnail","hentry"],"yoast_head":"<!-- This site is optimized with the Yoast SEO plugin v24.8.1 - https:\/\/yoast.com\/wordpress\/plugins\/seo\/ -->\n<title>Nadan\u00ed \u017e\u00e1ci | Z\u00e1kladn\u00ed \u0161kola HELLO<\/title>\n<meta name=\"robots\" content=\"index, follow, max-snippet:-1, max-image-preview:large, max-video-preview:-1\" \/>\n<link rel=\"canonical\" href=\"https:\/\/www.helloskola.cz\/zakladni-skola\/zivot-skoly-a-trid\/nadani-zaci\/\" \/>\n<meta property=\"og:locale\" content=\"cs_CZ\" \/>\n<meta property=\"og:type\" content=\"article\" \/>\n<meta property=\"og:title\" content=\"Nadan\u00ed \u017e\u00e1ci | Z\u00e1kladn\u00ed \u0161kola HELLO\" \/>\n<meta property=\"og:description\" content=\"PR\u00c1CE S&nbsp;NADAN\u00ddMI NA NA\u0160\u00cd \u0160KOLE Ka\u017ed\u00e9mu d\u00edt\u011bti se sna\u017e\u00edme vytvo\u0159it ty nejlep\u0161\u00ed podm\u00ednky pro jeho rozvoj. Nemysl\u00edme si rozhodn\u011b, \u017ee podporu pot\u0159ebuj\u00ed jen d\u011bti se speci\u00e1ln\u00edmi vzd\u011bl\u00e1vac\u00edmi pot\u0159ebami, ale v\u00edme, \u017ee jin\u00fd p\u0159\u00edstup pot\u0159ebuj\u00ed tak\u00e9 d\u011bti nadan\u00e9, aby je \u0161kola bavila a&nbsp;cht\u011bly d\u00e1l pozn\u00e1vat sv\u011bt. Mal\u00fd po\u010det \u017e\u00e1k\u016f ve t\u0159\u00edd\u011b je pro individu\u00e1ln\u00ed pr\u00e1ci s&nbsp;d\u011btmi [&hellip;]\" \/>\n<meta property=\"og:url\" content=\"https:\/\/www.helloskola.cz\/zakladni-skola\/zivot-skoly-a-trid\/nadani-zaci\/\" \/>\n<meta property=\"og:site_name\" content=\"Z\u00e1kladn\u00ed \u0161kola HELLO\" \/>\n<meta property=\"article:modified_time\" content=\"2025-08-31T17:15:47+00:00\" \/>\n<meta name=\"twitter:card\" content=\"summary_large_image\" \/>\n<meta name=\"twitter:label1\" content=\"Odhadovan\u00e1 doba \u010dten\u00ed\" \/>\n\t<meta name=\"twitter:data1\" content=\"6 minut\" \/>\n<script type=\"application\/ld+json\" class=\"yoast-schema-graph\">{\"@context\":\"https:\/\/schema.org\",\"@graph\":[{\"@type\":\"WebPage\",\"@id\":\"https:\/\/www.helloskola.cz\/zakladni-skola\/zivot-skoly-a-trid\/nadani-zaci\/\",\"url\":\"https:\/\/www.helloskola.cz\/zakladni-skola\/zivot-skoly-a-trid\/nadani-zaci\/\",\"name\":\"Nadan\u00ed \u017e\u00e1ci | Z\u00e1kladn\u00ed \u0161kola HELLO\",\"isPartOf\":{\"@id\":\"https:\/\/www.helloskola.cz\/zakladni-skola\/#website\"},\"primaryImageOfPage\":{\"@id\":\"https:\/\/www.helloskola.cz\/zakladni-skola\/zivot-skoly-a-trid\/nadani-zaci\/#primaryimage\"},\"image\":{\"@id\":\"https:\/\/www.helloskola.cz\/zakladni-skola\/zivot-skoly-a-trid\/nadani-zaci\/#primaryimage\"},\"thumbnailUrl\":\"https:\/\/www.helloskola.cz\/zakladni-skola\/wp-content\/uploads\/sites\/6\/2022\/05\/zakladka-fallback.png\",\"datePublished\":\"2022-04-03T11:40:47+00:00\",\"dateModified\":\"2025-08-31T17:15:47+00:00\",\"breadcrumb\":{\"@id\":\"https:\/\/www.helloskola.cz\/zakladni-skola\/zivot-skoly-a-trid\/nadani-zaci\/#breadcrumb\"},\"inLanguage\":\"cs\",\"potentialAction\":[{\"@type\":\"ReadAction\",\"target\":[\"https:\/\/www.helloskola.cz\/zakladni-skola\/zivot-skoly-a-trid\/nadani-zaci\/\"]}]},{\"@type\":\"ImageObject\",\"inLanguage\":\"cs\",\"@id\":\"https:\/\/www.helloskola.cz\/zakladni-skola\/zivot-skoly-a-trid\/nadani-zaci\/#primaryimage\",\"url\":\"https:\/\/www.helloskola.cz\/zakladni-skola\/wp-content\/uploads\/sites\/6\/2022\/05\/zakladka-fallback.png\",\"contentUrl\":\"https:\/\/www.helloskola.cz\/zakladni-skola\/wp-content\/uploads\/sites\/6\/2022\/05\/zakladka-fallback.png\",\"width\":933,\"height\":700},{\"@type\":\"BreadcrumbList\",\"@id\":\"https:\/\/www.helloskola.cz\/zakladni-skola\/zivot-skoly-a-trid\/nadani-zaci\/#breadcrumb\",\"itemListElement\":[{\"@type\":\"ListItem\",\"position\":1,\"name\":\"\u00davod\",\"item\":\"https:\/\/www.helloskola.cz\/zakladni-skola\/\"},{\"@type\":\"ListItem\",\"position\":2,\"name\":\"\u017divot \u0161koly\",\"item\":\"https:\/\/www.helloskola.cz\/zakladni-skola\/zivot-skoly-a-trid\/\"},{\"@type\":\"ListItem\",\"position\":3,\"name\":\"Nadan\u00ed \u017e\u00e1ci\"}]},{\"@type\":\"WebSite\",\"@id\":\"https:\/\/www.helloskola.cz\/zakladni-skola\/#website\",\"url\":\"https:\/\/www.helloskola.cz\/zakladni-skola\/\",\"name\":\"Z\u00e1kladn\u00ed \u0161kola HELLO\",\"description\":\"\u010desko-anglick\u00e1 z\u00e1kladn\u00ed \u0161kola, Ostrava Poruba\",\"publisher\":{\"@id\":\"https:\/\/www.helloskola.cz\/zakladni-skola\/#organization\"},\"potentialAction\":[{\"@type\":\"SearchAction\",\"target\":{\"@type\":\"EntryPoint\",\"urlTemplate\":\"https:\/\/www.helloskola.cz\/zakladni-skola\/?s={search_term_string}\"},\"query-input\":{\"@type\":\"PropertyValueSpecification\",\"valueRequired\":true,\"valueName\":\"search_term_string\"}}],\"inLanguage\":\"cs\"},{\"@type\":\"Organization\",\"@id\":\"https:\/\/www.helloskola.cz\/zakladni-skola\/#organization\",\"name\":\"Z\u00e1kladn\u00ed \u0161kola Hello\",\"url\":\"https:\/\/www.helloskola.cz\/zakladni-skola\/\",\"logo\":{\"@type\":\"ImageObject\",\"inLanguage\":\"cs\",\"@id\":\"https:\/\/www.helloskola.cz\/zakladni-skola\/#\/schema\/logo\/image\/\",\"url\":\"https:\/\/www.helloskola.cz\/zakladni-skola\/wp-content\/uploads\/sites\/6\/2022\/02\/hello_gy_zakladka_logo.svg\",\"contentUrl\":\"https:\/\/www.helloskola.cz\/zakladni-skola\/wp-content\/uploads\/sites\/6\/2022\/02\/hello_gy_zakladka_logo.svg\",\"width\":100,\"height\":100,\"caption\":\"Z\u00e1kladn\u00ed \u0161kola Hello\"},\"image\":{\"@id\":\"https:\/\/www.helloskola.cz\/zakladni-skola\/#\/schema\/logo\/image\/\"}}]}<\/script>\n<!-- \/ Yoast SEO plugin. -->","yoast_head_json":{"title":"Nadan\u00ed \u017e\u00e1ci | Z\u00e1kladn\u00ed \u0161kola HELLO","robots":{"index":"index","follow":"follow","max-snippet":"max-snippet:-1","max-image-preview":"max-image-preview:large","max-video-preview":"max-video-preview:-1"},"canonical":"https:\/\/www.helloskola.cz\/zakladni-skola\/zivot-skoly-a-trid\/nadani-zaci\/","og_locale":"cs_CZ","og_type":"article","og_title":"Nadan\u00ed \u017e\u00e1ci | Z\u00e1kladn\u00ed \u0161kola HELLO","og_description":"PR\u00c1CE S&nbsp;NADAN\u00ddMI NA NA\u0160\u00cd \u0160KOLE Ka\u017ed\u00e9mu d\u00edt\u011bti se sna\u017e\u00edme vytvo\u0159it ty nejlep\u0161\u00ed podm\u00ednky pro jeho rozvoj. Nemysl\u00edme si rozhodn\u011b, \u017ee podporu pot\u0159ebuj\u00ed jen d\u011bti se speci\u00e1ln\u00edmi vzd\u011bl\u00e1vac\u00edmi pot\u0159ebami, ale v\u00edme, \u017ee jin\u00fd p\u0159\u00edstup pot\u0159ebuj\u00ed tak\u00e9 d\u011bti nadan\u00e9, aby je \u0161kola bavila a&nbsp;cht\u011bly d\u00e1l pozn\u00e1vat sv\u011bt. Mal\u00fd po\u010det \u017e\u00e1k\u016f ve t\u0159\u00edd\u011b je pro individu\u00e1ln\u00ed pr\u00e1ci s&nbsp;d\u011btmi [&hellip;]","og_url":"https:\/\/www.helloskola.cz\/zakladni-skola\/zivot-skoly-a-trid\/nadani-zaci\/","og_site_name":"Z\u00e1kladn\u00ed \u0161kola HELLO","article_modified_time":"2025-08-31T17:15:47+00:00","twitter_card":"summary_large_image","twitter_misc":{"Odhadovan\u00e1 doba \u010dten\u00ed":"6 minut"},"schema":{"@context":"https:\/\/schema.org","@graph":[{"@type":"WebPage","@id":"https:\/\/www.helloskola.cz\/zakladni-skola\/zivot-skoly-a-trid\/nadani-zaci\/","url":"https:\/\/www.helloskola.cz\/zakladni-skola\/zivot-skoly-a-trid\/nadani-zaci\/","name":"Nadan\u00ed \u017e\u00e1ci | Z\u00e1kladn\u00ed \u0161kola HELLO","isPartOf":{"@id":"https:\/\/www.helloskola.cz\/zakladni-skola\/#website"},"primaryImageOfPage":{"@id":"https:\/\/www.helloskola.cz\/zakladni-skola\/zivot-skoly-a-trid\/nadani-zaci\/#primaryimage"},"image":{"@id":"https:\/\/www.helloskola.cz\/zakladni-skola\/zivot-skoly-a-trid\/nadani-zaci\/#primaryimage"},"thumbnailUrl":"https:\/\/www.helloskola.cz\/zakladni-skola\/wp-content\/uploads\/sites\/6\/2022\/05\/zakladka-fallback.png","datePublished":"2022-04-03T11:40:47+00:00","dateModified":"2025-08-31T17:15:47+00:00","breadcrumb":{"@id":"https:\/\/www.helloskola.cz\/zakladni-skola\/zivot-skoly-a-trid\/nadani-zaci\/#breadcrumb"},"inLanguage":"cs","potentialAction":[{"@type":"ReadAction","target":["https:\/\/www.helloskola.cz\/zakladni-skola\/zivot-skoly-a-trid\/nadani-zaci\/"]}]},{"@type":"ImageObject","inLanguage":"cs","@id":"https:\/\/www.helloskola.cz\/zakladni-skola\/zivot-skoly-a-trid\/nadani-zaci\/#primaryimage","url":"https:\/\/www.helloskola.cz\/zakladni-skola\/wp-content\/uploads\/sites\/6\/2022\/05\/zakladka-fallback.png","contentUrl":"https:\/\/www.helloskola.cz\/zakladni-skola\/wp-content\/uploads\/sites\/6\/2022\/05\/zakladka-fallback.png","width":933,"height":700},{"@type":"BreadcrumbList","@id":"https:\/\/www.helloskola.cz\/zakladni-skola\/zivot-skoly-a-trid\/nadani-zaci\/#breadcrumb","itemListElement":[{"@type":"ListItem","position":1,"name":"\u00davod","item":"https:\/\/www.helloskola.cz\/zakladni-skola\/"},{"@type":"ListItem","position":2,"name":"\u017divot \u0161koly","item":"https:\/\/www.helloskola.cz\/zakladni-skola\/zivot-skoly-a-trid\/"},{"@type":"ListItem","position":3,"name":"Nadan\u00ed \u017e\u00e1ci"}]},{"@type":"WebSite","@id":"https:\/\/www.helloskola.cz\/zakladni-skola\/#website","url":"https:\/\/www.helloskola.cz\/zakladni-skola\/","name":"Z\u00e1kladn\u00ed \u0161kola HELLO","description":"\u010desko-anglick\u00e1 z\u00e1kladn\u00ed \u0161kola, Ostrava Poruba","publisher":{"@id":"https:\/\/www.helloskola.cz\/zakladni-skola\/#organization"},"potentialAction":[{"@type":"SearchAction","target":{"@type":"EntryPoint","urlTemplate":"https:\/\/www.helloskola.cz\/zakladni-skola\/?s={search_term_string}"},"query-input":{"@type":"PropertyValueSpecification","valueRequired":true,"valueName":"search_term_string"}}],"inLanguage":"cs"},{"@type":"Organization","@id":"https:\/\/www.helloskola.cz\/zakladni-skola\/#organization","name":"Z\u00e1kladn\u00ed \u0161kola Hello","url":"https:\/\/www.helloskola.cz\/zakladni-skola\/","logo":{"@type":"ImageObject","inLanguage":"cs","@id":"https:\/\/www.helloskola.cz\/zakladni-skola\/#\/schema\/logo\/image\/","url":"https:\/\/www.helloskola.cz\/zakladni-skola\/wp-content\/uploads\/sites\/6\/2022\/02\/hello_gy_zakladka_logo.svg","contentUrl":"https:\/\/www.helloskola.cz\/zakladni-skola\/wp-content\/uploads\/sites\/6\/2022\/02\/hello_gy_zakladka_logo.svg","width":100,"height":100,"caption":"Z\u00e1kladn\u00ed \u0161kola Hello"},"image":{"@id":"https:\/\/www.helloskola.cz\/zakladni-skola\/#\/schema\/logo\/image\/"}}]}},"_links":{"self":[{"href":"https:\/\/www.helloskola.cz\/zakladni-skola\/wp-json\/wp\/v2\/pages\/2124","targetHints":{"allow":["GET"]}}],"collection":[{"href":"https:\/\/www.helloskola.cz\/zakladni-skola\/wp-json\/wp\/v2\/pages"}],"about":[{"href":"https:\/\/www.helloskola.cz\/zakladni-skola\/wp-json\/wp\/v2\/types\/page"}],"author":[{"embeddable":true,"href":"https:\/\/www.helloskola.cz\/zakladni-skola\/wp-json\/wp\/v2\/users\/1"}],"replies":[{"embeddable":true,"href":"https:\/\/www.helloskola.cz\/zakladni-skola\/wp-json\/wp\/v2\/comments?post=2124"}],"version-history":[{"count":6,"href":"https:\/\/www.helloskola.cz\/zakladni-skola\/wp-json\/wp\/v2\/pages\/2124\/revisions"}],"predecessor-version":[{"id":6859,"href":"https:\/\/www.helloskola.cz\/zakladni-skola\/wp-json\/wp\/v2\/pages\/2124\/revisions\/6859"}],"up":[{"embeddable":true,"href":"https:\/\/www.helloskola.cz\/zakladni-skola\/wp-json\/wp\/v2\/pages\/1670"}],"wp:featuredmedia":[{"embeddable":true,"href":"https:\/\/www.helloskola.cz\/zakladni-skola\/wp-json\/wp\/v2\/media\/2575"}],"wp:attachment":[{"href":"https:\/\/www.helloskola.cz\/zakladni-skola\/wp-json\/wp\/v2\/media?parent=2124"}],"curies":[{"name":"wp","href":"https:\/\/api.w.org\/{rel}","templated":true}]}}