{"id":4431,"date":"2023-04-25T13:36:00","date_gmt":"2023-04-25T11:36:00","guid":{"rendered":"https:\/\/www.helloskola.cz\/zakladni-skola\/?post_type=novinky&#038;p=4431"},"modified":"2023-04-25T13:43:32","modified_gmt":"2023-04-25T11:43:32","slug":"den-zeme","status":"publish","type":"novinky","link":"https:\/\/www.helloskola.cz\/zakladni-skola\/novinky\/den-zeme\/","title":{"rendered":"Den Zem\u011b"},"content":{"rendered":"\n<p>Den Zem\u011b jsme dnes oslavili na Hlavn\u00ed t\u0159\u00edd\u011b pozn\u00e1v\u00e1n\u00edm zaj\u00edmav\u00fdch p\u0159\u00edrodn\u00edch z\u00e1konitost\u00ed a v\u00fdrobou kr\u00e1sn\u00fdch p\u0159edm\u011bt\u016f u st\u00e1nk\u016f V\u0160B, st\u0159edisek voln\u00e9ho \u010dasu a jin\u00fdch \u0161kol. <\/p>\n\n\n\n<p><a href=\"https:\/\/helloskola.rajce.idnes.cz\/2._trida_ve_sk._r._22_23\/1586202937\" target=\"_blank\" rel=\"noreferrer noopener\">Fotogalerie<\/a><\/p>\n","protected":false},"featured_media":4432,"template":"","kategorie-skolni-rok":[27],"class_list":["post-4431","novinky","type-novinky","status-publish","has-post-thumbnail","hentry","kategorie-skolni-rok-2-pololeti-skolni-rok-2022-2023"],"yoast_head":"<!-- This site is optimized with the Yoast SEO plugin v24.8.1 - https:\/\/yoast.com\/wordpress\/plugins\/seo\/ -->\n<title>Den Zem\u011b | Z\u00e1kladn\u00ed \u0161kola HELLO<\/title>\n<meta name=\"robots\" content=\"index, follow, max-snippet:-1, max-image-preview:large, max-video-preview:-1\" \/>\n<link rel=\"canonical\" href=\"https:\/\/www.helloskola.cz\/zakladni-skola\/novinky\/den-zeme\/\" \/>\n<meta property=\"og:locale\" content=\"cs_CZ\" \/>\n<meta property=\"og:type\" content=\"article\" \/>\n<meta property=\"og:title\" content=\"Den Zem\u011b | Z\u00e1kladn\u00ed \u0161kola HELLO\" \/>\n<meta property=\"og:description\" content=\"Den Zem\u011b jsme dnes oslavili na Hlavn\u00ed t\u0159\u00edd\u011b pozn\u00e1v\u00e1n\u00edm zaj\u00edmav\u00fdch p\u0159\u00edrodn\u00edch z\u00e1konitost\u00ed a v\u00fdrobou kr\u00e1sn\u00fdch p\u0159edm\u011bt\u016f u st\u00e1nk\u016f V\u0160B, st\u0159edisek voln\u00e9ho \u010dasu a jin\u00fdch \u0161kol. Fotogalerie\" \/>\n<meta property=\"og:url\" content=\"https:\/\/www.helloskola.cz\/zakladni-skola\/novinky\/den-zeme\/\" \/>\n<meta property=\"og:site_name\" content=\"Z\u00e1kladn\u00ed \u0161kola HELLO\" \/>\n<meta property=\"article:modified_time\" content=\"2023-04-25T11:43:32+00:00\" \/>\n<meta property=\"og:image\" content=\"https:\/\/www.helloskola.cz\/zakladni-skola\/wp-content\/uploads\/sites\/6\/2023\/04\/IMG_0007-scaled.jpg\" \/>\n\t<meta property=\"og:image:width\" content=\"1920\" \/>\n\t<meta property=\"og:image:height\" content=\"2560\" \/>\n\t<meta property=\"og:image:type\" content=\"image\/jpeg\" \/>\n<meta name=\"twitter:card\" content=\"summary_large_image\" \/>\n<meta name=\"twitter:label1\" content=\"Odhadovan\u00e1 doba \u010dten\u00ed\" \/>\n\t<meta name=\"twitter:data1\" content=\"1 minuta\" \/>\n<script type=\"application\/ld+json\" class=\"yoast-schema-graph\">{\"@context\":\"https:\/\/schema.org\",\"@graph\":[{\"@type\":\"WebPage\",\"@id\":\"https:\/\/www.helloskola.cz\/zakladni-skola\/novinky\/den-zeme\/\",\"url\":\"https:\/\/www.helloskola.cz\/zakladni-skola\/novinky\/den-zeme\/\",\"name\":\"Den Zem\u011b | Z\u00e1kladn\u00ed \u0161kola HELLO\",\"isPartOf\":{\"@id\":\"https:\/\/www.helloskola.cz\/zakladni-skola\/#website\"},\"primaryImageOfPage\":{\"@id\":\"https:\/\/www.helloskola.cz\/zakladni-skola\/novinky\/den-zeme\/#primaryimage\"},\"image\":{\"@id\":\"https:\/\/www.helloskola.cz\/zakladni-skola\/novinky\/den-zeme\/#primaryimage\"},\"thumbnailUrl\":\"https:\/\/www.helloskola.cz\/zakladni-skola\/wp-content\/uploads\/sites\/6\/2023\/04\/IMG_0007-scaled.jpg\",\"datePublished\":\"2023-04-25T11:36:00+00:00\",\"dateModified\":\"2023-04-25T11:43:32+00:00\",\"breadcrumb\":{\"@id\":\"https:\/\/www.helloskola.cz\/zakladni-skola\/novinky\/den-zeme\/#breadcrumb\"},\"inLanguage\":\"cs\",\"potentialAction\":[{\"@type\":\"ReadAction\",\"target\":[\"https:\/\/www.helloskola.cz\/zakladni-skola\/novinky\/den-zeme\/\"]}]},{\"@type\":\"ImageObject\",\"inLanguage\":\"cs\",\"@id\":\"https:\/\/www.helloskola.cz\/zakladni-skola\/novinky\/den-zeme\/#primaryimage\",\"url\":\"https:\/\/www.helloskola.cz\/zakladni-skola\/wp-content\/uploads\/sites\/6\/2023\/04\/IMG_0007-scaled.jpg\",\"contentUrl\":\"https:\/\/www.helloskola.cz\/zakladni-skola\/wp-content\/uploads\/sites\/6\/2023\/04\/IMG_0007-scaled.jpg\",\"width\":1920,\"height\":2560},{\"@type\":\"BreadcrumbList\",\"@id\":\"https:\/\/www.helloskola.cz\/zakladni-skola\/novinky\/den-zeme\/#breadcrumb\",\"itemListElement\":[{\"@type\":\"ListItem\",\"position\":1,\"name\":\"\u00davod\",\"item\":\"https:\/\/www.helloskola.cz\/zakladni-skola\/\"},{\"@type\":\"ListItem\",\"position\":2,\"name\":\"Novinky\",\"item\":\"https:\/\/www.helloskola.cz\/zakladni-skola\/novinky\/\"},{\"@type\":\"ListItem\",\"position\":3,\"name\":\"\u0160koln\u00ed rok 2022\/2023\",\"item\":\"https:\/\/www.helloskola.cz\/zakladni-skola\/kategorie-skolni-rok\/skolni-rok-2022-2023\/\"},{\"@type\":\"ListItem\",\"position\":4,\"name\":\"2. pololet\u00ed\",\"item\":\"https:\/\/www.helloskola.cz\/zakladni-skola\/kategorie-skolni-rok\/2-pololeti-skolni-rok-2022-2023\/\"},{\"@type\":\"ListItem\",\"position\":5,\"name\":\"Den Zem\u011b\"}]},{\"@type\":\"WebSite\",\"@id\":\"https:\/\/www.helloskola.cz\/zakladni-skola\/#website\",\"url\":\"https:\/\/www.helloskola.cz\/zakladni-skola\/\",\"name\":\"Z\u00e1kladn\u00ed \u0161kola HELLO\",\"description\":\"\u010desko-anglick\u00e1 z\u00e1kladn\u00ed \u0161kola, Ostrava Poruba\",\"publisher\":{\"@id\":\"https:\/\/www.helloskola.cz\/zakladni-skola\/#organization\"},\"potentialAction\":[{\"@type\":\"SearchAction\",\"target\":{\"@type\":\"EntryPoint\",\"urlTemplate\":\"https:\/\/www.helloskola.cz\/zakladni-skola\/?s={search_term_string}\"},\"query-input\":{\"@type\":\"PropertyValueSpecification\",\"valueRequired\":true,\"valueName\":\"search_term_string\"}}],\"inLanguage\":\"cs\"},{\"@type\":\"Organization\",\"@id\":\"https:\/\/www.helloskola.cz\/zakladni-skola\/#organization\",\"name\":\"Z\u00e1kladn\u00ed \u0161kola Hello\",\"url\":\"https:\/\/www.helloskola.cz\/zakladni-skola\/\",\"logo\":{\"@type\":\"ImageObject\",\"inLanguage\":\"cs\",\"@id\":\"https:\/\/www.helloskola.cz\/zakladni-skola\/#\/schema\/logo\/image\/\",\"url\":\"https:\/\/www.helloskola.cz\/zakladni-skola\/wp-content\/uploads\/sites\/6\/2022\/02\/hello_gy_zakladka_logo.svg\",\"contentUrl\":\"https:\/\/www.helloskola.cz\/zakladni-skola\/wp-content\/uploads\/sites\/6\/2022\/02\/hello_gy_zakladka_logo.svg\",\"width\":100,\"height\":100,\"caption\":\"Z\u00e1kladn\u00ed \u0161kola Hello\"},\"image\":{\"@id\":\"https:\/\/www.helloskola.cz\/zakladni-skola\/#\/schema\/logo\/image\/\"}}]}<\/script>\n<!-- \/ Yoast SEO plugin. -->","yoast_head_json":{"title":"Den Zem\u011b | Z\u00e1kladn\u00ed \u0161kola HELLO","robots":{"index":"index","follow":"follow","max-snippet":"max-snippet:-1","max-image-preview":"max-image-preview:large","max-video-preview":"max-video-preview:-1"},"canonical":"https:\/\/www.helloskola.cz\/zakladni-skola\/novinky\/den-zeme\/","og_locale":"cs_CZ","og_type":"article","og_title":"Den Zem\u011b | Z\u00e1kladn\u00ed \u0161kola HELLO","og_description":"Den Zem\u011b jsme dnes oslavili na Hlavn\u00ed t\u0159\u00edd\u011b pozn\u00e1v\u00e1n\u00edm zaj\u00edmav\u00fdch p\u0159\u00edrodn\u00edch z\u00e1konitost\u00ed a v\u00fdrobou kr\u00e1sn\u00fdch p\u0159edm\u011bt\u016f u st\u00e1nk\u016f V\u0160B, st\u0159edisek voln\u00e9ho \u010dasu a jin\u00fdch \u0161kol. Fotogalerie","og_url":"https:\/\/www.helloskola.cz\/zakladni-skola\/novinky\/den-zeme\/","og_site_name":"Z\u00e1kladn\u00ed \u0161kola HELLO","article_modified_time":"2023-04-25T11:43:32+00:00","og_image":[{"width":1920,"height":2560,"url":"https:\/\/www.helloskola.cz\/zakladni-skola\/wp-content\/uploads\/sites\/6\/2023\/04\/IMG_0007-scaled.jpg","type":"image\/jpeg"}],"twitter_card":"summary_large_image","twitter_misc":{"Odhadovan\u00e1 doba \u010dten\u00ed":"1 minuta"},"schema":{"@context":"https:\/\/schema.org","@graph":[{"@type":"WebPage","@id":"https:\/\/www.helloskola.cz\/zakladni-skola\/novinky\/den-zeme\/","url":"https:\/\/www.helloskola.cz\/zakladni-skola\/novinky\/den-zeme\/","name":"Den Zem\u011b | Z\u00e1kladn\u00ed \u0161kola HELLO","isPartOf":{"@id":"https:\/\/www.helloskola.cz\/zakladni-skola\/#website"},"primaryImageOfPage":{"@id":"https:\/\/www.helloskola.cz\/zakladni-skola\/novinky\/den-zeme\/#primaryimage"},"image":{"@id":"https:\/\/www.helloskola.cz\/zakladni-skola\/novinky\/den-zeme\/#primaryimage"},"thumbnailUrl":"https:\/\/www.helloskola.cz\/zakladni-skola\/wp-content\/uploads\/sites\/6\/2023\/04\/IMG_0007-scaled.jpg","datePublished":"2023-04-25T11:36:00+00:00","dateModified":"2023-04-25T11:43:32+00:00","breadcrumb":{"@id":"https:\/\/www.helloskola.cz\/zakladni-skola\/novinky\/den-zeme\/#breadcrumb"},"inLanguage":"cs","potentialAction":[{"@type":"ReadAction","target":["https:\/\/www.helloskola.cz\/zakladni-skola\/novinky\/den-zeme\/"]}]},{"@type":"ImageObject","inLanguage":"cs","@id":"https:\/\/www.helloskola.cz\/zakladni-skola\/novinky\/den-zeme\/#primaryimage","url":"https:\/\/www.helloskola.cz\/zakladni-skola\/wp-content\/uploads\/sites\/6\/2023\/04\/IMG_0007-scaled.jpg","contentUrl":"https:\/\/www.helloskola.cz\/zakladni-skola\/wp-content\/uploads\/sites\/6\/2023\/04\/IMG_0007-scaled.jpg","width":1920,"height":2560},{"@type":"BreadcrumbList","@id":"https:\/\/www.helloskola.cz\/zakladni-skola\/novinky\/den-zeme\/#breadcrumb","itemListElement":[{"@type":"ListItem","position":1,"name":"\u00davod","item":"https:\/\/www.helloskola.cz\/zakladni-skola\/"},{"@type":"ListItem","position":2,"name":"Novinky","item":"https:\/\/www.helloskola.cz\/zakladni-skola\/novinky\/"},{"@type":"ListItem","position":3,"name":"\u0160koln\u00ed rok 2022\/2023","item":"https:\/\/www.helloskola.cz\/zakladni-skola\/kategorie-skolni-rok\/skolni-rok-2022-2023\/"},{"@type":"ListItem","position":4,"name":"2. pololet\u00ed","item":"https:\/\/www.helloskola.cz\/zakladni-skola\/kategorie-skolni-rok\/2-pololeti-skolni-rok-2022-2023\/"},{"@type":"ListItem","position":5,"name":"Den Zem\u011b"}]},{"@type":"WebSite","@id":"https:\/\/www.helloskola.cz\/zakladni-skola\/#website","url":"https:\/\/www.helloskola.cz\/zakladni-skola\/","name":"Z\u00e1kladn\u00ed \u0161kola HELLO","description":"\u010desko-anglick\u00e1 z\u00e1kladn\u00ed \u0161kola, Ostrava Poruba","publisher":{"@id":"https:\/\/www.helloskola.cz\/zakladni-skola\/#organization"},"potentialAction":[{"@type":"SearchAction","target":{"@type":"EntryPoint","urlTemplate":"https:\/\/www.helloskola.cz\/zakladni-skola\/?s={search_term_string}"},"query-input":{"@type":"PropertyValueSpecification","valueRequired":true,"valueName":"search_term_string"}}],"inLanguage":"cs"},{"@type":"Organization","@id":"https:\/\/www.helloskola.cz\/zakladni-skola\/#organization","name":"Z\u00e1kladn\u00ed \u0161kola Hello","url":"https:\/\/www.helloskola.cz\/zakladni-skola\/","logo":{"@type":"ImageObject","inLanguage":"cs","@id":"https:\/\/www.helloskola.cz\/zakladni-skola\/#\/schema\/logo\/image\/","url":"https:\/\/www.helloskola.cz\/zakladni-skola\/wp-content\/uploads\/sites\/6\/2022\/02\/hello_gy_zakladka_logo.svg","contentUrl":"https:\/\/www.helloskola.cz\/zakladni-skola\/wp-content\/uploads\/sites\/6\/2022\/02\/hello_gy_zakladka_logo.svg","width":100,"height":100,"caption":"Z\u00e1kladn\u00ed \u0161kola Hello"},"image":{"@id":"https:\/\/www.helloskola.cz\/zakladni-skola\/#\/schema\/logo\/image\/"}}]}},"_links":{"self":[{"href":"https:\/\/www.helloskola.cz\/zakladni-skola\/wp-json\/wp\/v2\/novinky\/4431","targetHints":{"allow":["GET"]}}],"collection":[{"href":"https:\/\/www.helloskola.cz\/zakladni-skola\/wp-json\/wp\/v2\/novinky"}],"about":[{"href":"https:\/\/www.helloskola.cz\/zakladni-skola\/wp-json\/wp\/v2\/types\/novinky"}],"wp:featuredmedia":[{"embeddable":true,"href":"https:\/\/www.helloskola.cz\/zakladni-skola\/wp-json\/wp\/v2\/media\/4432"}],"wp:attachment":[{"href":"https:\/\/www.helloskola.cz\/zakladni-skola\/wp-json\/wp\/v2\/media?parent=4431"}],"wp:term":[{"taxonomy":"kategorie-skolni-rok","embeddable":true,"href":"https:\/\/www.helloskola.cz\/zakladni-skola\/wp-json\/wp\/v2\/kategorie-skolni-rok?post=4431"}],"curies":[{"name":"wp","href":"https:\/\/api.w.org\/{rel}","templated":true}]}}

Den Země

<p>Den Země jsme dnes oslavili na Hlavní třídě poznáváním zajímavých přírodních zákonitostí a výrobou krásných předmětů u stánků VŠB, středisek volného času a jiných škol. </p>



<p><a href="https://helloskola.rajce.idnes.cz/2._trida_ve_sk._r._22_23/1586202937" target="_blank" rel="noreferrer noopener">Fotogalerie</a></p>

<!-- This site is optimized with the Yoast SEO plugin v24.8.1 - https://yoast.com/wordpress/plugins/seo/ -->
<title>Den Země | Základní škola HELLO</title>
<meta name="robots" content="index, follow, max-snippet:-1, max-image-preview:large, max-video-preview:-1" />
<link rel="canonical" href="https://www.helloskola.cz/zakladni-skola/novinky/den-zeme/" />
<meta property="og:locale" content="cs_CZ" />
<meta property="og:type" content="article" />
<meta property="og:title" content="Den Země | Základní škola HELLO" />
<meta property="og:description" content="Den Země jsme dnes oslavili na Hlavní třídě poznáváním zajímavých přírodních zákonitostí a výrobou krásných předmětů u stánků VŠB, středisek volného času a jiných škol. Fotogalerie" />
<meta property="og:url" content="https://www.helloskola.cz/zakladni-skola/novinky/den-zeme/" />
<meta property="og:site_name" content="Základní škola HELLO" />
<meta property="article:modified_time" content="2023-04-25T11:43:32+00:00" />
<meta property="og:image" content="https://www.helloskola.cz/zakladni-skola/wp-content/uploads/sites/6/2023/04/IMG_0007-scaled.jpg" />
	<meta property="og:image:width" content="1920" />
	<meta property="og:image:height" content="2560" />
	<meta property="og:image:type" content="image/jpeg" />
<meta name="twitter:card" content="summary_large_image" />
<meta name="twitter:label1" content="Odhadovaná doba čtení" />
	<meta name="twitter:data1" content="1 minuta" />
<script type="application/ld+json" class="yoast-schema-graph">{"@context":"https://schema.org","@graph":[{"@type":"WebPage","@id":"https://www.helloskola.cz/zakladni-skola/novinky/den-zeme/","url":"https://www.helloskola.cz/zakladni-skola/novinky/den-zeme/","name":"Den Země | Základní škola HELLO","isPartOf":{"@id":"https://www.helloskola.cz/zakladni-skola/#website"},"primaryImageOfPage":{"@id":"https://www.helloskola.cz/zakladni-skola/novinky/den-zeme/#primaryimage"},"image":{"@id":"https://www.helloskola.cz/zakladni-skola/novinky/den-zeme/#primaryimage"},"thumbnailUrl":"https://www.helloskola.cz/zakladni-skola/wp-content/uploads/sites/6/2023/04/IMG_0007-scaled.jpg","datePublished":"2023-04-25T11:36:00+00:00","dateModified":"2023-04-25T11:43:32+00:00","breadcrumb":{"@id":"https://www.helloskola.cz/zakladni-skola/novinky/den-zeme/#breadcrumb"},"inLanguage":"cs","potentialAction":[{"@type":"ReadAction","target":["https://www.helloskola.cz/zakladni-skola/novinky/den-zeme/"]}]},{"@type":"ImageObject","inLanguage":"cs","@id":"https://www.helloskola.cz/zakladni-skola/novinky/den-zeme/#primaryimage","url":"https://www.helloskola.cz/zakladni-skola/wp-content/uploads/sites/6/2023/04/IMG_0007-scaled.jpg","contentUrl":"https://www.helloskola.cz/zakladni-skola/wp-content/uploads/sites/6/2023/04/IMG_0007-scaled.jpg","width":1920,"height":2560},{"@type":"BreadcrumbList","@id":"https://www.helloskola.cz/zakladni-skola/novinky/den-zeme/#breadcrumb","itemListElement":[{"@type":"ListItem","position":1,"name":"Úvod","item":"https://www.helloskola.cz/zakladni-skola/"},{"@type":"ListItem","position":2,"name":"Novinky","item":"https://www.helloskola.cz/zakladni-skola/novinky/"},{"@type":"ListItem","position":3,"name":"Školní rok 2022/2023","item":"https://www.helloskola.cz/zakladni-skola/kategorie-skolni-rok/skolni-rok-2022-2023/"},{"@type":"ListItem","position":4,"name":"2. pololetí","item":"https://www.helloskola.cz/zakladni-skola/kategorie-skolni-rok/2-pololeti-skolni-rok-2022-2023/"},{"@type":"ListItem","position":5,"name":"Den Země"}]},{"@type":"WebSite","@id":"https://www.helloskola.cz/zakladni-skola/#website","url":"https://www.helloskola.cz/zakladni-skola/","name":"Základní škola HELLO","description":"česko-anglická základní škola, Ostrava Poruba","publisher":{"@id":"https://www.helloskola.cz/zakladni-skola/#organization"},"potentialAction":[{"@type":"SearchAction","target":{"@type":"EntryPoint","urlTemplate":"https://www.helloskola.cz/zakladni-skola/?s={search_term_string}"},"query-input":{"@type":"PropertyValueSpecification","valueRequired":true,"valueName":"search_term_string"}}],"inLanguage":"cs"},{"@type":"Organization","@id":"https://www.helloskola.cz/zakladni-skola/#organization","name":"Základní škola Hello","url":"https://www.helloskola.cz/zakladni-skola/","logo":{"@type":"ImageObject","inLanguage":"cs","@id":"https://www.helloskola.cz/zakladni-skola/#/schema/logo/image/","url":"https://www.helloskola.cz/zakladni-skola/wp-content/uploads/sites/6/2022/02/hello_gy_zakladka_logo.svg","contentUrl":"https://www.helloskola.cz/zakladni-skola/wp-content/uploads/sites/6/2022/02/hello_gy_zakladka_logo.svg","width":100,"height":100,"caption":"Základní škola Hello"},"image":{"@id":"https://www.helloskola.cz/zakladni-skola/#/schema/logo/image/"}}]}</script>
<!-- / Yoast SEO plugin. -->

Den Země | Základní škola HELLO

Den Země jsme dnes oslavili na Hlavní třídě poznáváním zajímavých přírodních zákonitostí a výrobou krásných předmětů u stánků VŠB, středisek volného času a jiných škol. Fotogalerie

Základní škola HELLO

Úvod

Školní rok 2022/2023

2. pololetí

česko-anglická základní škola, Ostrava Poruba

Základní škola Hello
