{"id":685,"date":"2022-03-10T23:36:34","date_gmt":"2022-03-10T22:36:34","guid":{"rendered":"https:\/\/www.helloskola.cz\/gymnazium\/?page_id=685"},"modified":"2022-04-20T14:32:23","modified_gmt":"2022-04-20T12:32:23","slug":"o-skole","status":"publish","type":"page","link":"https:\/\/www.helloskola.cz\/gymnazium\/o-skole\/","title":{"rendered":"O \u0161kole"},"content":{"rendered":"\n<p>Sledujte n\u00e1\u0161 facebook a&nbsp;nic v\u00e1m neunikne&nbsp;<a href=\"https:\/\/www.facebook.com\/gymnasium.hello\" target=\"_blank\" rel=\"noreferrer noopener\">Gymn\u00e1zia Hello na facebooku.<\/a><\/p>\n\n\n\n<h2 class=\"wp-block-heading\">Na \u010dem stav\u00edme a&nbsp;jak fungujeme:<\/h2>\n\n\n\n<p><strong>Vyv\u00e1\u017een\u00fd \u0161koln\u00ed vzd\u011bl\u00e1vac\u00ed program<\/strong>\u00a0&#8211; je postaven na v\u0161eobecn\u00e9m vzd\u011bl\u00e1n\u00ed a\u00a0d\u00e1v\u00e1 stejn\u00fd prostor jak humanitn\u00edm, tak p\u0159\u00edrodov\u011bdn\u00fdm v\u011bd\u00e1m. Ve 3. a\u00a04. ro\u010dn\u00edku, pak maj\u00ed \u017e\u00e1ci mo\u017enost profilovat se formou voliteln\u00fdch semin\u00e1\u0159\u016f. Pevn\u011b je v\u00a0\u0160VP zakomponov\u00e1n p\u0159edm\u011bt SV\u011aT V\u00a0SOUVISLOSTECH, kter\u00fd ve \u010dtvrt\u00e9m ro\u010dn\u00edku student\u016fm nab\u00edz\u00ed aktu\u00e1ln\u00ed t\u00e9mata, motivuje je k\u00a0propojov\u00e1n\u00ed nabit\u00fdch v\u011bdomost\u00ed, ale rozv\u00edj\u00ed i\u00a0soft skills. Hl\u00edd\u00e1me si i\u00a0mezip\u0159edm\u011btov\u00e9 vazby, poskytujeme vhled do medi\u00e1ln\u00ed sc\u00e9ny, rozv\u00edj\u00edme kritick\u00e9 my\u0161len\u00ed a\u00a0\u010dten\u00e1\u0159skou gramotnost. Na\u0161i absolventi jsou \u00fasp\u011b\u0161n\u00ed v\u00a0p\u0159ij\u00edmac\u00edm \u0159\u00edzen\u00ed na v\u0161ech typech vysok\u00fdch \u0161kol. NA\u0160I ABSOLVENTI V\u00cd, CO SE \u017dIVOTEM.<br><br><strong>Roz\u0161\u00ed\u0159en\u00e1 v\u00fduka jazyk\u016f<\/strong>\u00a0a\u00a0p\u0159\u00edprava na zkou\u0161ky\u00a0<strong>Cambridge English<\/strong>\u00a0\u2013 zakl\u00e1d\u00e1me si na tom, aby v\u0161ichni na\u0161i \u017e\u00e1ci prakticky ovl\u00e1dali \u017eiv\u00fd jazyk na komunikativn\u00ed \u00farovni. Proto maj\u00ed ka\u017ed\u00fd t\u00fdden ve v\u0161ech ro\u010dn\u00edc\u00edch hodiny s\u00a0rodil\u00fdmi mluv\u010d\u00edmi. Pevnou sou\u010d\u00e1st\u00ed pedagogick\u00e9ho sboru jsou rodil\u00ed mluv\u010d\u00ed, kte\u0159\u00ed z\u00e1rove\u0148 maj\u00ed didaktick\u00e9 dovednosti. P\u0159ipravujeme \u017e\u00e1ky na mezin\u00e1rodn\u00ed zkou\u0161ky Cambridge English, kter\u00e9 jsou celo\u017eivotn\u011b a\u00a0mezin\u00e1rodn\u011b platn\u00e9 (na rozd\u00edl od maturitn\u00ed zkou\u0161ky). Podporov\u00e1ny jsou i\u00a0dal\u0161\u00ed jazyky &#8211; zvl\u00e1\u0161t\u011b pak \u0161pan\u011bl\u0161tina a\u00a0n\u011bm\u010dina &#8211; rovn\u011b\u017e s\u00a0mo\u017enostmi certifik\u00e1t\u016f. PRO NA\u0160E ABSOLVENTY JE CIZ\u00cd JAZYK SAMOZ\u0158EJMOST\u00cd.<br><br><strong>Seberealizace a\u00a0odpov\u011bdnost<\/strong>\u00a0\u2013 podporujeme \u017e\u00e1ky k\u00a0spoluvytv\u00e1\u0159en\u00ed \u0161koly, a\u0165 u\u017e prost\u0159ednictv\u00edm \u0161koln\u00edho parlamentu, \u0161koln\u00edho \u010dasopisu \u010di individu\u00e1ln\u011b. Vedeme je k\u00a0odpov\u011bdn\u00e9mu chov\u00e1n\u00ed k\u00a0sob\u011b, i\u00a0ke sv\u011btu, v\u00a0n\u011bm\u017e \u017eij\u00ed. \u017d\u00e1ci organizuj\u00ed charitativn\u00ed sb\u00edrky, daruj\u00ed krev, pod\u00edl\u00ed se na aktivit\u00e1ch pro seniory, zvelebov\u00e1n\u00ed vlastn\u00edho okol\u00ed \u010di se \u00fa\u010dastn\u00ed projekt\u016f s\u00a0ekologickou t\u00e9matikou. Dle \u010cesk\u00e9 \u0161koln\u00ed inspekce \u201e\u2026vyu\u017e\u00edv\u00e1 \u0161kola pozitivn\u00ed motivace, podporuje samostatnost a\u00a0tvo\u0159ivost \u017e\u00e1k\u016f, poskytuje prostor pro seberealizaci, v\u010detn\u011b rozvoje p\u0159irozen\u00e9ho nad\u00e1n\u00ed.\u201c DEBATY SE NA HELLO NIKDO NEBOJ\u00cd.<br><br><strong>Otev\u0159enost<\/strong>\u00a0\u2013 jsme otev\u0159en\u00ed nov\u00fdm trend\u016fm, sv\u011btu mimo \u0161kolu, spolupr\u00e1ci s\u00a0vysok\u00fdmi \u0161kolami, v\u011bdeck\u00fdmi \u00fastavy, firmami, \u00fa\u010dastn\u00edme se mezin\u00e1rodn\u00edch projekt\u016f Erasmus+, Edison, eTwining a\u00a0dal\u0161\u00edch. Mezi pedagogy jsou i\u00a0lid\u00e9 z\u00a0praxe. Podporujeme ve\u0161ker\u00e9 aktivity, kter\u00e9 p\u0159in\u00e1\u0161\u00ed tolik pot\u0159ebn\u00fd kontakt s\u00a0realitou a\u00a0zku\u0161enosti. MODERN\u00cd DIDAKTIKA JE U\u00a0N\u00c1S NA PROGRAMU DNE.<br><br><strong>Respekt<\/strong>\u00a0\u2013 p\u011bstujeme vz\u00e1jemn\u00fd respekt mezi \u017e\u00e1ky a\u00a0pedagogy. Klima t\u0159\u00eddy je na prvn\u00edm m\u00edst\u011b. Z\u00a0pr\u016fzkum\u016f mezi \u017e\u00e1ky vypl\u00fdv\u00e1, \u017ee pr\u00e1v\u011b vst\u0159\u00edcn\u00fd p\u0159\u00edstup pedagog\u016f a\u00a0jejich podpora, je jedna z\u00a0v\u011bc\u00ed, kter\u00e9 si na \u0161kole nejv\u00edc cen\u00ed. Pr\u00e1ce pedagoga nekon\u010d\u00ed se zazvon\u011bn\u00edm. JSME \u0160KOLA, KDE VZNIKAJ\u00cd CELO\u017dIVOTN\u00cd P\u0158\u00c1TELSTV\u00cd.<br><br><strong>Bezpe\u010dnost<\/strong>\u00a0\u2013 jsme mal\u00e1 \u0161kola, zn\u00e1me ka\u017ed\u00e9ho \u017e\u00e1ka. To n\u00e1m umo\u017e\u0148uje \u017e\u00e1ky nasm\u011brovat a\u00a0zav\u010dasu reagovat na p\u0159\u00edpadn\u00e9 ne\u017e\u00e1douc\u00ed jevy v\u00a0kolektivu. UM\u00cdME POMOCI.<br><br><strong>Mimo\u0161koln\u00ed aktivity<\/strong>\u00a0\u2013 p\u0159es ve\u0161kerou pr\u00e1ci v\u00a0hodin\u00e1ch si uv\u011bdomujeme, \u017ee to, na co se nejv\u00edc vzpom\u00edn\u00e1, obvykle neb\u00fdv\u00e1 spjato s\u00a0v\u00fdukou, ale se spole\u010dn\u00fdmi z\u00e1\u017eitky mimo \u0161kolu. Proto organizujeme adapta\u010dn\u00ed kurzy a\u00a0ly\u017ea\u0159sk\u00e9 kurzy, v\u00fdjezdy do zahrani\u010d\u00ed, besedy, spole\u010dn\u00e1 divadla, liter\u00e1rn\u00ed autobusy, debatn\u00ed ligy, v\u011bdeck\u00e9 exkurze aj. JDEME DO Z\u00c1\u017dITK\u016e.<br><br><strong>Prosp\u011bchov\u00e1 a\u00a0soci\u00e1ln\u00ed stipendia<\/strong>\u00a0\u2013 chceme \u0161kolu u\u010dinit p\u0159\u00edstupnou pro v\u0161echny \u017e\u00e1ky, proto nab\u00edz\u00edme soci\u00e1ln\u00ed stipendia a\u017e do v\u00fd\u0161e 10 tis. ro\u010dn\u011b, kter\u00e9 pokr\u00fdv\u00e1 \u0161koln\u00e9. Z\u00e1rove\u0148 chceme ocenit studijn\u00ed \u00fasp\u011bchy a\u00a0poskytujeme nejlep\u0161\u00edm \u017e\u00e1k\u016fm prosp\u011bchov\u00e9 stipendium a\u017e ve v\u00fd\u0161i 10 tis\u00edc korun ro\u010dn\u011b. D\u011aTI SI LEP\u0160\u00cd \u0160KOLU ZASLOU\u017d\u00cd.<\/p>\n","protected":false},"excerpt":{"rendered":"<p>Sledujte n\u00e1\u0161 facebook a&nbsp;nic v\u00e1m neunikne&nbsp;Gymn\u00e1zia Hello na facebooku. Na \u010dem stav\u00edme a&nbsp;jak fungujeme: Vyv\u00e1\u017een\u00fd \u0161koln\u00ed vzd\u011bl\u00e1vac\u00ed program\u00a0&#8211; je postaven na v\u0161eobecn\u00e9m vzd\u011bl\u00e1n\u00ed a\u00a0d\u00e1v\u00e1 stejn\u00fd prostor jak humanitn\u00edm, tak p\u0159\u00edrodov\u011bdn\u00fdm v\u011bd\u00e1m. Ve 3. a\u00a04. ro\u010dn\u00edku, pak maj\u00ed \u017e\u00e1ci mo\u017enost profilovat se formou voliteln\u00fdch semin\u00e1\u0159\u016f. Pevn\u011b je v\u00a0\u0160VP zakomponov\u00e1n p\u0159edm\u011bt SV\u011aT V\u00a0SOUVISLOSTECH, kter\u00fd ve \u010dtvrt\u00e9m ro\u010dn\u00edku [&hellip;]<\/p>\n","protected":false},"author":1,"featured_media":1779,"parent":0,"menu_order":0,"comment_status":"closed","ping_status":"closed","template":"","meta":{"footnotes":""},"class_list":["post-685","page","type-page","status-publish","has-post-thumbnail","hentry"],"yoast_head":"<!-- This site is optimized with the Yoast SEO plugin v24.8.1 - https:\/\/yoast.com\/wordpress\/plugins\/seo\/ -->\n<title>O \u0161kole | Gymn\u00e1zium HELLO<\/title>\n<meta name=\"robots\" content=\"index, follow, max-snippet:-1, max-image-preview:large, max-video-preview:-1\" \/>\n<link rel=\"canonical\" href=\"https:\/\/www.helloskola.cz\/gymnazium\/o-skole\/\" \/>\n<meta property=\"og:locale\" content=\"cs_CZ\" \/>\n<meta property=\"og:type\" content=\"article\" \/>\n<meta property=\"og:title\" content=\"O \u0161kole | Gymn\u00e1zium HELLO\" \/>\n<meta property=\"og:description\" content=\"Sledujte n\u00e1\u0161 facebook a&nbsp;nic v\u00e1m neunikne&nbsp;Gymn\u00e1zia Hello na facebooku. Na \u010dem stav\u00edme a&nbsp;jak fungujeme: Vyv\u00e1\u017een\u00fd \u0161koln\u00ed vzd\u011bl\u00e1vac\u00ed program\u00a0&#8211; je postaven na v\u0161eobecn\u00e9m vzd\u011bl\u00e1n\u00ed a\u00a0d\u00e1v\u00e1 stejn\u00fd prostor jak humanitn\u00edm, tak p\u0159\u00edrodov\u011bdn\u00fdm v\u011bd\u00e1m. Ve 3. a\u00a04. ro\u010dn\u00edku, pak maj\u00ed \u017e\u00e1ci mo\u017enost profilovat se formou voliteln\u00fdch semin\u00e1\u0159\u016f. Pevn\u011b je v\u00a0\u0160VP zakomponov\u00e1n p\u0159edm\u011bt SV\u011aT V\u00a0SOUVISLOSTECH, kter\u00fd ve \u010dtvrt\u00e9m ro\u010dn\u00edku [&hellip;]\" \/>\n<meta property=\"og:url\" content=\"https:\/\/www.helloskola.cz\/gymnazium\/o-skole\/\" \/>\n<meta property=\"og:site_name\" content=\"Gymn\u00e1zium HELLO\" \/>\n<meta property=\"article:modified_time\" content=\"2022-04-20T12:32:23+00:00\" \/>\n<meta name=\"twitter:card\" content=\"summary_large_image\" \/>\n<meta name=\"twitter:label1\" content=\"Odhadovan\u00e1 doba \u010dten\u00ed\" \/>\n\t<meta name=\"twitter:data1\" content=\"3 minuty\" \/>\n<script type=\"application\/ld+json\" class=\"yoast-schema-graph\">{\"@context\":\"https:\/\/schema.org\",\"@graph\":[{\"@type\":\"WebPage\",\"@id\":\"https:\/\/www.helloskola.cz\/gymnazium\/o-skole\/\",\"url\":\"https:\/\/www.helloskola.cz\/gymnazium\/o-skole\/\",\"name\":\"O \u0161kole | Gymn\u00e1zium HELLO\",\"isPartOf\":{\"@id\":\"https:\/\/www.helloskola.cz\/gymnazium\/#website\"},\"primaryImageOfPage\":{\"@id\":\"https:\/\/www.helloskola.cz\/gymnazium\/o-skole\/#primaryimage\"},\"image\":{\"@id\":\"https:\/\/www.helloskola.cz\/gymnazium\/o-skole\/#primaryimage\"},\"thumbnailUrl\":\"https:\/\/www.helloskola.cz\/gymnazium\/wp-content\/uploads\/sites\/3\/2022\/05\/gympl-fallback.png\",\"datePublished\":\"2022-03-10T22:36:34+00:00\",\"dateModified\":\"2022-04-20T12:32:23+00:00\",\"breadcrumb\":{\"@id\":\"https:\/\/www.helloskola.cz\/gymnazium\/o-skole\/#breadcrumb\"},\"inLanguage\":\"cs\",\"potentialAction\":[{\"@type\":\"ReadAction\",\"target\":[\"https:\/\/www.helloskola.cz\/gymnazium\/o-skole\/\"]}]},{\"@type\":\"ImageObject\",\"inLanguage\":\"cs\",\"@id\":\"https:\/\/www.helloskola.cz\/gymnazium\/o-skole\/#primaryimage\",\"url\":\"https:\/\/www.helloskola.cz\/gymnazium\/wp-content\/uploads\/sites\/3\/2022\/05\/gympl-fallback.png\",\"contentUrl\":\"https:\/\/www.helloskola.cz\/gymnazium\/wp-content\/uploads\/sites\/3\/2022\/05\/gympl-fallback.png\",\"width\":933,\"height\":700},{\"@type\":\"BreadcrumbList\",\"@id\":\"https:\/\/www.helloskola.cz\/gymnazium\/o-skole\/#breadcrumb\",\"itemListElement\":[{\"@type\":\"ListItem\",\"position\":1,\"name\":\"\u00davod\",\"item\":\"https:\/\/www.helloskola.cz\/gymnazium\/\"},{\"@type\":\"ListItem\",\"position\":2,\"name\":\"O \u0161kole\"}]},{\"@type\":\"WebSite\",\"@id\":\"https:\/\/www.helloskola.cz\/gymnazium\/#website\",\"url\":\"https:\/\/www.helloskola.cz\/gymnazium\/\",\"name\":\"Gymn\u00e1zium HELLO\",\"description\":\"St\u0159edn\u00ed \u0161kola s pos\u00edlenou v\u00fdukou ciz\u00edch jazyk\u016f\",\"publisher\":{\"@id\":\"https:\/\/www.helloskola.cz\/gymnazium\/#organization\"},\"potentialAction\":[{\"@type\":\"SearchAction\",\"target\":{\"@type\":\"EntryPoint\",\"urlTemplate\":\"https:\/\/www.helloskola.cz\/gymnazium\/?s={search_term_string}\"},\"query-input\":{\"@type\":\"PropertyValueSpecification\",\"valueRequired\":true,\"valueName\":\"search_term_string\"}}],\"inLanguage\":\"cs\"},{\"@type\":\"Organization\",\"@id\":\"https:\/\/www.helloskola.cz\/gymnazium\/#organization\",\"name\":\"Gymn\u00e1zium Hello\",\"url\":\"https:\/\/www.helloskola.cz\/gymnazium\/\",\"logo\":{\"@type\":\"ImageObject\",\"inLanguage\":\"cs\",\"@id\":\"https:\/\/www.helloskola.cz\/gymnazium\/#\/schema\/logo\/image\/\",\"url\":\"https:\/\/www.helloskola.cz\/gymnazium\/wp-content\/uploads\/sites\/3\/2022\/02\/hello_gy_cmyk-1.svg\",\"contentUrl\":\"https:\/\/www.helloskola.cz\/gymnazium\/wp-content\/uploads\/sites\/3\/2022\/02\/hello_gy_cmyk-1.svg\",\"width\":100,\"height\":100,\"caption\":\"Gymn\u00e1zium Hello\"},\"image\":{\"@id\":\"https:\/\/www.helloskola.cz\/gymnazium\/#\/schema\/logo\/image\/\"}}]}<\/script>\n<!-- \/ Yoast SEO plugin. -->","yoast_head_json":{"title":"O \u0161kole | Gymn\u00e1zium HELLO","robots":{"index":"index","follow":"follow","max-snippet":"max-snippet:-1","max-image-preview":"max-image-preview:large","max-video-preview":"max-video-preview:-1"},"canonical":"https:\/\/www.helloskola.cz\/gymnazium\/o-skole\/","og_locale":"cs_CZ","og_type":"article","og_title":"O \u0161kole | Gymn\u00e1zium HELLO","og_description":"Sledujte n\u00e1\u0161 facebook a&nbsp;nic v\u00e1m neunikne&nbsp;Gymn\u00e1zia Hello na facebooku. Na \u010dem stav\u00edme a&nbsp;jak fungujeme: Vyv\u00e1\u017een\u00fd \u0161koln\u00ed vzd\u011bl\u00e1vac\u00ed program\u00a0&#8211; je postaven na v\u0161eobecn\u00e9m vzd\u011bl\u00e1n\u00ed a\u00a0d\u00e1v\u00e1 stejn\u00fd prostor jak humanitn\u00edm, tak p\u0159\u00edrodov\u011bdn\u00fdm v\u011bd\u00e1m. Ve 3. a\u00a04. ro\u010dn\u00edku, pak maj\u00ed \u017e\u00e1ci mo\u017enost profilovat se formou voliteln\u00fdch semin\u00e1\u0159\u016f. Pevn\u011b je v\u00a0\u0160VP zakomponov\u00e1n p\u0159edm\u011bt SV\u011aT V\u00a0SOUVISLOSTECH, kter\u00fd ve \u010dtvrt\u00e9m ro\u010dn\u00edku [&hellip;]","og_url":"https:\/\/www.helloskola.cz\/gymnazium\/o-skole\/","og_site_name":"Gymn\u00e1zium HELLO","article_modified_time":"2022-04-20T12:32:23+00:00","twitter_card":"summary_large_image","twitter_misc":{"Odhadovan\u00e1 doba \u010dten\u00ed":"3 minuty"},"schema":{"@context":"https:\/\/schema.org","@graph":[{"@type":"WebPage","@id":"https:\/\/www.helloskola.cz\/gymnazium\/o-skole\/","url":"https:\/\/www.helloskola.cz\/gymnazium\/o-skole\/","name":"O \u0161kole | Gymn\u00e1zium HELLO","isPartOf":{"@id":"https:\/\/www.helloskola.cz\/gymnazium\/#website"},"primaryImageOfPage":{"@id":"https:\/\/www.helloskola.cz\/gymnazium\/o-skole\/#primaryimage"},"image":{"@id":"https:\/\/www.helloskola.cz\/gymnazium\/o-skole\/#primaryimage"},"thumbnailUrl":"https:\/\/www.helloskola.cz\/gymnazium\/wp-content\/uploads\/sites\/3\/2022\/05\/gympl-fallback.png","datePublished":"2022-03-10T22:36:34+00:00","dateModified":"2022-04-20T12:32:23+00:00","breadcrumb":{"@id":"https:\/\/www.helloskola.cz\/gymnazium\/o-skole\/#breadcrumb"},"inLanguage":"cs","potentialAction":[{"@type":"ReadAction","target":["https:\/\/www.helloskola.cz\/gymnazium\/o-skole\/"]}]},{"@type":"ImageObject","inLanguage":"cs","@id":"https:\/\/www.helloskola.cz\/gymnazium\/o-skole\/#primaryimage","url":"https:\/\/www.helloskola.cz\/gymnazium\/wp-content\/uploads\/sites\/3\/2022\/05\/gympl-fallback.png","contentUrl":"https:\/\/www.helloskola.cz\/gymnazium\/wp-content\/uploads\/sites\/3\/2022\/05\/gympl-fallback.png","width":933,"height":700},{"@type":"BreadcrumbList","@id":"https:\/\/www.helloskola.cz\/gymnazium\/o-skole\/#breadcrumb","itemListElement":[{"@type":"ListItem","position":1,"name":"\u00davod","item":"https:\/\/www.helloskola.cz\/gymnazium\/"},{"@type":"ListItem","position":2,"name":"O \u0161kole"}]},{"@type":"WebSite","@id":"https:\/\/www.helloskola.cz\/gymnazium\/#website","url":"https:\/\/www.helloskola.cz\/gymnazium\/","name":"Gymn\u00e1zium HELLO","description":"St\u0159edn\u00ed \u0161kola s pos\u00edlenou v\u00fdukou ciz\u00edch jazyk\u016f","publisher":{"@id":"https:\/\/www.helloskola.cz\/gymnazium\/#organization"},"potentialAction":[{"@type":"SearchAction","target":{"@type":"EntryPoint","urlTemplate":"https:\/\/www.helloskola.cz\/gymnazium\/?s={search_term_string}"},"query-input":{"@type":"PropertyValueSpecification","valueRequired":true,"valueName":"search_term_string"}}],"inLanguage":"cs"},{"@type":"Organization","@id":"https:\/\/www.helloskola.cz\/gymnazium\/#organization","name":"Gymn\u00e1zium Hello","url":"https:\/\/www.helloskola.cz\/gymnazium\/","logo":{"@type":"ImageObject","inLanguage":"cs","@id":"https:\/\/www.helloskola.cz\/gymnazium\/#\/schema\/logo\/image\/","url":"https:\/\/www.helloskola.cz\/gymnazium\/wp-content\/uploads\/sites\/3\/2022\/02\/hello_gy_cmyk-1.svg","contentUrl":"https:\/\/www.helloskola.cz\/gymnazium\/wp-content\/uploads\/sites\/3\/2022\/02\/hello_gy_cmyk-1.svg","width":100,"height":100,"caption":"Gymn\u00e1zium Hello"},"image":{"@id":"https:\/\/www.helloskola.cz\/gymnazium\/#\/schema\/logo\/image\/"}}]}},"_links":{"self":[{"href":"https:\/\/www.helloskola.cz\/gymnazium\/wp-json\/wp\/v2\/pages\/685","targetHints":{"allow":["GET"]}}],"collection":[{"href":"https:\/\/www.helloskola.cz\/gymnazium\/wp-json\/wp\/v2\/pages"}],"about":[{"href":"https:\/\/www.helloskola.cz\/gymnazium\/wp-json\/wp\/v2\/types\/page"}],"author":[{"embeddable":true,"href":"https:\/\/www.helloskola.cz\/gymnazium\/wp-json\/wp\/v2\/users\/1"}],"replies":[{"embeddable":true,"href":"https:\/\/www.helloskola.cz\/gymnazium\/wp-json\/wp\/v2\/comments?post=685"}],"version-history":[{"count":5,"href":"https:\/\/www.helloskola.cz\/gymnazium\/wp-json\/wp\/v2\/pages\/685\/revisions"}],"predecessor-version":[{"id":1685,"href":"https:\/\/www.helloskola.cz\/gymnazium\/wp-json\/wp\/v2\/pages\/685\/revisions\/1685"}],"wp:featuredmedia":[{"embeddable":true,"href":"https:\/\/www.helloskola.cz\/gymnazium\/wp-json\/wp\/v2\/media\/1779"}],"wp:attachment":[{"href":"https:\/\/www.helloskola.cz\/gymnazium\/wp-json\/wp\/v2\/media?parent=685"}],"curies":[{"name":"wp","href":"https:\/\/api.w.org\/{rel}","templated":true}]}}