{"id":5529,"date":"2025-09-29T17:55:25","date_gmt":"2025-09-29T15:55:25","guid":{"rendered":"https:\/\/www.helloskola.cz\/gymnazium\/?page_id=5529"},"modified":"2025-09-29T21:13:07","modified_gmt":"2025-09-29T19:13:07","slug":"profilova-maturitni-zkouska-z-informatiky","status":"publish","type":"page","link":"https:\/\/www.helloskola.cz\/gymnazium\/pro-studenty\/maturitni-zkousky\/profilove-casti-maturitni-zkousky\/profilova-maturitni-zkouska-z-informatiky\/","title":{"rendered":"Profilov\u00e1 maturitn\u00ed zkou\u0161ka z INFORMATIKY"},"content":{"rendered":"\n<p><a href=\"https:\/\/www.helloskola.cz\/gymnazium\/wp-content\/uploads\/sites\/3\/2025\/09\/MO-IKT_bez-poznamek.pdf\">Po\u017eadavky a okruhy ke zkou\u0161ce z IKT<\/a><\/p>\n\n\n\n<p><\/p>\n","protected":false},"excerpt":{"rendered":"<p>Po\u017eadavky a okruhy ke zkou\u0161ce z IKT<\/p>\n","protected":false},"author":3,"featured_media":1779,"parent":2227,"menu_order":0,"comment_status":"closed","ping_status":"closed","template":"","meta":{"footnotes":""},"class_list":["post-5529","page","type-page","status-publish","has-post-thumbnail","hentry"],"yoast_head":"<!-- This site is optimized with the Yoast SEO plugin v24.8.1 - https:\/\/yoast.com\/wordpress\/plugins\/seo\/ -->\n<title>Profilov\u00e1 maturitn\u00ed zkou\u0161ka z INFORMATIKY | Gymn\u00e1zium HELLO<\/title>\n<meta name=\"robots\" content=\"index, follow, max-snippet:-1, max-image-preview:large, max-video-preview:-1\" \/>\n<link rel=\"canonical\" href=\"https:\/\/www.helloskola.cz\/gymnazium\/pro-studenty\/maturitni-zkousky\/profilove-casti-maturitni-zkousky\/profilova-maturitni-zkouska-z-informatiky\/\" \/>\n<meta property=\"og:locale\" content=\"cs_CZ\" \/>\n<meta property=\"og:type\" content=\"article\" \/>\n<meta property=\"og:title\" content=\"Profilov\u00e1 maturitn\u00ed zkou\u0161ka z INFORMATIKY | Gymn\u00e1zium HELLO\" \/>\n<meta property=\"og:description\" content=\"Po\u017eadavky a okruhy ke zkou\u0161ce z IKT\" \/>\n<meta property=\"og:url\" content=\"https:\/\/www.helloskola.cz\/gymnazium\/pro-studenty\/maturitni-zkousky\/profilove-casti-maturitni-zkousky\/profilova-maturitni-zkouska-z-informatiky\/\" \/>\n<meta property=\"og:site_name\" content=\"Gymn\u00e1zium HELLO\" \/>\n<meta property=\"article:modified_time\" content=\"2025-09-29T19:13:07+00:00\" \/>\n<meta name=\"twitter:card\" content=\"summary_large_image\" \/>\n<meta name=\"twitter:label1\" content=\"Odhadovan\u00e1 doba \u010dten\u00ed\" \/>\n\t<meta name=\"twitter:data1\" content=\"1 minuta\" \/>\n<script type=\"application\/ld+json\" class=\"yoast-schema-graph\">{\"@context\":\"https:\/\/schema.org\",\"@graph\":[{\"@type\":\"WebPage\",\"@id\":\"https:\/\/www.helloskola.cz\/gymnazium\/pro-studenty\/maturitni-zkousky\/profilove-casti-maturitni-zkousky\/profilova-maturitni-zkouska-z-informatiky\/\",\"url\":\"https:\/\/www.helloskola.cz\/gymnazium\/pro-studenty\/maturitni-zkousky\/profilove-casti-maturitni-zkousky\/profilova-maturitni-zkouska-z-informatiky\/\",\"name\":\"Profilov\u00e1 maturitn\u00ed zkou\u0161ka z INFORMATIKY | Gymn\u00e1zium HELLO\",\"isPartOf\":{\"@id\":\"https:\/\/www.helloskola.cz\/gymnazium\/#website\"},\"primaryImageOfPage\":{\"@id\":\"https:\/\/www.helloskola.cz\/gymnazium\/pro-studenty\/maturitni-zkousky\/profilove-casti-maturitni-zkousky\/profilova-maturitni-zkouska-z-informatiky\/#primaryimage\"},\"image\":{\"@id\":\"https:\/\/www.helloskola.cz\/gymnazium\/pro-studenty\/maturitni-zkousky\/profilove-casti-maturitni-zkousky\/profilova-maturitni-zkouska-z-informatiky\/#primaryimage\"},\"thumbnailUrl\":\"https:\/\/www.helloskola.cz\/gymnazium\/wp-content\/uploads\/sites\/3\/2022\/05\/gympl-fallback.png\",\"datePublished\":\"2025-09-29T15:55:25+00:00\",\"dateModified\":\"2025-09-29T19:13:07+00:00\",\"breadcrumb\":{\"@id\":\"https:\/\/www.helloskola.cz\/gymnazium\/pro-studenty\/maturitni-zkousky\/profilove-casti-maturitni-zkousky\/profilova-maturitni-zkouska-z-informatiky\/#breadcrumb\"},\"inLanguage\":\"cs\",\"potentialAction\":[{\"@type\":\"ReadAction\",\"target\":[\"https:\/\/www.helloskola.cz\/gymnazium\/pro-studenty\/maturitni-zkousky\/profilove-casti-maturitni-zkousky\/profilova-maturitni-zkouska-z-informatiky\/\"]}]},{\"@type\":\"ImageObject\",\"inLanguage\":\"cs\",\"@id\":\"https:\/\/www.helloskola.cz\/gymnazium\/pro-studenty\/maturitni-zkousky\/profilove-casti-maturitni-zkousky\/profilova-maturitni-zkouska-z-informatiky\/#primaryimage\",\"url\":\"https:\/\/www.helloskola.cz\/gymnazium\/wp-content\/uploads\/sites\/3\/2022\/05\/gympl-fallback.png\",\"contentUrl\":\"https:\/\/www.helloskola.cz\/gymnazium\/wp-content\/uploads\/sites\/3\/2022\/05\/gympl-fallback.png\",\"width\":933,\"height\":700},{\"@type\":\"BreadcrumbList\",\"@id\":\"https:\/\/www.helloskola.cz\/gymnazium\/pro-studenty\/maturitni-zkousky\/profilove-casti-maturitni-zkousky\/profilova-maturitni-zkouska-z-informatiky\/#breadcrumb\",\"itemListElement\":[{\"@type\":\"ListItem\",\"position\":1,\"name\":\"\u00davod\",\"item\":\"https:\/\/www.helloskola.cz\/gymnazium\/\"},{\"@type\":\"ListItem\",\"position\":2,\"name\":\"Pro studenty\",\"item\":\"https:\/\/www.helloskola.cz\/gymnazium\/pro-studenty\/\"},{\"@type\":\"ListItem\",\"position\":3,\"name\":\"Maturitn\u00ed zkou\u0161ky\",\"item\":\"https:\/\/www.helloskola.cz\/gymnazium\/pro-studenty\/maturitni-zkousky\/\"},{\"@type\":\"ListItem\",\"position\":4,\"name\":\"Profilov\u00e9 \u010d\u00e1sti maturitn\u00ed zkou\u0161ky\",\"item\":\"https:\/\/www.helloskola.cz\/gymnazium\/pro-studenty\/maturitni-zkousky\/profilove-casti-maturitni-zkousky\/\"},{\"@type\":\"ListItem\",\"position\":5,\"name\":\"Profilov\u00e1 maturitn\u00ed zkou\u0161ka z INFORMATIKY\"}]},{\"@type\":\"WebSite\",\"@id\":\"https:\/\/www.helloskola.cz\/gymnazium\/#website\",\"url\":\"https:\/\/www.helloskola.cz\/gymnazium\/\",\"name\":\"Gymn\u00e1zium HELLO\",\"description\":\"St\u0159edn\u00ed \u0161kola s pos\u00edlenou v\u00fdukou ciz\u00edch jazyk\u016f\",\"publisher\":{\"@id\":\"https:\/\/www.helloskola.cz\/gymnazium\/#organization\"},\"potentialAction\":[{\"@type\":\"SearchAction\",\"target\":{\"@type\":\"EntryPoint\",\"urlTemplate\":\"https:\/\/www.helloskola.cz\/gymnazium\/?s={search_term_string}\"},\"query-input\":{\"@type\":\"PropertyValueSpecification\",\"valueRequired\":true,\"valueName\":\"search_term_string\"}}],\"inLanguage\":\"cs\"},{\"@type\":\"Organization\",\"@id\":\"https:\/\/www.helloskola.cz\/gymnazium\/#organization\",\"name\":\"Gymn\u00e1zium Hello\",\"url\":\"https:\/\/www.helloskola.cz\/gymnazium\/\",\"logo\":{\"@type\":\"ImageObject\",\"inLanguage\":\"cs\",\"@id\":\"https:\/\/www.helloskola.cz\/gymnazium\/#\/schema\/logo\/image\/\",\"url\":\"https:\/\/www.helloskola.cz\/gymnazium\/wp-content\/uploads\/sites\/3\/2022\/02\/hello_gy_cmyk-1.svg\",\"contentUrl\":\"https:\/\/www.helloskola.cz\/gymnazium\/wp-content\/uploads\/sites\/3\/2022\/02\/hello_gy_cmyk-1.svg\",\"width\":100,\"height\":100,\"caption\":\"Gymn\u00e1zium Hello\"},\"image\":{\"@id\":\"https:\/\/www.helloskola.cz\/gymnazium\/#\/schema\/logo\/image\/\"}}]}<\/script>\n<!-- \/ Yoast SEO plugin. -->","yoast_head_json":{"title":"Profilov\u00e1 maturitn\u00ed zkou\u0161ka z INFORMATIKY | Gymn\u00e1zium HELLO","robots":{"index":"index","follow":"follow","max-snippet":"max-snippet:-1","max-image-preview":"max-image-preview:large","max-video-preview":"max-video-preview:-1"},"canonical":"https:\/\/www.helloskola.cz\/gymnazium\/pro-studenty\/maturitni-zkousky\/profilove-casti-maturitni-zkousky\/profilova-maturitni-zkouska-z-informatiky\/","og_locale":"cs_CZ","og_type":"article","og_title":"Profilov\u00e1 maturitn\u00ed zkou\u0161ka z INFORMATIKY | Gymn\u00e1zium HELLO","og_description":"Po\u017eadavky a okruhy ke zkou\u0161ce z IKT","og_url":"https:\/\/www.helloskola.cz\/gymnazium\/pro-studenty\/maturitni-zkousky\/profilove-casti-maturitni-zkousky\/profilova-maturitni-zkouska-z-informatiky\/","og_site_name":"Gymn\u00e1zium HELLO","article_modified_time":"2025-09-29T19:13:07+00:00","twitter_card":"summary_large_image","twitter_misc":{"Odhadovan\u00e1 doba \u010dten\u00ed":"1 minuta"},"schema":{"@context":"https:\/\/schema.org","@graph":[{"@type":"WebPage","@id":"https:\/\/www.helloskola.cz\/gymnazium\/pro-studenty\/maturitni-zkousky\/profilove-casti-maturitni-zkousky\/profilova-maturitni-zkouska-z-informatiky\/","url":"https:\/\/www.helloskola.cz\/gymnazium\/pro-studenty\/maturitni-zkousky\/profilove-casti-maturitni-zkousky\/profilova-maturitni-zkouska-z-informatiky\/","name":"Profilov\u00e1 maturitn\u00ed zkou\u0161ka z INFORMATIKY | Gymn\u00e1zium HELLO","isPartOf":{"@id":"https:\/\/www.helloskola.cz\/gymnazium\/#website"},"primaryImageOfPage":{"@id":"https:\/\/www.helloskola.cz\/gymnazium\/pro-studenty\/maturitni-zkousky\/profilove-casti-maturitni-zkousky\/profilova-maturitni-zkouska-z-informatiky\/#primaryimage"},"image":{"@id":"https:\/\/www.helloskola.cz\/gymnazium\/pro-studenty\/maturitni-zkousky\/profilove-casti-maturitni-zkousky\/profilova-maturitni-zkouska-z-informatiky\/#primaryimage"},"thumbnailUrl":"https:\/\/www.helloskola.cz\/gymnazium\/wp-content\/uploads\/sites\/3\/2022\/05\/gympl-fallback.png","datePublished":"2025-09-29T15:55:25+00:00","dateModified":"2025-09-29T19:13:07+00:00","breadcrumb":{"@id":"https:\/\/www.helloskola.cz\/gymnazium\/pro-studenty\/maturitni-zkousky\/profilove-casti-maturitni-zkousky\/profilova-maturitni-zkouska-z-informatiky\/#breadcrumb"},"inLanguage":"cs","potentialAction":[{"@type":"ReadAction","target":["https:\/\/www.helloskola.cz\/gymnazium\/pro-studenty\/maturitni-zkousky\/profilove-casti-maturitni-zkousky\/profilova-maturitni-zkouska-z-informatiky\/"]}]},{"@type":"ImageObject","inLanguage":"cs","@id":"https:\/\/www.helloskola.cz\/gymnazium\/pro-studenty\/maturitni-zkousky\/profilove-casti-maturitni-zkousky\/profilova-maturitni-zkouska-z-informatiky\/#primaryimage","url":"https:\/\/www.helloskola.cz\/gymnazium\/wp-content\/uploads\/sites\/3\/2022\/05\/gympl-fallback.png","contentUrl":"https:\/\/www.helloskola.cz\/gymnazium\/wp-content\/uploads\/sites\/3\/2022\/05\/gympl-fallback.png","width":933,"height":700},{"@type":"BreadcrumbList","@id":"https:\/\/www.helloskola.cz\/gymnazium\/pro-studenty\/maturitni-zkousky\/profilove-casti-maturitni-zkousky\/profilova-maturitni-zkouska-z-informatiky\/#breadcrumb","itemListElement":[{"@type":"ListItem","position":1,"name":"\u00davod","item":"https:\/\/www.helloskola.cz\/gymnazium\/"},{"@type":"ListItem","position":2,"name":"Pro studenty","item":"https:\/\/www.helloskola.cz\/gymnazium\/pro-studenty\/"},{"@type":"ListItem","position":3,"name":"Maturitn\u00ed zkou\u0161ky","item":"https:\/\/www.helloskola.cz\/gymnazium\/pro-studenty\/maturitni-zkousky\/"},{"@type":"ListItem","position":4,"name":"Profilov\u00e9 \u010d\u00e1sti maturitn\u00ed zkou\u0161ky","item":"https:\/\/www.helloskola.cz\/gymnazium\/pro-studenty\/maturitni-zkousky\/profilove-casti-maturitni-zkousky\/"},{"@type":"ListItem","position":5,"name":"Profilov\u00e1 maturitn\u00ed zkou\u0161ka z INFORMATIKY"}]},{"@type":"WebSite","@id":"https:\/\/www.helloskola.cz\/gymnazium\/#website","url":"https:\/\/www.helloskola.cz\/gymnazium\/","name":"Gymn\u00e1zium HELLO","description":"St\u0159edn\u00ed \u0161kola s pos\u00edlenou v\u00fdukou ciz\u00edch jazyk\u016f","publisher":{"@id":"https:\/\/www.helloskola.cz\/gymnazium\/#organization"},"potentialAction":[{"@type":"SearchAction","target":{"@type":"EntryPoint","urlTemplate":"https:\/\/www.helloskola.cz\/gymnazium\/?s={search_term_string}"},"query-input":{"@type":"PropertyValueSpecification","valueRequired":true,"valueName":"search_term_string"}}],"inLanguage":"cs"},{"@type":"Organization","@id":"https:\/\/www.helloskola.cz\/gymnazium\/#organization","name":"Gymn\u00e1zium Hello","url":"https:\/\/www.helloskola.cz\/gymnazium\/","logo":{"@type":"ImageObject","inLanguage":"cs","@id":"https:\/\/www.helloskola.cz\/gymnazium\/#\/schema\/logo\/image\/","url":"https:\/\/www.helloskola.cz\/gymnazium\/wp-content\/uploads\/sites\/3\/2022\/02\/hello_gy_cmyk-1.svg","contentUrl":"https:\/\/www.helloskola.cz\/gymnazium\/wp-content\/uploads\/sites\/3\/2022\/02\/hello_gy_cmyk-1.svg","width":100,"height":100,"caption":"Gymn\u00e1zium Hello"},"image":{"@id":"https:\/\/www.helloskola.cz\/gymnazium\/#\/schema\/logo\/image\/"}}]}},"_links":{"self":[{"href":"https:\/\/www.helloskola.cz\/gymnazium\/wp-json\/wp\/v2\/pages\/5529","targetHints":{"allow":["GET"]}}],"collection":[{"href":"https:\/\/www.helloskola.cz\/gymnazium\/wp-json\/wp\/v2\/pages"}],"about":[{"href":"https:\/\/www.helloskola.cz\/gymnazium\/wp-json\/wp\/v2\/types\/page"}],"author":[{"embeddable":true,"href":"https:\/\/www.helloskola.cz\/gymnazium\/wp-json\/wp\/v2\/users\/3"}],"replies":[{"embeddable":true,"href":"https:\/\/www.helloskola.cz\/gymnazium\/wp-json\/wp\/v2\/comments?post=5529"}],"version-history":[{"count":5,"href":"https:\/\/www.helloskola.cz\/gymnazium\/wp-json\/wp\/v2\/pages\/5529\/revisions"}],"predecessor-version":[{"id":5538,"href":"https:\/\/www.helloskola.cz\/gymnazium\/wp-json\/wp\/v2\/pages\/5529\/revisions\/5538"}],"up":[{"embeddable":true,"href":"https:\/\/www.helloskola.cz\/gymnazium\/wp-json\/wp\/v2\/pages\/2227"}],"wp:featuredmedia":[{"embeddable":true,"href":"https:\/\/www.helloskola.cz\/gymnazium\/wp-json\/wp\/v2\/media\/1779"}],"wp:attachment":[{"href":"https:\/\/www.helloskola.cz\/gymnazium\/wp-json\/wp\/v2\/media?parent=5529"}],"curies":[{"name":"wp","href":"https:\/\/api.w.org\/{rel}","templated":true}]}}