{"id":1167,"date":"2022-03-13T04:59:42","date_gmt":"2022-03-13T03:59:42","guid":{"rendered":"https:\/\/www.helloskola.cz\/gymnazium\/?page_id=1167"},"modified":"2026-03-08T23:17:28","modified_gmt":"2026-03-08T22:17:28","slug":"kontakty","status":"publish","type":"page","link":"https:\/\/www.helloskola.cz\/gymnazium\/kontakty\/","title":{"rendered":"Kontakty"},"content":{"rendered":"\n<div class=\"wp-block-columns is-layout-flex wp-container-core-columns-is-layout-28f84493 wp-block-columns-is-layout-flex\">\n<div class=\"wp-block-column is-layout-flow wp-block-column-is-layout-flow\">\n<h3 class=\"wp-block-heading\">Adresa \u0161koly:<\/h3>\n\n\n\n<p>Gymn\u00e1zium, z\u00e1kladn\u00ed \u0161kola a\u00a0mate\u0159sk\u00e1 \u0161kola Hello s.r.o.<br>\u010cs. exilu 491\/23<br>708 00 Ostrava-Poruba<br>ID schr\u00e1nky: 3m6ci4w<br><a href=\"mailto:%69%6e%66%6f%40%67%79%6d%6e%61%7a%69%75%6d%68%65%6c%6c%6f%2e%63%7a\">info@gymnaziumhello.cz<\/a><br><a href=\"https:\/\/mapy.cz\/s\/3u32T\" target=\"_blank\" rel=\"noreferrer noopener\">odkaz na Mapy.cz<\/a><\/p>\n\n\n\n<h3 class=\"wp-block-heading\">\u0158editelka \u0161koly:<\/h3>\n\n\n\n<p>Mgr. Gabriela Jur\u00e1nkov\u00e1<br>+420 778 486 446<br><a href=\"mailto:jurankova@helloskola.cz\">jurankova@helloskola.cz<\/a><\/p>\n\n\n\n<h3 class=\"wp-block-heading\">Z\u00e1stupkyn\u011b \u0159editelky:<\/h3>\n\n\n\n<p>Mgr. Zuzana Pohlov\u00e1<br>+420 778 545 789<br><a href=\"mailto:pohlova@helloskola.cz\">pohlova@helloskola.cz<\/a><\/p>\n\n\n\n<h3 class=\"wp-block-heading\">Office manager:<\/h3>\n\n\n\n<p>Mgr. Alena Bajnarov\u00e1<br>+420 778 407 236<\/p>\n\n\n\n<p><a href=\"mailto:info@helloskola.cz\">info@helloskola.cz<\/a><br><\/p>\n\n\n\n<h3 class=\"wp-block-heading\">Ekonomka:<\/h3>\n\n\n\n<p>Lenka Michalov\u00e1<br>+420 739 203 928<br><a href=\"mailto:%6d%69%63%68%61%6c%6f%76%61%40%68%65%6c%6c%6f%2e%63%7a\">michalova@hello.cz<\/a><\/p>\n\n\n\n<h2 class=\"wp-block-heading\">Recepce:<\/h2>\n\n\n\n<p>+420 778 522 760<\/p>\n<\/div>\n\n\n\n<div class=\"wp-block-column is-layout-flow wp-block-column-is-layout-flow\">\n<figure class=\"wp-block-image size-large\"><img fetchpriority=\"high\" decoding=\"async\" width=\"1024\" height=\"681\" src=\"https:\/\/www.helloskola.cz\/gymnazium\/wp-content\/uploads\/sites\/3\/2022\/08\/DSC_0156-1024x681.jpg\" alt=\"\" class=\"wp-image-3563\" srcset=\"https:\/\/www.helloskola.cz\/gymnazium\/wp-content\/uploads\/sites\/3\/2022\/08\/DSC_0156-1024x681.jpg 1024w, https:\/\/www.helloskola.cz\/gymnazium\/wp-content\/uploads\/sites\/3\/2022\/08\/DSC_0156-300x200.jpg 300w, https:\/\/www.helloskola.cz\/gymnazium\/wp-content\/uploads\/sites\/3\/2022\/08\/DSC_0156-768x511.jpg 768w, https:\/\/www.helloskola.cz\/gymnazium\/wp-content\/uploads\/sites\/3\/2022\/08\/DSC_0156-1536x1021.jpg 1536w, https:\/\/www.helloskola.cz\/gymnazium\/wp-content\/uploads\/sites\/3\/2022\/08\/DSC_0156.jpg 2000w\" sizes=\"(max-width: 1024px) 100vw, 1024px\" \/><\/figure>\n<\/div>\n<\/div>\n","protected":false},"excerpt":{"rendered":"<p>Adresa \u0161koly: Gymn\u00e1zium, z\u00e1kladn\u00ed \u0161kola a\u00a0mate\u0159sk\u00e1 \u0161kola Hello s.r.o.\u010cs. exilu 491\/23708 00 Ostrava-PorubaID schr\u00e1nky: 3m6ci4winfo@gymnaziumhello.czodkaz na Mapy.cz \u0158editelka \u0161koly: Mgr. Gabriela Jur\u00e1nkov\u00e1+420 778 486 446jurankova@helloskola.cz Z\u00e1stupkyn\u011b \u0159editelky: Mgr. Zuzana Pohlov\u00e1+420 778 545 789pohlova@helloskola.cz Office manager: Mgr. Alena Bajnarov\u00e1+420 778 407 236 info@helloskola.cz Ekonomka: Lenka Michalov\u00e1+420 739 203 928michalova@hello.cz Recepce: +420 778 522 760<\/p>\n","protected":false},"author":1,"featured_media":1779,"parent":0,"menu_order":0,"comment_status":"closed","ping_status":"closed","template":"","meta":{"footnotes":""},"class_list":["post-1167","page","type-page","status-publish","has-post-thumbnail","hentry"],"yoast_head":"<!-- This site is optimized with the Yoast SEO plugin v24.8.1 - https:\/\/yoast.com\/wordpress\/plugins\/seo\/ -->\n<title>Kontakty | Gymn\u00e1zium HELLO<\/title>\n<meta name=\"robots\" content=\"index, follow, max-snippet:-1, max-image-preview:large, max-video-preview:-1\" \/>\n<link rel=\"canonical\" href=\"https:\/\/www.helloskola.cz\/gymnazium\/kontakty\/\" \/>\n<meta property=\"og:locale\" content=\"cs_CZ\" \/>\n<meta property=\"og:type\" content=\"article\" \/>\n<meta property=\"og:title\" content=\"Kontakty | Gymn\u00e1zium HELLO\" \/>\n<meta property=\"og:description\" content=\"Adresa \u0161koly: Gymn\u00e1zium, z\u00e1kladn\u00ed \u0161kola a\u00a0mate\u0159sk\u00e1 \u0161kola Hello s.r.o.\u010cs. exilu 491\/23708 00 Ostrava-PorubaID schr\u00e1nky: 3m6ci4winfo@gymnaziumhello.czodkaz na Mapy.cz \u0158editelka \u0161koly: Mgr. Gabriela Jur\u00e1nkov\u00e1+420 778 486 446jurankova@helloskola.cz Z\u00e1stupkyn\u011b \u0159editelky: Mgr. Zuzana Pohlov\u00e1+420 778 545 789pohlova@helloskola.cz Office manager: Mgr. Alena Bajnarov\u00e1+420 778 407 236 info@helloskola.cz Ekonomka: Lenka Michalov\u00e1+420 739 203 928michalova@hello.cz Recepce: +420 778 522 760\" \/>\n<meta property=\"og:url\" content=\"https:\/\/www.helloskola.cz\/gymnazium\/kontakty\/\" \/>\n<meta property=\"og:site_name\" content=\"Gymn\u00e1zium HELLO\" \/>\n<meta property=\"article:modified_time\" content=\"2026-03-08T22:17:28+00:00\" \/>\n<meta property=\"og:image\" content=\"https:\/\/www.helloskola.cz\/gymnazium\/wp-content\/uploads\/sites\/3\/2022\/08\/DSC_0156.jpg\" \/>\n\t<meta property=\"og:image:width\" content=\"2000\" \/>\n\t<meta property=\"og:image:height\" content=\"1330\" \/>\n\t<meta property=\"og:image:type\" content=\"image\/jpeg\" \/>\n<meta name=\"twitter:card\" content=\"summary_large_image\" \/>\n<meta name=\"twitter:label1\" content=\"Odhadovan\u00e1 doba \u010dten\u00ed\" \/>\n\t<meta name=\"twitter:data1\" content=\"1 minuta\" \/>\n<script type=\"application\/ld+json\" class=\"yoast-schema-graph\">{\"@context\":\"https:\/\/schema.org\",\"@graph\":[{\"@type\":\"WebPage\",\"@id\":\"https:\/\/www.helloskola.cz\/gymnazium\/kontakty\/\",\"url\":\"https:\/\/www.helloskola.cz\/gymnazium\/kontakty\/\",\"name\":\"Kontakty | Gymn\u00e1zium HELLO\",\"isPartOf\":{\"@id\":\"https:\/\/www.helloskola.cz\/gymnazium\/#website\"},\"primaryImageOfPage\":{\"@id\":\"https:\/\/www.helloskola.cz\/gymnazium\/kontakty\/#primaryimage\"},\"image\":{\"@id\":\"https:\/\/www.helloskola.cz\/gymnazium\/kontakty\/#primaryimage\"},\"thumbnailUrl\":\"https:\/\/www.helloskola.cz\/gymnazium\/wp-content\/uploads\/sites\/3\/2022\/05\/gympl-fallback.png\",\"datePublished\":\"2022-03-13T03:59:42+00:00\",\"dateModified\":\"2026-03-08T22:17:28+00:00\",\"breadcrumb\":{\"@id\":\"https:\/\/www.helloskola.cz\/gymnazium\/kontakty\/#breadcrumb\"},\"inLanguage\":\"cs\",\"potentialAction\":[{\"@type\":\"ReadAction\",\"target\":[\"https:\/\/www.helloskola.cz\/gymnazium\/kontakty\/\"]}]},{\"@type\":\"ImageObject\",\"inLanguage\":\"cs\",\"@id\":\"https:\/\/www.helloskola.cz\/gymnazium\/kontakty\/#primaryimage\",\"url\":\"https:\/\/www.helloskola.cz\/gymnazium\/wp-content\/uploads\/sites\/3\/2022\/05\/gympl-fallback.png\",\"contentUrl\":\"https:\/\/www.helloskola.cz\/gymnazium\/wp-content\/uploads\/sites\/3\/2022\/05\/gympl-fallback.png\",\"width\":933,\"height\":700},{\"@type\":\"BreadcrumbList\",\"@id\":\"https:\/\/www.helloskola.cz\/gymnazium\/kontakty\/#breadcrumb\",\"itemListElement\":[{\"@type\":\"ListItem\",\"position\":1,\"name\":\"\u00davod\",\"item\":\"https:\/\/www.helloskola.cz\/gymnazium\/\"},{\"@type\":\"ListItem\",\"position\":2,\"name\":\"Kontakty\"}]},{\"@type\":\"WebSite\",\"@id\":\"https:\/\/www.helloskola.cz\/gymnazium\/#website\",\"url\":\"https:\/\/www.helloskola.cz\/gymnazium\/\",\"name\":\"Gymn\u00e1zium HELLO\",\"description\":\"St\u0159edn\u00ed \u0161kola s pos\u00edlenou v\u00fdukou ciz\u00edch jazyk\u016f\",\"publisher\":{\"@id\":\"https:\/\/www.helloskola.cz\/gymnazium\/#organization\"},\"potentialAction\":[{\"@type\":\"SearchAction\",\"target\":{\"@type\":\"EntryPoint\",\"urlTemplate\":\"https:\/\/www.helloskola.cz\/gymnazium\/?s={search_term_string}\"},\"query-input\":{\"@type\":\"PropertyValueSpecification\",\"valueRequired\":true,\"valueName\":\"search_term_string\"}}],\"inLanguage\":\"cs\"},{\"@type\":\"Organization\",\"@id\":\"https:\/\/www.helloskola.cz\/gymnazium\/#organization\",\"name\":\"Gymn\u00e1zium Hello\",\"url\":\"https:\/\/www.helloskola.cz\/gymnazium\/\",\"logo\":{\"@type\":\"ImageObject\",\"inLanguage\":\"cs\",\"@id\":\"https:\/\/www.helloskola.cz\/gymnazium\/#\/schema\/logo\/image\/\",\"url\":\"https:\/\/www.helloskola.cz\/gymnazium\/wp-content\/uploads\/sites\/3\/2022\/02\/hello_gy_cmyk-1.svg\",\"contentUrl\":\"https:\/\/www.helloskola.cz\/gymnazium\/wp-content\/uploads\/sites\/3\/2022\/02\/hello_gy_cmyk-1.svg\",\"width\":100,\"height\":100,\"caption\":\"Gymn\u00e1zium Hello\"},\"image\":{\"@id\":\"https:\/\/www.helloskola.cz\/gymnazium\/#\/schema\/logo\/image\/\"}}]}<\/script>\n<!-- \/ Yoast SEO plugin. -->","yoast_head_json":{"title":"Kontakty | Gymn\u00e1zium HELLO","robots":{"index":"index","follow":"follow","max-snippet":"max-snippet:-1","max-image-preview":"max-image-preview:large","max-video-preview":"max-video-preview:-1"},"canonical":"https:\/\/www.helloskola.cz\/gymnazium\/kontakty\/","og_locale":"cs_CZ","og_type":"article","og_title":"Kontakty | Gymn\u00e1zium HELLO","og_description":"Adresa \u0161koly: Gymn\u00e1zium, z\u00e1kladn\u00ed \u0161kola a\u00a0mate\u0159sk\u00e1 \u0161kola Hello s.r.o.\u010cs. exilu 491\/23708 00 Ostrava-PorubaID schr\u00e1nky: 3m6ci4winfo@gymnaziumhello.czodkaz na Mapy.cz \u0158editelka \u0161koly: Mgr. Gabriela Jur\u00e1nkov\u00e1+420 778 486 446jurankova@helloskola.cz Z\u00e1stupkyn\u011b \u0159editelky: Mgr. Zuzana Pohlov\u00e1+420 778 545 789pohlova@helloskola.cz Office manager: Mgr. Alena Bajnarov\u00e1+420 778 407 236 info@helloskola.cz Ekonomka: Lenka Michalov\u00e1+420 739 203 928michalova@hello.cz Recepce: +420 778 522 760","og_url":"https:\/\/www.helloskola.cz\/gymnazium\/kontakty\/","og_site_name":"Gymn\u00e1zium HELLO","article_modified_time":"2026-03-08T22:17:28+00:00","og_image":[{"width":2000,"height":1330,"url":"https:\/\/www.helloskola.cz\/gymnazium\/wp-content\/uploads\/sites\/3\/2022\/08\/DSC_0156.jpg","type":"image\/jpeg"}],"twitter_card":"summary_large_image","twitter_misc":{"Odhadovan\u00e1 doba \u010dten\u00ed":"1 minuta"},"schema":{"@context":"https:\/\/schema.org","@graph":[{"@type":"WebPage","@id":"https:\/\/www.helloskola.cz\/gymnazium\/kontakty\/","url":"https:\/\/www.helloskola.cz\/gymnazium\/kontakty\/","name":"Kontakty | Gymn\u00e1zium HELLO","isPartOf":{"@id":"https:\/\/www.helloskola.cz\/gymnazium\/#website"},"primaryImageOfPage":{"@id":"https:\/\/www.helloskola.cz\/gymnazium\/kontakty\/#primaryimage"},"image":{"@id":"https:\/\/www.helloskola.cz\/gymnazium\/kontakty\/#primaryimage"},"thumbnailUrl":"https:\/\/www.helloskola.cz\/gymnazium\/wp-content\/uploads\/sites\/3\/2022\/05\/gympl-fallback.png","datePublished":"2022-03-13T03:59:42+00:00","dateModified":"2026-03-08T22:17:28+00:00","breadcrumb":{"@id":"https:\/\/www.helloskola.cz\/gymnazium\/kontakty\/#breadcrumb"},"inLanguage":"cs","potentialAction":[{"@type":"ReadAction","target":["https:\/\/www.helloskola.cz\/gymnazium\/kontakty\/"]}]},{"@type":"ImageObject","inLanguage":"cs","@id":"https:\/\/www.helloskola.cz\/gymnazium\/kontakty\/#primaryimage","url":"https:\/\/www.helloskola.cz\/gymnazium\/wp-content\/uploads\/sites\/3\/2022\/05\/gympl-fallback.png","contentUrl":"https:\/\/www.helloskola.cz\/gymnazium\/wp-content\/uploads\/sites\/3\/2022\/05\/gympl-fallback.png","width":933,"height":700},{"@type":"BreadcrumbList","@id":"https:\/\/www.helloskola.cz\/gymnazium\/kontakty\/#breadcrumb","itemListElement":[{"@type":"ListItem","position":1,"name":"\u00davod","item":"https:\/\/www.helloskola.cz\/gymnazium\/"},{"@type":"ListItem","position":2,"name":"Kontakty"}]},{"@type":"WebSite","@id":"https:\/\/www.helloskola.cz\/gymnazium\/#website","url":"https:\/\/www.helloskola.cz\/gymnazium\/","name":"Gymn\u00e1zium HELLO","description":"St\u0159edn\u00ed \u0161kola s pos\u00edlenou v\u00fdukou ciz\u00edch jazyk\u016f","publisher":{"@id":"https:\/\/www.helloskola.cz\/gymnazium\/#organization"},"potentialAction":[{"@type":"SearchAction","target":{"@type":"EntryPoint","urlTemplate":"https:\/\/www.helloskola.cz\/gymnazium\/?s={search_term_string}"},"query-input":{"@type":"PropertyValueSpecification","valueRequired":true,"valueName":"search_term_string"}}],"inLanguage":"cs"},{"@type":"Organization","@id":"https:\/\/www.helloskola.cz\/gymnazium\/#organization","name":"Gymn\u00e1zium Hello","url":"https:\/\/www.helloskola.cz\/gymnazium\/","logo":{"@type":"ImageObject","inLanguage":"cs","@id":"https:\/\/www.helloskola.cz\/gymnazium\/#\/schema\/logo\/image\/","url":"https:\/\/www.helloskola.cz\/gymnazium\/wp-content\/uploads\/sites\/3\/2022\/02\/hello_gy_cmyk-1.svg","contentUrl":"https:\/\/www.helloskola.cz\/gymnazium\/wp-content\/uploads\/sites\/3\/2022\/02\/hello_gy_cmyk-1.svg","width":100,"height":100,"caption":"Gymn\u00e1zium Hello"},"image":{"@id":"https:\/\/www.helloskola.cz\/gymnazium\/#\/schema\/logo\/image\/"}}]}},"_links":{"self":[{"href":"https:\/\/www.helloskola.cz\/gymnazium\/wp-json\/wp\/v2\/pages\/1167","targetHints":{"allow":["GET"]}}],"collection":[{"href":"https:\/\/www.helloskola.cz\/gymnazium\/wp-json\/wp\/v2\/pages"}],"about":[{"href":"https:\/\/www.helloskola.cz\/gymnazium\/wp-json\/wp\/v2\/types\/page"}],"author":[{"embeddable":true,"href":"https:\/\/www.helloskola.cz\/gymnazium\/wp-json\/wp\/v2\/users\/1"}],"replies":[{"embeddable":true,"href":"https:\/\/www.helloskola.cz\/gymnazium\/wp-json\/wp\/v2\/comments?post=1167"}],"version-history":[{"count":6,"href":"https:\/\/www.helloskola.cz\/gymnazium\/wp-json\/wp\/v2\/pages\/1167\/revisions"}],"predecessor-version":[{"id":5782,"href":"https:\/\/www.helloskola.cz\/gymnazium\/wp-json\/wp\/v2\/pages\/1167\/revisions\/5782"}],"wp:featuredmedia":[{"embeddable":true,"href":"https:\/\/www.helloskola.cz\/gymnazium\/wp-json\/wp\/v2\/media\/1779"}],"wp:attachment":[{"href":"https:\/\/www.helloskola.cz\/gymnazium\/wp-json\/wp\/v2\/media?parent=1167"}],"curies":[{"name":"wp","href":"https:\/\/api.w.org\/{rel}","templated":true}]}}