{"id":1119,"date":"2022-03-13T03:30:37","date_gmt":"2022-03-13T02:30:37","guid":{"rendered":"https:\/\/www.helloskola.cz\/gymnazium\/?page_id=1119"},"modified":"2022-03-13T03:32:06","modified_gmt":"2022-03-13T02:32:06","slug":"odborne-ucebny-gymnazia-hello","status":"publish","type":"page","link":"https:\/\/www.helloskola.cz\/gymnazium\/projekty\/odborne-ucebny-gymnazia-hello\/","title":{"rendered":"Odborn\u00e9 u\u010debny gymn\u00e1zia HELLO"},"content":{"rendered":"\n<figure class=\"wp-block-image size-full\"><img decoding=\"async\" width=\"600\" height=\"62\" src=\"https:\/\/www.helloskola.cz\/gymnazium\/wp-content\/uploads\/sites\/3\/2022\/03\/Odborne\u0301-uc\u030cebny.jpeg\" alt=\"\" class=\"wp-image-1120\" srcset=\"https:\/\/www.helloskola.cz\/gymnazium\/wp-content\/uploads\/sites\/3\/2022\/03\/Odborne\u0301-uc\u030cebny.jpeg 600w, https:\/\/www.helloskola.cz\/gymnazium\/wp-content\/uploads\/sites\/3\/2022\/03\/Odborne\u0301-uc\u030cebny-300x31.jpeg 300w\" sizes=\"(max-width: 600px) 100vw, 600px\" \/><\/figure>\n\n\n\n<p><strong>Registra\u010dn\u00ed \u010d\u00edslo projektu: CZ.06.2.67\/0.0\/0.0\/16_050\/0002617<\/strong><\/p>\n\n\n\n<p>Gymn\u00e1zium, z\u00e1kladn\u00ed \u0161kola a&nbsp;mate\u0159sk\u00e1 \u0161kola Hello s.r.o. z\u00edskalo finan\u010dn\u00ed podporu z&nbsp;EU, konkr\u00e9tn\u011b Integrovan\u00e9ho region\u00e1ln\u00edho opera\u010dn\u00edho programu, na v\u00fdstavbu, rekonstrukci a&nbsp;po\u0159\u00edzen\u00ed vybaven\u00ed odborn\u00fdch u\u010deben.<\/p>\n\n\n\n<p>Hlavn\u00edm c\u00edlem projektu je prost\u0159ednictv\u00edm vybudov\u00e1n\u00ed a&nbsp;rekonstrukce 5ti odborn\u00fdch u\u010deben, s&nbsp;vazbou na kl\u00ed\u010dov\u00e9 kompetence, zlep\u0161it dostupnost a&nbsp;kvalitu vzd\u011bl\u00e1v\u00e1n\u00ed v&nbsp;Moravskoslezsk\u00e9m kraji.<\/p>\n\n\n\n<p>V\u00fdsledkem projektu je vybudov\u00e1n\u00ed 3 u\u010deben ciz\u00edch jazyk\u016f, 1 p\u0159\u00edrodov\u011bdn\u00e9 u\u010debny, 1 po\u010d\u00edta\u010dov\u00e9 u\u010debny, zaji\u0161t\u011bn\u00ed konektivity \u0161koly a&nbsp;bezbari\u00e9rovosti.<\/p>\n\n\n\n<p>Na projekt je poskytov\u00e1na finan\u010dn\u00ed podpora z&nbsp;EU, konkr\u00e9tn\u011b Integrovan\u00e9ho region\u00e1ln\u00edho opera\u010dn\u00edho programu, v\u00fdzvy \u010d. 33.<\/p>\n\n\n\n<figure class=\"wp-block-gallery has-nested-images columns-default is-cropped wp-block-gallery-1 is-layout-flex wp-block-gallery-is-layout-flex\">\n<figure class=\"wp-block-image size-large\"><a href=\"https:\/\/www.helloskola.cz\/gymnazium\/wp-content\/uploads\/sites\/3\/2022\/03\/IT-uc\u030cebna.jpeg\"><img fetchpriority=\"high\" decoding=\"async\" width=\"407\" height=\"271\" data-id=\"1122\" src=\"https:\/\/www.helloskola.cz\/gymnazium\/wp-content\/uploads\/sites\/3\/2022\/03\/IT-uc\u030cebna.jpeg\" alt=\"\" class=\"wp-image-1122\" srcset=\"https:\/\/www.helloskola.cz\/gymnazium\/wp-content\/uploads\/sites\/3\/2022\/03\/IT-uc\u030cebna.jpeg 407w, https:\/\/www.helloskola.cz\/gymnazium\/wp-content\/uploads\/sites\/3\/2022\/03\/IT-uc\u030cebna-300x200.jpeg 300w\" sizes=\"(max-width: 407px) 100vw, 407px\" \/><\/a><\/figure>\n\n\n\n<figure class=\"wp-block-image size-large\"><a href=\"https:\/\/www.helloskola.cz\/gymnazium\/wp-content\/uploads\/sites\/3\/2022\/03\/uc\u030cebna-gymna\u0301zia.jpeg\"><img decoding=\"async\" width=\"407\" height=\"272\" data-id=\"1121\" src=\"https:\/\/www.helloskola.cz\/gymnazium\/wp-content\/uploads\/sites\/3\/2022\/03\/uc\u030cebna-gymna\u0301zia.jpeg\" alt=\"\" class=\"wp-image-1121\" srcset=\"https:\/\/www.helloskola.cz\/gymnazium\/wp-content\/uploads\/sites\/3\/2022\/03\/uc\u030cebna-gymna\u0301zia.jpeg 407w, https:\/\/www.helloskola.cz\/gymnazium\/wp-content\/uploads\/sites\/3\/2022\/03\/uc\u030cebna-gymna\u0301zia-300x200.jpeg 300w\" sizes=\"(max-width: 407px) 100vw, 407px\" \/><\/a><\/figure>\n\n\n\n<figure class=\"wp-block-image size-large\"><a href=\"https:\/\/www.helloskola.cz\/gymnazium\/wp-content\/uploads\/sites\/3\/2022\/03\/uc\u030cebna-chemie-2.jpeg\"><img loading=\"lazy\" decoding=\"async\" width=\"406\" height=\"272\" data-id=\"1123\" src=\"https:\/\/www.helloskola.cz\/gymnazium\/wp-content\/uploads\/sites\/3\/2022\/03\/uc\u030cebna-chemie-2.jpeg\" alt=\"\" class=\"wp-image-1123\" srcset=\"https:\/\/www.helloskola.cz\/gymnazium\/wp-content\/uploads\/sites\/3\/2022\/03\/uc\u030cebna-chemie-2.jpeg 406w, https:\/\/www.helloskola.cz\/gymnazium\/wp-content\/uploads\/sites\/3\/2022\/03\/uc\u030cebna-chemie-2-300x201.jpeg 300w\" sizes=\"(max-width: 406px) 100vw, 406px\" \/><\/a><\/figure>\n<\/figure>\n","protected":false},"excerpt":{"rendered":"<p>Registra\u010dn\u00ed \u010d\u00edslo projektu: CZ.06.2.67\/0.0\/0.0\/16_050\/0002617 Gymn\u00e1zium, z\u00e1kladn\u00ed \u0161kola a&nbsp;mate\u0159sk\u00e1 \u0161kola Hello s.r.o. z\u00edskalo finan\u010dn\u00ed podporu z&nbsp;EU, konkr\u00e9tn\u011b Integrovan\u00e9ho region\u00e1ln\u00edho opera\u010dn\u00edho programu, na v\u00fdstavbu, rekonstrukci a&nbsp;po\u0159\u00edzen\u00ed vybaven\u00ed odborn\u00fdch u\u010deben. Hlavn\u00edm c\u00edlem projektu je prost\u0159ednictv\u00edm vybudov\u00e1n\u00ed a&nbsp;rekonstrukce 5ti odborn\u00fdch u\u010deben, s&nbsp;vazbou na kl\u00ed\u010dov\u00e9 kompetence, zlep\u0161it dostupnost a&nbsp;kvalitu vzd\u011bl\u00e1v\u00e1n\u00ed v&nbsp;Moravskoslezsk\u00e9m kraji. V\u00fdsledkem projektu je vybudov\u00e1n\u00ed 3 u\u010deben ciz\u00edch jazyk\u016f, [&hellip;]<\/p>\n","protected":false},"author":1,"featured_media":1779,"parent":1117,"menu_order":0,"comment_status":"closed","ping_status":"closed","template":"","meta":{"footnotes":""},"class_list":["post-1119","page","type-page","status-publish","has-post-thumbnail","hentry"],"yoast_head":"<!-- This site is optimized with the Yoast SEO plugin v24.8.1 - https:\/\/yoast.com\/wordpress\/plugins\/seo\/ -->\n<title>Odborn\u00e9 u\u010debny gymn\u00e1zia HELLO | Gymn\u00e1zium HELLO<\/title>\n<meta name=\"robots\" content=\"index, follow, max-snippet:-1, max-image-preview:large, max-video-preview:-1\" \/>\n<link rel=\"canonical\" href=\"https:\/\/www.helloskola.cz\/gymnazium\/projekty\/odborne-ucebny-gymnazia-hello\/\" \/>\n<meta property=\"og:locale\" content=\"cs_CZ\" \/>\n<meta property=\"og:type\" content=\"article\" \/>\n<meta property=\"og:title\" content=\"Odborn\u00e9 u\u010debny gymn\u00e1zia HELLO | Gymn\u00e1zium HELLO\" \/>\n<meta property=\"og:description\" content=\"Registra\u010dn\u00ed \u010d\u00edslo projektu: CZ.06.2.67\/0.0\/0.0\/16_050\/0002617 Gymn\u00e1zium, z\u00e1kladn\u00ed \u0161kola a&nbsp;mate\u0159sk\u00e1 \u0161kola Hello s.r.o. z\u00edskalo finan\u010dn\u00ed podporu z&nbsp;EU, konkr\u00e9tn\u011b Integrovan\u00e9ho region\u00e1ln\u00edho opera\u010dn\u00edho programu, na v\u00fdstavbu, rekonstrukci a&nbsp;po\u0159\u00edzen\u00ed vybaven\u00ed odborn\u00fdch u\u010deben. Hlavn\u00edm c\u00edlem projektu je prost\u0159ednictv\u00edm vybudov\u00e1n\u00ed a&nbsp;rekonstrukce 5ti odborn\u00fdch u\u010deben, s&nbsp;vazbou na kl\u00ed\u010dov\u00e9 kompetence, zlep\u0161it dostupnost a&nbsp;kvalitu vzd\u011bl\u00e1v\u00e1n\u00ed v&nbsp;Moravskoslezsk\u00e9m kraji. V\u00fdsledkem projektu je vybudov\u00e1n\u00ed 3 u\u010deben ciz\u00edch jazyk\u016f, [&hellip;]\" \/>\n<meta property=\"og:url\" content=\"https:\/\/www.helloskola.cz\/gymnazium\/projekty\/odborne-ucebny-gymnazia-hello\/\" \/>\n<meta property=\"og:site_name\" content=\"Gymn\u00e1zium HELLO\" \/>\n<meta property=\"article:modified_time\" content=\"2022-03-13T02:32:06+00:00\" \/>\n<meta property=\"og:image\" content=\"https:\/\/www.helloskola.cz\/gymnazium\/wp-content\/uploads\/sites\/3\/2022\/03\/Odborne\u0301-uc\u030cebny.jpeg\" \/>\n<meta name=\"twitter:card\" content=\"summary_large_image\" \/>\n<meta name=\"twitter:label1\" content=\"Odhadovan\u00e1 doba \u010dten\u00ed\" \/>\n\t<meta name=\"twitter:data1\" content=\"2 minuty\" \/>\n<script type=\"application\/ld+json\" class=\"yoast-schema-graph\">{\"@context\":\"https:\/\/schema.org\",\"@graph\":[{\"@type\":\"WebPage\",\"@id\":\"https:\/\/www.helloskola.cz\/gymnazium\/projekty\/odborne-ucebny-gymnazia-hello\/\",\"url\":\"https:\/\/www.helloskola.cz\/gymnazium\/projekty\/odborne-ucebny-gymnazia-hello\/\",\"name\":\"Odborn\u00e9 u\u010debny gymn\u00e1zia HELLO | Gymn\u00e1zium HELLO\",\"isPartOf\":{\"@id\":\"https:\/\/www.helloskola.cz\/gymnazium\/#website\"},\"primaryImageOfPage\":{\"@id\":\"https:\/\/www.helloskola.cz\/gymnazium\/projekty\/odborne-ucebny-gymnazia-hello\/#primaryimage\"},\"image\":{\"@id\":\"https:\/\/www.helloskola.cz\/gymnazium\/projekty\/odborne-ucebny-gymnazia-hello\/#primaryimage\"},\"thumbnailUrl\":\"https:\/\/www.helloskola.cz\/gymnazium\/wp-content\/uploads\/sites\/3\/2022\/05\/gympl-fallback.png\",\"datePublished\":\"2022-03-13T02:30:37+00:00\",\"dateModified\":\"2022-03-13T02:32:06+00:00\",\"breadcrumb\":{\"@id\":\"https:\/\/www.helloskola.cz\/gymnazium\/projekty\/odborne-ucebny-gymnazia-hello\/#breadcrumb\"},\"inLanguage\":\"cs\",\"potentialAction\":[{\"@type\":\"ReadAction\",\"target\":[\"https:\/\/www.helloskola.cz\/gymnazium\/projekty\/odborne-ucebny-gymnazia-hello\/\"]}]},{\"@type\":\"ImageObject\",\"inLanguage\":\"cs\",\"@id\":\"https:\/\/www.helloskola.cz\/gymnazium\/projekty\/odborne-ucebny-gymnazia-hello\/#primaryimage\",\"url\":\"https:\/\/www.helloskola.cz\/gymnazium\/wp-content\/uploads\/sites\/3\/2022\/05\/gympl-fallback.png\",\"contentUrl\":\"https:\/\/www.helloskola.cz\/gymnazium\/wp-content\/uploads\/sites\/3\/2022\/05\/gympl-fallback.png\",\"width\":933,\"height\":700},{\"@type\":\"BreadcrumbList\",\"@id\":\"https:\/\/www.helloskola.cz\/gymnazium\/projekty\/odborne-ucebny-gymnazia-hello\/#breadcrumb\",\"itemListElement\":[{\"@type\":\"ListItem\",\"position\":1,\"name\":\"\u00davod\",\"item\":\"https:\/\/www.helloskola.cz\/gymnazium\/\"},{\"@type\":\"ListItem\",\"position\":2,\"name\":\"Projekty\",\"item\":\"https:\/\/www.helloskola.cz\/gymnazium\/projekty\/\"},{\"@type\":\"ListItem\",\"position\":3,\"name\":\"Odborn\u00e9 u\u010debny gymn\u00e1zia HELLO\"}]},{\"@type\":\"WebSite\",\"@id\":\"https:\/\/www.helloskola.cz\/gymnazium\/#website\",\"url\":\"https:\/\/www.helloskola.cz\/gymnazium\/\",\"name\":\"Gymn\u00e1zium HELLO\",\"description\":\"St\u0159edn\u00ed \u0161kola s pos\u00edlenou v\u00fdukou ciz\u00edch jazyk\u016f\",\"publisher\":{\"@id\":\"https:\/\/www.helloskola.cz\/gymnazium\/#organization\"},\"potentialAction\":[{\"@type\":\"SearchAction\",\"target\":{\"@type\":\"EntryPoint\",\"urlTemplate\":\"https:\/\/www.helloskola.cz\/gymnazium\/?s={search_term_string}\"},\"query-input\":{\"@type\":\"PropertyValueSpecification\",\"valueRequired\":true,\"valueName\":\"search_term_string\"}}],\"inLanguage\":\"cs\"},{\"@type\":\"Organization\",\"@id\":\"https:\/\/www.helloskola.cz\/gymnazium\/#organization\",\"name\":\"Gymn\u00e1zium Hello\",\"url\":\"https:\/\/www.helloskola.cz\/gymnazium\/\",\"logo\":{\"@type\":\"ImageObject\",\"inLanguage\":\"cs\",\"@id\":\"https:\/\/www.helloskola.cz\/gymnazium\/#\/schema\/logo\/image\/\",\"url\":\"https:\/\/www.helloskola.cz\/gymnazium\/wp-content\/uploads\/sites\/3\/2022\/02\/hello_gy_cmyk-1.svg\",\"contentUrl\":\"https:\/\/www.helloskola.cz\/gymnazium\/wp-content\/uploads\/sites\/3\/2022\/02\/hello_gy_cmyk-1.svg\",\"width\":100,\"height\":100,\"caption\":\"Gymn\u00e1zium Hello\"},\"image\":{\"@id\":\"https:\/\/www.helloskola.cz\/gymnazium\/#\/schema\/logo\/image\/\"}}]}<\/script>\n<!-- \/ Yoast SEO plugin. -->","yoast_head_json":{"title":"Odborn\u00e9 u\u010debny gymn\u00e1zia HELLO | Gymn\u00e1zium HELLO","robots":{"index":"index","follow":"follow","max-snippet":"max-snippet:-1","max-image-preview":"max-image-preview:large","max-video-preview":"max-video-preview:-1"},"canonical":"https:\/\/www.helloskola.cz\/gymnazium\/projekty\/odborne-ucebny-gymnazia-hello\/","og_locale":"cs_CZ","og_type":"article","og_title":"Odborn\u00e9 u\u010debny gymn\u00e1zia HELLO | Gymn\u00e1zium HELLO","og_description":"Registra\u010dn\u00ed \u010d\u00edslo projektu: CZ.06.2.67\/0.0\/0.0\/16_050\/0002617 Gymn\u00e1zium, z\u00e1kladn\u00ed \u0161kola a&nbsp;mate\u0159sk\u00e1 \u0161kola Hello s.r.o. z\u00edskalo finan\u010dn\u00ed podporu z&nbsp;EU, konkr\u00e9tn\u011b Integrovan\u00e9ho region\u00e1ln\u00edho opera\u010dn\u00edho programu, na v\u00fdstavbu, rekonstrukci a&nbsp;po\u0159\u00edzen\u00ed vybaven\u00ed odborn\u00fdch u\u010deben. Hlavn\u00edm c\u00edlem projektu je prost\u0159ednictv\u00edm vybudov\u00e1n\u00ed a&nbsp;rekonstrukce 5ti odborn\u00fdch u\u010deben, s&nbsp;vazbou na kl\u00ed\u010dov\u00e9 kompetence, zlep\u0161it dostupnost a&nbsp;kvalitu vzd\u011bl\u00e1v\u00e1n\u00ed v&nbsp;Moravskoslezsk\u00e9m kraji. V\u00fdsledkem projektu je vybudov\u00e1n\u00ed 3 u\u010deben ciz\u00edch jazyk\u016f, [&hellip;]","og_url":"https:\/\/www.helloskola.cz\/gymnazium\/projekty\/odborne-ucebny-gymnazia-hello\/","og_site_name":"Gymn\u00e1zium HELLO","article_modified_time":"2022-03-13T02:32:06+00:00","og_image":[{"url":"https:\/\/www.helloskola.cz\/gymnazium\/wp-content\/uploads\/sites\/3\/2022\/03\/Odborne\u0301-uc\u030cebny.jpeg","type":"","width":"","height":""}],"twitter_card":"summary_large_image","twitter_misc":{"Odhadovan\u00e1 doba \u010dten\u00ed":"2 minuty"},"schema":{"@context":"https:\/\/schema.org","@graph":[{"@type":"WebPage","@id":"https:\/\/www.helloskola.cz\/gymnazium\/projekty\/odborne-ucebny-gymnazia-hello\/","url":"https:\/\/www.helloskola.cz\/gymnazium\/projekty\/odborne-ucebny-gymnazia-hello\/","name":"Odborn\u00e9 u\u010debny gymn\u00e1zia HELLO | Gymn\u00e1zium HELLO","isPartOf":{"@id":"https:\/\/www.helloskola.cz\/gymnazium\/#website"},"primaryImageOfPage":{"@id":"https:\/\/www.helloskola.cz\/gymnazium\/projekty\/odborne-ucebny-gymnazia-hello\/#primaryimage"},"image":{"@id":"https:\/\/www.helloskola.cz\/gymnazium\/projekty\/odborne-ucebny-gymnazia-hello\/#primaryimage"},"thumbnailUrl":"https:\/\/www.helloskola.cz\/gymnazium\/wp-content\/uploads\/sites\/3\/2022\/05\/gympl-fallback.png","datePublished":"2022-03-13T02:30:37+00:00","dateModified":"2022-03-13T02:32:06+00:00","breadcrumb":{"@id":"https:\/\/www.helloskola.cz\/gymnazium\/projekty\/odborne-ucebny-gymnazia-hello\/#breadcrumb"},"inLanguage":"cs","potentialAction":[{"@type":"ReadAction","target":["https:\/\/www.helloskola.cz\/gymnazium\/projekty\/odborne-ucebny-gymnazia-hello\/"]}]},{"@type":"ImageObject","inLanguage":"cs","@id":"https:\/\/www.helloskola.cz\/gymnazium\/projekty\/odborne-ucebny-gymnazia-hello\/#primaryimage","url":"https:\/\/www.helloskola.cz\/gymnazium\/wp-content\/uploads\/sites\/3\/2022\/05\/gympl-fallback.png","contentUrl":"https:\/\/www.helloskola.cz\/gymnazium\/wp-content\/uploads\/sites\/3\/2022\/05\/gympl-fallback.png","width":933,"height":700},{"@type":"BreadcrumbList","@id":"https:\/\/www.helloskola.cz\/gymnazium\/projekty\/odborne-ucebny-gymnazia-hello\/#breadcrumb","itemListElement":[{"@type":"ListItem","position":1,"name":"\u00davod","item":"https:\/\/www.helloskola.cz\/gymnazium\/"},{"@type":"ListItem","position":2,"name":"Projekty","item":"https:\/\/www.helloskola.cz\/gymnazium\/projekty\/"},{"@type":"ListItem","position":3,"name":"Odborn\u00e9 u\u010debny gymn\u00e1zia HELLO"}]},{"@type":"WebSite","@id":"https:\/\/www.helloskola.cz\/gymnazium\/#website","url":"https:\/\/www.helloskola.cz\/gymnazium\/","name":"Gymn\u00e1zium HELLO","description":"St\u0159edn\u00ed \u0161kola s pos\u00edlenou v\u00fdukou ciz\u00edch jazyk\u016f","publisher":{"@id":"https:\/\/www.helloskola.cz\/gymnazium\/#organization"},"potentialAction":[{"@type":"SearchAction","target":{"@type":"EntryPoint","urlTemplate":"https:\/\/www.helloskola.cz\/gymnazium\/?s={search_term_string}"},"query-input":{"@type":"PropertyValueSpecification","valueRequired":true,"valueName":"search_term_string"}}],"inLanguage":"cs"},{"@type":"Organization","@id":"https:\/\/www.helloskola.cz\/gymnazium\/#organization","name":"Gymn\u00e1zium Hello","url":"https:\/\/www.helloskola.cz\/gymnazium\/","logo":{"@type":"ImageObject","inLanguage":"cs","@id":"https:\/\/www.helloskola.cz\/gymnazium\/#\/schema\/logo\/image\/","url":"https:\/\/www.helloskola.cz\/gymnazium\/wp-content\/uploads\/sites\/3\/2022\/02\/hello_gy_cmyk-1.svg","contentUrl":"https:\/\/www.helloskola.cz\/gymnazium\/wp-content\/uploads\/sites\/3\/2022\/02\/hello_gy_cmyk-1.svg","width":100,"height":100,"caption":"Gymn\u00e1zium Hello"},"image":{"@id":"https:\/\/www.helloskola.cz\/gymnazium\/#\/schema\/logo\/image\/"}}]}},"_links":{"self":[{"href":"https:\/\/www.helloskola.cz\/gymnazium\/wp-json\/wp\/v2\/pages\/1119","targetHints":{"allow":["GET"]}}],"collection":[{"href":"https:\/\/www.helloskola.cz\/gymnazium\/wp-json\/wp\/v2\/pages"}],"about":[{"href":"https:\/\/www.helloskola.cz\/gymnazium\/wp-json\/wp\/v2\/types\/page"}],"author":[{"embeddable":true,"href":"https:\/\/www.helloskola.cz\/gymnazium\/wp-json\/wp\/v2\/users\/1"}],"replies":[{"embeddable":true,"href":"https:\/\/www.helloskola.cz\/gymnazium\/wp-json\/wp\/v2\/comments?post=1119"}],"version-history":[{"count":2,"href":"https:\/\/www.helloskola.cz\/gymnazium\/wp-json\/wp\/v2\/pages\/1119\/revisions"}],"predecessor-version":[{"id":1125,"href":"https:\/\/www.helloskola.cz\/gymnazium\/wp-json\/wp\/v2\/pages\/1119\/revisions\/1125"}],"up":[{"embeddable":true,"href":"https:\/\/www.helloskola.cz\/gymnazium\/wp-json\/wp\/v2\/pages\/1117"}],"wp:featuredmedia":[{"embeddable":true,"href":"https:\/\/www.helloskola.cz\/gymnazium\/wp-json\/wp\/v2\/media\/1779"}],"wp:attachment":[{"href":"https:\/\/www.helloskola.cz\/gymnazium\/wp-json\/wp\/v2\/media?parent=1119"}],"curies":[{"name":"wp","href":"https:\/\/api.w.org\/{rel}","templated":true}]}}