{"id":1002,"date":"2022-03-12T19:38:22","date_gmt":"2022-03-12T18:38:22","guid":{"rendered":"https:\/\/www.helloskola.cz\/gymnazium\/?page_id=1002"},"modified":"2025-09-20T10:50:27","modified_gmt":"2025-09-20T08:50:27","slug":"cizi-jazyky","status":"publish","type":"page","link":"https:\/\/www.helloskola.cz\/gymnazium\/pro-studenty\/predmety-a-informace\/cizi-jazyky\/","title":{"rendered":"Ciz\u00ed jazyky"},"content":{"rendered":"\n<h2 class=\"wp-block-heading\">U\u010ditel\u00e9 ciz\u00edch jazyk\u016f<\/h2>\n\n\n\n<p>Mgr. Zuzana Pohlov\u00e1 \u2013 vedouc\u00ed p\u0159edm\u011btov\u00e9 komise<\/p>\n\n\n\n<p>Bc. Ji\u0159\u00ed Li\u017ei\u010dka (\u0160J a AJ)<\/p>\n\n\n\n<p>Emmanuel Oyolo (AJ) \u2013 rodil\u00fd mluv\u010d\u00ed<\/p>\n\n\n\n<p>Shirin Husajn (AJ) \u2013 rodil\u00e1 mluv\u010d\u00ed <\/p>\n\n\n\n<p>Mgr. Daniela El\u0161\u00edkov\u00e1 (\u0160J) <\/p>\n\n\n\n<p>Mgr. Lucie Richt\u00e1rov\u00e1 (NJ)<\/p>\n\n\n\n<p>Mgr. Kate\u0159ina Smolov\u00e1 (AJ)<\/p>\n\n\n\n<p>Mgr. Sandra Da\u0148helov\u00e1 (\u0160J)<\/p>\n\n\n\n<p>Mgr. Zora Jel\u00ednkov\u00e1 (AJ)<\/p>\n\n\n\n<figure class=\"wp-block-gallery has-nested-images columns-default is-cropped wp-block-gallery-1 is-layout-flex wp-block-gallery-is-layout-flex\">\n<figure class=\"wp-block-image size-large\"><a href=\"https:\/\/www.helloskola.cz\/gymnazium\/wp-content\/uploads\/sites\/3\/2022\/03\/anglic\u030ctina-cizijazyky.jpeg\"><img fetchpriority=\"high\" decoding=\"async\" width=\"639\" height=\"444\" data-id=\"1005\" src=\"https:\/\/www.helloskola.cz\/gymnazium\/wp-content\/uploads\/sites\/3\/2022\/03\/anglic\u030ctina-cizijazyky.jpeg\" alt=\"\" class=\"wp-image-1005\" srcset=\"https:\/\/www.helloskola.cz\/gymnazium\/wp-content\/uploads\/sites\/3\/2022\/03\/anglic\u030ctina-cizijazyky.jpeg 639w, https:\/\/www.helloskola.cz\/gymnazium\/wp-content\/uploads\/sites\/3\/2022\/03\/anglic\u030ctina-cizijazyky-300x208.jpeg 300w\" sizes=\"(max-width: 639px) 100vw, 639px\" \/><\/a><\/figure>\n\n\n\n<figure class=\"wp-block-image size-full\"><a href=\"https:\/\/www.helloskola.cz\/gymnazium\/wp-content\/uploads\/sites\/3\/2022\/10\/GRAUS.jpg\"><img decoding=\"async\" width=\"866\" height=\"518\" data-id=\"3847\" src=\"https:\/\/www.helloskola.cz\/gymnazium\/wp-content\/uploads\/sites\/3\/2022\/10\/GRAUS.jpg\" alt=\"\" class=\"wp-image-3847\" srcset=\"https:\/\/www.helloskola.cz\/gymnazium\/wp-content\/uploads\/sites\/3\/2022\/10\/GRAUS.jpg 866w, https:\/\/www.helloskola.cz\/gymnazium\/wp-content\/uploads\/sites\/3\/2022\/10\/GRAUS-300x179.jpg 300w, https:\/\/www.helloskola.cz\/gymnazium\/wp-content\/uploads\/sites\/3\/2022\/10\/GRAUS-768x459.jpg 768w\" sizes=\"(max-width: 866px) 100vw, 866px\" \/><\/a><\/figure>\n\n\n\n<figure class=\"wp-block-image size-large\"><a href=\"https:\/\/www.helloskola.cz\/gymnazium\/wp-content\/uploads\/sites\/3\/2022\/03\/jazyky_jes\u030cte\u030c.jpeg\"><img decoding=\"async\" width=\"600\" height=\"498\" data-id=\"1004\" src=\"https:\/\/www.helloskola.cz\/gymnazium\/wp-content\/uploads\/sites\/3\/2022\/03\/jazyky_jes\u030cte\u030c.jpeg\" alt=\"\" class=\"wp-image-1004\" srcset=\"https:\/\/www.helloskola.cz\/gymnazium\/wp-content\/uploads\/sites\/3\/2022\/03\/jazyky_jes\u030cte\u030c.jpeg 600w, https:\/\/www.helloskola.cz\/gymnazium\/wp-content\/uploads\/sites\/3\/2022\/03\/jazyky_jes\u030cte\u030c-300x249.jpeg 300w\" sizes=\"(max-width: 600px) 100vw, 600px\" \/><\/a><\/figure>\n<\/figure>\n\n\n\n<h2 class=\"wp-block-heading\">Anglick\u00fd jazyk:<\/h2>\n\n\n\n<p>\u00b7 jazykov\u00e1 v\u011btev: v\u00fdstupn\u00ed \u00farove\u0148 minim\u00e1ln\u011b C1 dle CEFR<\/p>\n\n\n\n<p>\u00b7 bilingvn\u00ed v\u00fduka vybran\u00fdch p\u0159edm\u011bt\u016f<\/p>\n\n\n\n<p>\u00b7 rozvoj akademick\u00fdch dovednost\u00ed v angli\u010dtin\u011b<\/p>\n\n\n\n<p>\u00b7 rozvoj prezenta\u010dn\u00edch dovednost\u00ed v angli\u010dtin\u011b<\/p>\n\n\n\n<p>\u00b7 v\u0161eobecn\u00e1 v\u011btev a MMIT: v\u00fdstupn\u00ed \u00farove\u0148 minim\u00e1ln\u011b B2 dle CEFR<\/p>\n\n\n\n<p>\u00b7 studentsk\u00e9 v\u00fdjezdy do zahrani\u010d\u00ed v r\u00e1mci programu Erasmus+<\/p>\n\n\n\n<p>\u00b7 c\u00edlen\u00e1 p\u0159\u00edprava na zkou\u0161ky Cambridge English: studenti ve skupin\u00e1ch podle \u00farovn\u011b, ne podle t\u0159\u00eddy<\/p>\n\n\n\n<p>\u00b7 pravideln\u00e9 pre-testy ve spolupr\u00e1ci s na\u0161\u00edm akreditovan\u00fdm zku\u0161ebn\u00edm centrem<\/p>\n\n\n\n<h4 class=\"wp-block-heading\">U\u010debnice:<\/h4>\n\n\n\n<p><strong><em>Angli\u010dtina<\/em><\/strong><br>Maturita Solutions : preintermediate &#8211; upper intermediate<br>PET Result, First Result, CAE Result<\/p>\n\n\n\n<h3 class=\"wp-block-heading\">CTM:<\/h3>\n\n\n\n<p>Kurz CTM pro nejpokro\u010dilej\u0161\u00ed skupinu angli\u010dtiny<br>Nejpokro\u010dilej\u0161\u00ed skupina v&nbsp;angli\u010dtin\u011b veden\u00e1 Jirkou Li\u017ei\u010dkou &#8211; bude v&nbsp;hodin\u00e1ch angli\u010dtiny pracovat s&nbsp;on-line kurzem od CTM Academy (Centrum pro talentovanou ml\u00e1de\u017e) a&nbsp;u\u010debnici pou\u017e\u00edvat sp\u00ed\u0161e jako dopln\u011bk, a&nbsp;to d\u00edky vysok\u00e9 \u00farovni angli\u010dtiny (na \u00farovni B2).<br>Kurz student\u016fm hrad\u00ed \u0161kola s&nbsp;p\u0159isp\u011bn\u00edm SMO a&nbsp;jeho programu Talent management. Bli\u017e\u0161\u00ed informace o&nbsp;CTM a&nbsp;vybran\u00e9 kurzu: https:\/\/www.ctm-academy.cz\/online\/literature-literacy-critical-thinking-for-high-school-students-modul-1-sci-fi-<br>Jedn\u00e1 se o&nbsp;kurz Literature. Literacy a&nbsp;Critical Thinking. Je to takov\u00e9 3 v&nbsp;1:<br>angli\u010dtina (gramatika, psan\u00fd i&nbsp;mluven\u00fd projev na pokro\u010dil\u00e9 \u00farovni)<br>m\u011bkk\u00e9 dovednosti (analytick\u00e9 dovednosti, kritick\u00e9 my\u0161len\u00ed, diskuse)<br>liter\u00e1rn\u00ed a&nbsp;v\u0161eobecn\u00fd p\u0159ehled (d\u00edky vybran\u00fdm anglick\u00fdm text\u016fm).<\/p>\n\n\n\n<p>D\u00edky spolupr\u00e1ci s&nbsp;Jazykovou \u0161kolou Hello nab\u00edz\u00ed Gymn\u00e1zium Hello sv\u00fdm student\u016fm a&nbsp;jejich rodi\u010d\u016fm BONUS:<br>slevu, ve v\u00fd\u0161i 30% pro na\u0161e studenty a&nbsp;15% pro rodinn\u00e9 p\u0159\u00edslu\u0161n\u00edky na jazykov\u00fd kurz pro ve\u0159ejnost.<br>V\u00fdb\u011br jazyk\u016f, kurz\u016f a&nbsp;\u00farovn\u00ed na www.hello.cz<\/p>\n\n\n\n<h2 class=\"wp-block-heading\">N\u011bm\u010dina<\/h2>\n\n\n\n<h4 class=\"wp-block-heading\">U\u010debnice:<\/h4>\n\n\n\n<p>Z\u00e1kladn\u00ed \u0161kola: Deutsch mit Max<br>Gymn\u00e1zium: Direkt Interaktiv, Direkt neu 1 a&nbsp;2<br>P\u0159ipravujeme ke zkou\u0161k\u00e1m Goethe Institutu v&nbsp;Ostrav\u011b na jazykov\u00e9 \u0161kole Hello&nbsp;<a href=\"https:\/\/www.goethe.de\/ins\/cz\/cs\/spr\/prf.html\">https:\/\/www.goethe.de\/ins\/cz\/cs\/spr\/prf.html<\/a><\/p>\n\n\n\n<h2 class=\"wp-block-heading\">\u0160pan\u011bl\u0161tina<\/h2>\n\n\n\n<h4 class=\"wp-block-heading\">U\u010debnice:<\/h4>\n\n\n\n<p>Aventura nueva 1, Aventura 2<br>P\u0159ipravujeme na zkou\u0161ky DELE: Mezin\u00e1rodn\u011b uzn\u00e1van\u00fd Certifik\u00e1t ze \u0161pan\u011blsk\u00e9ho jazyka&nbsp;<a href=\"https:\/\/praga.cervantes.es\/cz\/dele_spanelstina\/obecne_informace_zkousky_dele_spanelstina.htm\">https:\/\/praga.cervantes.es\/cz\/dele_spanelstina\/obecne_informace_zkousky_dele_spanelstina.htm<\/a><\/p>\n\n\n\n<p><a href=\"http:\/\/www.hello.cz\/cs\/jazykove-zkousky\/cambridge\/terminy\/terminy-zkousek-ostrava\" target=\"_blank\" rel=\"noreferrer noopener\">TERM\u00cdNY ZKOU\u0160EK CAMBRIDGE ENGLISH v&nbsp;jazykov\u00e9 \u0161kole Hello<\/a><\/p>\n","protected":false},"excerpt":{"rendered":"<p>U\u010ditel\u00e9 ciz\u00edch jazyk\u016f Mgr. Zuzana Pohlov\u00e1 \u2013 vedouc\u00ed p\u0159edm\u011btov\u00e9 komise Bc. Ji\u0159\u00ed Li\u017ei\u010dka (\u0160J a AJ) Emmanuel Oyolo (AJ) \u2013 rodil\u00fd mluv\u010d\u00ed Shirin Husajn (AJ) \u2013 rodil\u00e1 mluv\u010d\u00ed Mgr. Daniela El\u0161\u00edkov\u00e1 (\u0160J) Mgr. Lucie Richt\u00e1rov\u00e1 (NJ) Mgr. Kate\u0159ina Smolov\u00e1 (AJ) Mgr. Sandra Da\u0148helov\u00e1 (\u0160J) Mgr. Zora Jel\u00ednkov\u00e1 (AJ) Anglick\u00fd jazyk: \u00b7 jazykov\u00e1 v\u011btev: v\u00fdstupn\u00ed \u00farove\u0148 [&hellip;]<\/p>\n","protected":false},"author":1,"featured_media":1779,"parent":987,"menu_order":0,"comment_status":"closed","ping_status":"closed","template":"","meta":{"footnotes":""},"class_list":["post-1002","page","type-page","status-publish","has-post-thumbnail","hentry"],"yoast_head":"<!-- This site is optimized with the Yoast SEO plugin v24.8.1 - https:\/\/yoast.com\/wordpress\/plugins\/seo\/ -->\n<title>Ciz\u00ed jazyky | Gymn\u00e1zium HELLO<\/title>\n<meta name=\"robots\" content=\"index, follow, max-snippet:-1, max-image-preview:large, max-video-preview:-1\" \/>\n<link rel=\"canonical\" href=\"https:\/\/www.helloskola.cz\/gymnazium\/pro-studenty\/predmety-a-informace\/cizi-jazyky\/\" \/>\n<meta property=\"og:locale\" content=\"cs_CZ\" \/>\n<meta property=\"og:type\" content=\"article\" \/>\n<meta property=\"og:title\" content=\"Ciz\u00ed jazyky | Gymn\u00e1zium HELLO\" \/>\n<meta property=\"og:description\" content=\"U\u010ditel\u00e9 ciz\u00edch jazyk\u016f Mgr. Zuzana Pohlov\u00e1 \u2013 vedouc\u00ed p\u0159edm\u011btov\u00e9 komise Bc. Ji\u0159\u00ed Li\u017ei\u010dka (\u0160J a AJ) Emmanuel Oyolo (AJ) \u2013 rodil\u00fd mluv\u010d\u00ed Shirin Husajn (AJ) \u2013 rodil\u00e1 mluv\u010d\u00ed Mgr. Daniela El\u0161\u00edkov\u00e1 (\u0160J) Mgr. Lucie Richt\u00e1rov\u00e1 (NJ) Mgr. Kate\u0159ina Smolov\u00e1 (AJ) Mgr. Sandra Da\u0148helov\u00e1 (\u0160J) Mgr. Zora Jel\u00ednkov\u00e1 (AJ) Anglick\u00fd jazyk: \u00b7 jazykov\u00e1 v\u011btev: v\u00fdstupn\u00ed \u00farove\u0148 [&hellip;]\" \/>\n<meta property=\"og:url\" content=\"https:\/\/www.helloskola.cz\/gymnazium\/pro-studenty\/predmety-a-informace\/cizi-jazyky\/\" \/>\n<meta property=\"og:site_name\" content=\"Gymn\u00e1zium HELLO\" \/>\n<meta property=\"article:modified_time\" content=\"2025-09-20T08:50:27+00:00\" \/>\n<meta property=\"og:image\" content=\"https:\/\/www.helloskola.cz\/gymnazium\/wp-content\/uploads\/sites\/3\/2022\/10\/GRAUS.jpg\" \/>\n<meta name=\"twitter:card\" content=\"summary_large_image\" \/>\n<meta name=\"twitter:label1\" content=\"Odhadovan\u00e1 doba \u010dten\u00ed\" \/>\n\t<meta name=\"twitter:data1\" content=\"3 minuty\" \/>\n<script type=\"application\/ld+json\" class=\"yoast-schema-graph\">{\"@context\":\"https:\/\/schema.org\",\"@graph\":[{\"@type\":\"WebPage\",\"@id\":\"https:\/\/www.helloskola.cz\/gymnazium\/pro-studenty\/predmety-a-informace\/cizi-jazyky\/\",\"url\":\"https:\/\/www.helloskola.cz\/gymnazium\/pro-studenty\/predmety-a-informace\/cizi-jazyky\/\",\"name\":\"Ciz\u00ed jazyky | Gymn\u00e1zium HELLO\",\"isPartOf\":{\"@id\":\"https:\/\/www.helloskola.cz\/gymnazium\/#website\"},\"primaryImageOfPage\":{\"@id\":\"https:\/\/www.helloskola.cz\/gymnazium\/pro-studenty\/predmety-a-informace\/cizi-jazyky\/#primaryimage\"},\"image\":{\"@id\":\"https:\/\/www.helloskola.cz\/gymnazium\/pro-studenty\/predmety-a-informace\/cizi-jazyky\/#primaryimage\"},\"thumbnailUrl\":\"https:\/\/www.helloskola.cz\/gymnazium\/wp-content\/uploads\/sites\/3\/2022\/05\/gympl-fallback.png\",\"datePublished\":\"2022-03-12T18:38:22+00:00\",\"dateModified\":\"2025-09-20T08:50:27+00:00\",\"breadcrumb\":{\"@id\":\"https:\/\/www.helloskola.cz\/gymnazium\/pro-studenty\/predmety-a-informace\/cizi-jazyky\/#breadcrumb\"},\"inLanguage\":\"cs\",\"potentialAction\":[{\"@type\":\"ReadAction\",\"target\":[\"https:\/\/www.helloskola.cz\/gymnazium\/pro-studenty\/predmety-a-informace\/cizi-jazyky\/\"]}]},{\"@type\":\"ImageObject\",\"inLanguage\":\"cs\",\"@id\":\"https:\/\/www.helloskola.cz\/gymnazium\/pro-studenty\/predmety-a-informace\/cizi-jazyky\/#primaryimage\",\"url\":\"https:\/\/www.helloskola.cz\/gymnazium\/wp-content\/uploads\/sites\/3\/2022\/05\/gympl-fallback.png\",\"contentUrl\":\"https:\/\/www.helloskola.cz\/gymnazium\/wp-content\/uploads\/sites\/3\/2022\/05\/gympl-fallback.png\",\"width\":933,\"height\":700},{\"@type\":\"BreadcrumbList\",\"@id\":\"https:\/\/www.helloskola.cz\/gymnazium\/pro-studenty\/predmety-a-informace\/cizi-jazyky\/#breadcrumb\",\"itemListElement\":[{\"@type\":\"ListItem\",\"position\":1,\"name\":\"\u00davod\",\"item\":\"https:\/\/www.helloskola.cz\/gymnazium\/\"},{\"@type\":\"ListItem\",\"position\":2,\"name\":\"Pro studenty\",\"item\":\"https:\/\/www.helloskola.cz\/gymnazium\/pro-studenty\/\"},{\"@type\":\"ListItem\",\"position\":3,\"name\":\"P\u0159edm\u011bty a informace\",\"item\":\"https:\/\/www.helloskola.cz\/gymnazium\/pro-studenty\/predmety-a-informace\/\"},{\"@type\":\"ListItem\",\"position\":4,\"name\":\"Ciz\u00ed jazyky\"}]},{\"@type\":\"WebSite\",\"@id\":\"https:\/\/www.helloskola.cz\/gymnazium\/#website\",\"url\":\"https:\/\/www.helloskola.cz\/gymnazium\/\",\"name\":\"Gymn\u00e1zium HELLO\",\"description\":\"St\u0159edn\u00ed \u0161kola s pos\u00edlenou v\u00fdukou ciz\u00edch jazyk\u016f\",\"publisher\":{\"@id\":\"https:\/\/www.helloskola.cz\/gymnazium\/#organization\"},\"potentialAction\":[{\"@type\":\"SearchAction\",\"target\":{\"@type\":\"EntryPoint\",\"urlTemplate\":\"https:\/\/www.helloskola.cz\/gymnazium\/?s={search_term_string}\"},\"query-input\":{\"@type\":\"PropertyValueSpecification\",\"valueRequired\":true,\"valueName\":\"search_term_string\"}}],\"inLanguage\":\"cs\"},{\"@type\":\"Organization\",\"@id\":\"https:\/\/www.helloskola.cz\/gymnazium\/#organization\",\"name\":\"Gymn\u00e1zium Hello\",\"url\":\"https:\/\/www.helloskola.cz\/gymnazium\/\",\"logo\":{\"@type\":\"ImageObject\",\"inLanguage\":\"cs\",\"@id\":\"https:\/\/www.helloskola.cz\/gymnazium\/#\/schema\/logo\/image\/\",\"url\":\"https:\/\/www.helloskola.cz\/gymnazium\/wp-content\/uploads\/sites\/3\/2022\/02\/hello_gy_cmyk-1.svg\",\"contentUrl\":\"https:\/\/www.helloskola.cz\/gymnazium\/wp-content\/uploads\/sites\/3\/2022\/02\/hello_gy_cmyk-1.svg\",\"width\":100,\"height\":100,\"caption\":\"Gymn\u00e1zium Hello\"},\"image\":{\"@id\":\"https:\/\/www.helloskola.cz\/gymnazium\/#\/schema\/logo\/image\/\"}}]}<\/script>\n<!-- \/ Yoast SEO plugin. -->","yoast_head_json":{"title":"Ciz\u00ed jazyky | Gymn\u00e1zium HELLO","robots":{"index":"index","follow":"follow","max-snippet":"max-snippet:-1","max-image-preview":"max-image-preview:large","max-video-preview":"max-video-preview:-1"},"canonical":"https:\/\/www.helloskola.cz\/gymnazium\/pro-studenty\/predmety-a-informace\/cizi-jazyky\/","og_locale":"cs_CZ","og_type":"article","og_title":"Ciz\u00ed jazyky | Gymn\u00e1zium HELLO","og_description":"U\u010ditel\u00e9 ciz\u00edch jazyk\u016f Mgr. Zuzana Pohlov\u00e1 \u2013 vedouc\u00ed p\u0159edm\u011btov\u00e9 komise Bc. Ji\u0159\u00ed Li\u017ei\u010dka (\u0160J a AJ) Emmanuel Oyolo (AJ) \u2013 rodil\u00fd mluv\u010d\u00ed Shirin Husajn (AJ) \u2013 rodil\u00e1 mluv\u010d\u00ed Mgr. Daniela El\u0161\u00edkov\u00e1 (\u0160J) Mgr. Lucie Richt\u00e1rov\u00e1 (NJ) Mgr. Kate\u0159ina Smolov\u00e1 (AJ) Mgr. Sandra Da\u0148helov\u00e1 (\u0160J) Mgr. Zora Jel\u00ednkov\u00e1 (AJ) Anglick\u00fd jazyk: \u00b7 jazykov\u00e1 v\u011btev: v\u00fdstupn\u00ed \u00farove\u0148 [&hellip;]","og_url":"https:\/\/www.helloskola.cz\/gymnazium\/pro-studenty\/predmety-a-informace\/cizi-jazyky\/","og_site_name":"Gymn\u00e1zium HELLO","article_modified_time":"2025-09-20T08:50:27+00:00","og_image":[{"url":"https:\/\/www.helloskola.cz\/gymnazium\/wp-content\/uploads\/sites\/3\/2022\/10\/GRAUS.jpg","type":"","width":"","height":""}],"twitter_card":"summary_large_image","twitter_misc":{"Odhadovan\u00e1 doba \u010dten\u00ed":"3 minuty"},"schema":{"@context":"https:\/\/schema.org","@graph":[{"@type":"WebPage","@id":"https:\/\/www.helloskola.cz\/gymnazium\/pro-studenty\/predmety-a-informace\/cizi-jazyky\/","url":"https:\/\/www.helloskola.cz\/gymnazium\/pro-studenty\/predmety-a-informace\/cizi-jazyky\/","name":"Ciz\u00ed jazyky | Gymn\u00e1zium HELLO","isPartOf":{"@id":"https:\/\/www.helloskola.cz\/gymnazium\/#website"},"primaryImageOfPage":{"@id":"https:\/\/www.helloskola.cz\/gymnazium\/pro-studenty\/predmety-a-informace\/cizi-jazyky\/#primaryimage"},"image":{"@id":"https:\/\/www.helloskola.cz\/gymnazium\/pro-studenty\/predmety-a-informace\/cizi-jazyky\/#primaryimage"},"thumbnailUrl":"https:\/\/www.helloskola.cz\/gymnazium\/wp-content\/uploads\/sites\/3\/2022\/05\/gympl-fallback.png","datePublished":"2022-03-12T18:38:22+00:00","dateModified":"2025-09-20T08:50:27+00:00","breadcrumb":{"@id":"https:\/\/www.helloskola.cz\/gymnazium\/pro-studenty\/predmety-a-informace\/cizi-jazyky\/#breadcrumb"},"inLanguage":"cs","potentialAction":[{"@type":"ReadAction","target":["https:\/\/www.helloskola.cz\/gymnazium\/pro-studenty\/predmety-a-informace\/cizi-jazyky\/"]}]},{"@type":"ImageObject","inLanguage":"cs","@id":"https:\/\/www.helloskola.cz\/gymnazium\/pro-studenty\/predmety-a-informace\/cizi-jazyky\/#primaryimage","url":"https:\/\/www.helloskola.cz\/gymnazium\/wp-content\/uploads\/sites\/3\/2022\/05\/gympl-fallback.png","contentUrl":"https:\/\/www.helloskola.cz\/gymnazium\/wp-content\/uploads\/sites\/3\/2022\/05\/gympl-fallback.png","width":933,"height":700},{"@type":"BreadcrumbList","@id":"https:\/\/www.helloskola.cz\/gymnazium\/pro-studenty\/predmety-a-informace\/cizi-jazyky\/#breadcrumb","itemListElement":[{"@type":"ListItem","position":1,"name":"\u00davod","item":"https:\/\/www.helloskola.cz\/gymnazium\/"},{"@type":"ListItem","position":2,"name":"Pro studenty","item":"https:\/\/www.helloskola.cz\/gymnazium\/pro-studenty\/"},{"@type":"ListItem","position":3,"name":"P\u0159edm\u011bty a informace","item":"https:\/\/www.helloskola.cz\/gymnazium\/pro-studenty\/predmety-a-informace\/"},{"@type":"ListItem","position":4,"name":"Ciz\u00ed jazyky"}]},{"@type":"WebSite","@id":"https:\/\/www.helloskola.cz\/gymnazium\/#website","url":"https:\/\/www.helloskola.cz\/gymnazium\/","name":"Gymn\u00e1zium HELLO","description":"St\u0159edn\u00ed \u0161kola s pos\u00edlenou v\u00fdukou ciz\u00edch jazyk\u016f","publisher":{"@id":"https:\/\/www.helloskola.cz\/gymnazium\/#organization"},"potentialAction":[{"@type":"SearchAction","target":{"@type":"EntryPoint","urlTemplate":"https:\/\/www.helloskola.cz\/gymnazium\/?s={search_term_string}"},"query-input":{"@type":"PropertyValueSpecification","valueRequired":true,"valueName":"search_term_string"}}],"inLanguage":"cs"},{"@type":"Organization","@id":"https:\/\/www.helloskola.cz\/gymnazium\/#organization","name":"Gymn\u00e1zium Hello","url":"https:\/\/www.helloskola.cz\/gymnazium\/","logo":{"@type":"ImageObject","inLanguage":"cs","@id":"https:\/\/www.helloskola.cz\/gymnazium\/#\/schema\/logo\/image\/","url":"https:\/\/www.helloskola.cz\/gymnazium\/wp-content\/uploads\/sites\/3\/2022\/02\/hello_gy_cmyk-1.svg","contentUrl":"https:\/\/www.helloskola.cz\/gymnazium\/wp-content\/uploads\/sites\/3\/2022\/02\/hello_gy_cmyk-1.svg","width":100,"height":100,"caption":"Gymn\u00e1zium Hello"},"image":{"@id":"https:\/\/www.helloskola.cz\/gymnazium\/#\/schema\/logo\/image\/"}}]}},"_links":{"self":[{"href":"https:\/\/www.helloskola.cz\/gymnazium\/wp-json\/wp\/v2\/pages\/1002","targetHints":{"allow":["GET"]}}],"collection":[{"href":"https:\/\/www.helloskola.cz\/gymnazium\/wp-json\/wp\/v2\/pages"}],"about":[{"href":"https:\/\/www.helloskola.cz\/gymnazium\/wp-json\/wp\/v2\/types\/page"}],"author":[{"embeddable":true,"href":"https:\/\/www.helloskola.cz\/gymnazium\/wp-json\/wp\/v2\/users\/1"}],"replies":[{"embeddable":true,"href":"https:\/\/www.helloskola.cz\/gymnazium\/wp-json\/wp\/v2\/comments?post=1002"}],"version-history":[{"count":12,"href":"https:\/\/www.helloskola.cz\/gymnazium\/wp-json\/wp\/v2\/pages\/1002\/revisions"}],"predecessor-version":[{"id":5463,"href":"https:\/\/www.helloskola.cz\/gymnazium\/wp-json\/wp\/v2\/pages\/1002\/revisions\/5463"}],"up":[{"embeddable":true,"href":"https:\/\/www.helloskola.cz\/gymnazium\/wp-json\/wp\/v2\/pages\/987"}],"wp:featuredmedia":[{"embeddable":true,"href":"https:\/\/www.helloskola.cz\/gymnazium\/wp-json\/wp\/v2\/media\/1779"}],"wp:attachment":[{"href":"https:\/\/www.helloskola.cz\/gymnazium\/wp-json\/wp\/v2\/media?parent=1002"}],"curies":[{"name":"wp","href":"https:\/\/api.w.org\/{rel}","templated":true}]}}